000
CDUS43 KLMK 280632
CLIBWG


CLIMATE REPORT
NATIONAL WEATHER SERVICE LOUISVILLE KY
232 AM EDT WED MAR 28 2018


...................................

...THE BOWLING GREEN KY CLIMATE SUMMARY FOR MARCH 27 2018...

CLIMATE NORMAL PERIOD 1981 TO 2010
CLIMATE RECORD PERIOD 1870 TO 2018


WEATHER ITEM   OBSERVED TIME   RECORD YEAR NORMAL DEPARTURE LAST
                VALUE   (LST)  VALUE       VALUE  FROM      YEAR
                                                  NORMAL
..................................................................
TEMPERATURE (F)
 YESTERDAY
  MAXIMUM         71    312 PM  90    1910  64      7       77
  MINIMUM         53    803 AM  15    1955  40     13       49
                                      1947
  AVERAGE         62                        52     10       63

PRECIPITATION (IN)
  YESTERDAY        0.00          2.38 1932   0.15  -0.15     0.77
  MONTH TO DATE    2.52                      3.80  -1.28     3.50
  SINCE MAR 1      2.52                      3.80  -1.28     3.50
  SINCE JAN 1     13.39                     11.37   2.02    10.08

SNOWFALL (IN)
  YESTERDAY        0.0           7.4  1947   0.1   -0.1      0.0
  MONTH TO DATE    2.3                       1.0    1.3       T
  SINCE MAR 1      2.3                       1.0    1.3       T
  SINCE JUL 1     10.7                       8.8    1.9      0.7
  SNOW DEPTH       0

DEGREE DAYS
 HEATING
  YESTERDAY        3                        13    -10        2
  MONTH TO DATE  504                       469     35      420
  SINCE MAR 1    504                       469     35      420
  SINCE JUL 1   3518                      3667   -149     2801

 COOLING
  YESTERDAY        0                         0      0        0
  MONTH TO DATE    0                         0      0        5
  SINCE MAR 1      0                         0      0        5
  SINCE JAN 1     15                         0     15        9
..................................................................


WIND (MPH)
  HIGHEST WIND SPEED    25   HIGHEST WIND DIRECTION     S (200)
  HIGHEST GUST SPEED    33   HIGHEST GUST DIRECTION     S (200)
  AVERAGE WIND SPEED    15.2


SKY COVER
  POSSIBLE SUNSHINE  MM
  AVERAGE SKY COVER 0.6


WEATHER CONDITIONS
 THE FOLLOWING WEATHER WAS RECORDED YESTERDAY.
  NO SIGNIFICANT WEATHER WAS OBSERVED.


RELATIVE HUMIDITY (PERCENT)
 HIGHEST    78          1000 PM
 LOWEST     57           200 PM
 AVERAGE    68

..........................................................


THE BOWLING GREEN KY CLIMATE NORMALS FOR TODAY
                         NORMAL    RECORD    YEAR
 MAXIMUM TEMPERATURE (F)   64        89      1907
 MINIMUM TEMPERATURE (F)   40         4      1947


SUNRISE AND SUNSET
MARCH 28 2018.........SUNRISE   637 AM CDT   SUNSET   705 PM CDT
MARCH 29 2018.........SUNRISE   636 AM CDT   SUNSET   706 PM CDT


-  INDICATES NEGATIVE NUMBERS.
R  INDICATES RECORD WAS SET OR TIED.
MM INDICATES DATA IS MISSING.
T  INDICATES TRACE AMOUNT.




$$
