000
CDUS43 KLMK 222041
CLIBWG


CLIMATE REPORT
NATIONAL WEATHER SERVICE LOUISVILLE KY
439 PM EDT TUE MAY 22 2018


...................................

...THE BOWLING GREEN CLIMATE SUMMARY FOR MAY 22 2018...
VALID TODAY AS OF 0400 PM LOCAL TIME.

CLIMATE NORMAL PERIOD 1981 TO 2010
CLIMATE RECORD PERIOD 1870 TO 2018


WEATHER ITEM   OBSERVED TIME   RECORD YEAR NORMAL DEPARTURE LAST
                VALUE   (LST)  VALUE       VALUE  FROM      YEAR
                                                  NORMAL
..................................................................
TEMPERATURE (F)
 TODAY
  MAXIMUM         84   1057 AM  96    1925  79      5       72
  MINIMUM         68    252 AM  35    2002  57     11       55
  AVERAGE         76                        68      8       64

PRECIPITATION (IN)
  TODAY            0.12          2.10 1915   0.16  -0.04     0.00
  MONTH TO DATE    3.41                      4.04  -0.63     4.40
  SINCE MAR 1     11.50                     12.79  -1.29    12.77
  SINCE JAN 1     22.37                     20.36   2.01    19.35

SNOWFALL (IN)
  TODAY            0.0           0.0    MM   0.0    0.0      0.0
  MONTH TO DATE    0.0                       0.0    0.0      0.0
  SINCE MAR 1      2.6                       1.3    1.3       T
  SINCE JUL 1     11.0                       9.1    1.9      0.7
  SNOW DEPTH       0

DEGREE DAYS
 HEATING
  TODAY            0                         2     -2        1
  MONTH TO DATE    2                        65    -63       57
  SINCE MAR 1    912                       836     76      605
  SINCE JUL 1   3926                      4034   -108     2986

 COOLING
  TODAY           11                         5      6        0
  MONTH TO DATE  193                        67    126      100
  SINCE MAR 1    204                       103    101      190
  SINCE JAN 1    219                       103    116      194
..................................................................


WIND (MPH)
  HIGHEST WIND SPEED    22   HIGHEST WIND DIRECTION    NE (50)
  HIGHEST GUST SPEED    28   HIGHEST GUST DIRECTION    NE (50)
  AVERAGE WIND SPEED     4.4


SKY COVER
  POSSIBLE SUNSHINE  MM
  AVERAGE SKY COVER 0.2


WEATHER CONDITIONS
 THE FOLLOWING WEATHER WAS RECORDED TODAY.
  THUNDERSTORM
  HEAVY RAIN
  LIGHT RAIN


RELATIVE HUMIDITY (PERCENT)
 HIGHEST   100           200 AM
 LOWEST     65          1100 AM
 AVERAGE    83

..........................................................


THE BOWLING GREEN CLIMATE NORMALS FOR TOMORROW
                         NORMAL    RECORD    YEAR
 MAXIMUM TEMPERATURE (F)   80        96      1921
 MINIMUM TEMPERATURE (F)   57        38      1889


SUNRISE AND SUNSET
MAY 22 2018...........SUNRISE   533 AM CDT   SUNSET   753 PM CDT
MAY 23 2018...........SUNRISE   532 AM CDT   SUNSET   753 PM CDT


-  INDICATES NEGATIVE NUMBERS.
R  INDICATES RECORD WAS SET OR TIED.
MM INDICATES DATA IS MISSING.
T  INDICATES TRACE AMOUNT.

$$

SCHOETTMER
