000
CDUS43 KLMK 222026
CLIBWG


CLIMATE REPORT
NATIONAL WEATHER SERVICE LOUISVILLE KY
426 PM EDT SUN APR 22 2018


...................................

...THE BOWLING GREEN CLIMATE SUMMARY FOR APRIL 22 2018...
VALID TODAY AS OF 0400 PM LOCAL TIME.

CLIMATE NORMAL PERIOD 1981 TO 2010
CLIMATE RECORD PERIOD 1870 TO 2018


WEATHER ITEM   OBSERVED TIME   RECORD YEAR NORMAL DEPARTURE LAST
                VALUE   (LST)  VALUE       VALUE  FROM      YEAR
                                                  NORMAL
..................................................................
TEMPERATURE (F)
 TODAY
  MAXIMUM         67   1100 AM  89    1873  72     -5       57
  MINIMUM         52        MM  31    1927  48      4       52
  AVERAGE         60                        60      0       55

PRECIPITATION (IN)
  TODAY            T             1.63 1931   0.15  -0.15     0.86
  MONTH TO DATE    2.52                      3.06  -0.54     3.46
  SINCE MAR 1      6.78                      7.47  -0.69     7.25
  SINCE JAN 1     17.65                     15.04   2.61    13.83

SNOWFALL (IN)
  TODAY            0.0           0.6  1896   0.0    0.0      0.0
  MONTH TO DATE    0.3                       0.2    0.1      0.0
  SINCE MAR 1      2.6                       1.3    1.3       T
  SINCE JUL 1     11.0                       9.1    1.9      0.7
  SNOW DEPTH       0

DEGREE DAYS
 HEATING
  TODAY            5                         7     -2       10
  MONTH TO DATE  316                       207    109       90
  SINCE MAR 1    859                       727    132      529
  SINCE JUL 1   3873                      3925    -52     2910

 COOLING
  TODAY            0                         1     -1        0
  MONTH TO DATE   11                        21    -10       55
  SINCE MAR 1     11                        26    -15       61
  SINCE JAN 1     26                        26      0       65
..................................................................


WIND (MPH)
  HIGHEST WIND SPEED    12   HIGHEST WIND DIRECTION    SE (140)
  HIGHEST GUST SPEED    22   HIGHEST GUST DIRECTION    SE (140)
  AVERAGE WIND SPEED     6.7


SKY COVER
  POSSIBLE SUNSHINE  MM
  AVERAGE SKY COVER 0.4


WEATHER CONDITIONS
 THE FOLLOWING WEATHER WAS RECORDED TODAY.
  RAIN
  LIGHT RAIN
  FOG


RELATIVE HUMIDITY (PERCENT)
 HIGHEST    90           200 PM
 LOWEST     47           100 AM
 AVERAGE    69

..........................................................


THE BOWLING GREEN CLIMATE NORMALS FOR TOMORROW
                         NORMAL    RECORD    YEAR
 MAXIMUM TEMPERATURE (F)   72        95      1925
 MINIMUM TEMPERATURE (F)   48        29      1986


SUNRISE AND SUNSET
APRIL 22 2018.........SUNRISE   602 AM CDT   SUNSET   727 PM CDT
APRIL 23 2018.........SUNRISE   601 AM CDT   SUNSET   728 PM CDT


-  INDICATES NEGATIVE NUMBERS.
R  INDICATES RECORD WAS SET OR TIED.
MM INDICATES DATA IS MISSING.
T  INDICATES TRACE AMOUNT.




$$
