000
CDUS43 KLMK 190628
CLIBWG


CLIMATE REPORT
NATIONAL WEATHER SERVICE LOUISVILLE KY
228 AM EDT THU APR 19 2018


...................................

...THE BOWLING GREEN KY CLIMATE SUMMARY FOR APRIL 18 2018...

CLIMATE NORMAL PERIOD 1981 TO 2010
CLIMATE RECORD PERIOD 1870 TO 2018


WEATHER ITEM   OBSERVED TIME   RECORD YEAR NORMAL DEPARTURE LAST
                VALUE   (LST)  VALUE       VALUE  FROM      YEAR
                                                  NORMAL
..................................................................
TEMPERATURE (F)
 YESTERDAY
  MAXIMUM         77    217 PM  90    1917  71      6       78
                                      1909
  MINIMUM         44    359 AM  20    1875  46     -2       60
  AVERAGE         61                        58      3       69

PRECIPITATION (IN)
  YESTERDAY        0.00          1.19 1969   0.15  -0.15     0.17
  MONTH TO DATE    2.52                      2.45   0.07     2.37
  SINCE MAR 1      6.78                      6.86  -0.08     6.16
  SINCE JAN 1     17.65                     14.43   3.22    12.74

SNOWFALL (IN)
  YESTERDAY        0.0           2.1  1983   0.0    0.0      0.0
  MONTH TO DATE    0.3                       0.2    0.1      0.0
  SINCE MAR 1      2.6                       1.3    1.3       T
  SINCE JUL 1     11.0                       9.1    1.9      0.7
  SNOW DEPTH       0

DEGREE DAYS
 HEATING
  YESTERDAY        4                         8     -4        0
  MONTH TO DATE  267                       179     88       78
  SINCE MAR 1    810                       699    111      517
  SINCE JUL 1   3824                      3897    -73     2898

 COOLING
  YESTERDAY        0                         1     -1        4
  MONTH TO DATE   11                        17     -6       36
  SINCE MAR 1     11                        22    -11       42
  SINCE JAN 1     26                        22      4       46
..................................................................


WIND (MPH)
  HIGHEST WIND SPEED    25   HIGHEST WIND DIRECTION    SW (210)
  HIGHEST GUST SPEED    37   HIGHEST GUST DIRECTION    SW (220)
  AVERAGE WIND SPEED    12.4


SKY COVER
  POSSIBLE SUNSHINE  MM
  AVERAGE SKY COVER 0.3


WEATHER CONDITIONS
 THE FOLLOWING WEATHER WAS RECORDED YESTERDAY.
  NO SIGNIFICANT WEATHER WAS OBSERVED.


RELATIVE HUMIDITY (PERCENT)
 HIGHEST    89           400 AM
 LOWEST     31           800 PM
 AVERAGE    60

..........................................................


THE BOWLING GREEN KY CLIMATE NORMALS FOR TODAY
                         NORMAL    RECORD    YEAR
 MAXIMUM TEMPERATURE (F)   71        87      2011
 MINIMUM TEMPERATURE (F)   47        25      1887


SUNRISE AND SUNSET
APRIL 19 2018.........SUNRISE   606 AM CDT   SUNSET   724 PM CDT
APRIL 20 2018.........SUNRISE   605 AM CDT   SUNSET   725 PM CDT


-  INDICATES NEGATIVE NUMBERS.
R  INDICATES RECORD WAS SET OR TIED.
MM INDICATES DATA IS MISSING.
T  INDICATES TRACE AMOUNT.




$$
