000
CDUS43 KLMK 150639
CLIBWG


CLIMATE REPORT
NATIONAL WEATHER SERVICE LOUISVILLE KY
239 AM EDT TUE MAY 15 2018


...................................

...THE BOWLING GREEN KY CLIMATE SUMMARY FOR MAY 14 2018...

CLIMATE NORMAL PERIOD 1981 TO 2010
CLIMATE RECORD PERIOD 1870 TO 2018


WEATHER ITEM   OBSERVED TIME   RECORD YEAR NORMAL DEPARTURE LAST
                VALUE   (LST)  VALUE       VALUE  FROM      YEAR
                                                  NORMAL
..................................................................
TEMPERATURE (F)
 YESTERDAY
  MAXIMUM         92    100 PM  96    1916  77     15       82
  MINIMUM         66    408 AM  37    1910  54     12       52
  AVERAGE         79                        66     13       67

PRECIPITATION (IN)
  YESTERDAY        0.00          2.98 1967   0.20  -0.20     0.00
  MONTH TO DATE    1.99                      2.62  -0.63     1.75
  SINCE MAR 1     10.08                     11.37  -1.29    10.12
  SINCE JAN 1     20.95                     18.94   2.01    16.70

SNOWFALL (IN)
  YESTERDAY        0.0           0.0    MM   0.0    0.0      0.0
  MONTH TO DATE    0.0                       0.0    0.0      0.0
  SINCE MAR 1      2.6                       1.3    1.3       T
  SINCE JUL 1     11.0                       9.1    1.9      0.7
  SNOW DEPTH       0

DEGREE DAYS
 HEATING
  YESTERDAY        0                         3     -3        0
  MONTH TO DATE    2                        49    -47       56
  SINCE MAR 1    912                       820     92      604
  SINCE JUL 1   3926                      4018    -92     2985

 COOLING
  YESTERDAY       14                         3     11        2
  MONTH TO DATE   99                        34     65       28
  SINCE MAR 1    110                        70     40      118
  SINCE JAN 1    125                        70     55      122
..................................................................


WIND (MPH)
  HIGHEST WIND SPEED    12   HIGHEST WIND DIRECTION     S (180)
  HIGHEST GUST SPEED    16   HIGHEST GUST DIRECTION    SE (130)
  AVERAGE WIND SPEED     3.6


SKY COVER
  POSSIBLE SUNSHINE  MM
  AVERAGE SKY COVER 0.2


WEATHER CONDITIONS
 THE FOLLOWING WEATHER WAS RECORDED YESTERDAY.
  NO SIGNIFICANT WEATHER WAS OBSERVED.


RELATIVE HUMIDITY (PERCENT)
 HIGHEST    93           300 AM
 LOWEST     44          1200 PM
 AVERAGE    69

..........................................................


THE BOWLING GREEN KY CLIMATE NORMALS FOR TODAY
                         NORMAL    RECORD    YEAR
 MAXIMUM TEMPERATURE (F)   77        92      1962
                                             1900
 MINIMUM TEMPERATURE (F)   55        36      1904


SUNRISE AND SUNSET
MAY 15 2018...........SUNRISE   538 AM CDT   SUNSET   747 PM CDT
MAY 16 2018...........SUNRISE   537 AM CDT   SUNSET   748 PM CDT


-  INDICATES NEGATIVE NUMBERS.
R  INDICATES RECORD WAS SET OR TIED.
MM INDICATES DATA IS MISSING.
T  INDICATES TRACE AMOUNT.




$$
