000
CDUS43 KLMK 220627
CLIBWG


CLIMATE REPORT
NATIONAL WEATHER SERVICE LOUISVILLE KY
227 AM EDT SUN APR 22 2018


...................................

...THE BOWLING GREEN KY CLIMATE SUMMARY FOR APRIL 21 2018...

CLIMATE NORMAL PERIOD 1981 TO 2010
CLIMATE RECORD PERIOD 1870 TO 2018


WEATHER ITEM   OBSERVED TIME   RECORD YEAR NORMAL DEPARTURE LAST
                VALUE   (LST)  VALUE       VALUE  FROM      YEAR
                                                  NORMAL
..................................................................
TEMPERATURE (F)
 YESTERDAY
  MAXIMUM         73    357 PM  89    1963  71      2       71
  MINIMUM         39    242 AM  24    1888  47     -8       55
  AVERAGE         56                        59     -3       63

PRECIPITATION (IN)
  YESTERDAY        0.00          1.89 1967   0.15  -0.15     0.19
  MONTH TO DATE    2.52                      2.91  -0.39     2.60
  SINCE MAR 1      6.78                      7.32  -0.54     6.39
  SINCE JAN 1     17.65                     14.89   2.76    12.97

SNOWFALL (IN)
  YESTERDAY        0.0           0.0    MM   0.0    0.0      0.0
  MONTH TO DATE    0.3                       0.2    0.1      0.0
  SINCE MAR 1      2.6                       1.3    1.3       T
  SINCE JUL 1     11.0                       9.1    1.9      0.7
  SNOW DEPTH       0

DEGREE DAYS
 HEATING
  YESTERDAY        9                         7      2        2
  MONTH TO DATE  311                       200    111       80
  SINCE MAR 1    854                       720    134      519
  SINCE JUL 1   3868                      3918    -50     2900

 COOLING
  YESTERDAY        0                         1     -1        0
  MONTH TO DATE   11                        20     -9       55
  SINCE MAR 1     11                        25    -14       61
  SINCE JAN 1     26                        25      1       65
..................................................................


WIND (MPH)
  HIGHEST WIND SPEED    12   HIGHEST WIND DIRECTION    NE (60)
  HIGHEST GUST SPEED    16   HIGHEST GUST DIRECTION     E (80)
  AVERAGE WIND SPEED     3.9


SKY COVER
  POSSIBLE SUNSHINE  MM
  AVERAGE SKY COVER 0.0


WEATHER CONDITIONS
 THE FOLLOWING WEATHER WAS RECORDED YESTERDAY.
  NO SIGNIFICANT WEATHER WAS OBSERVED.


RELATIVE HUMIDITY (PERCENT)
 HIGHEST    70           200 AM
 LOWEST     27           100 PM
 AVERAGE    49

..........................................................


THE BOWLING GREEN KY CLIMATE NORMALS FOR TODAY
                         NORMAL    RECORD    YEAR
 MAXIMUM TEMPERATURE (F)   72        89      1873
 MINIMUM TEMPERATURE (F)   48        31      1927


SUNRISE AND SUNSET
APRIL 22 2018.........SUNRISE   602 AM CDT   SUNSET   727 PM CDT
APRIL 23 2018.........SUNRISE   601 AM CDT   SUNSET   728 PM CDT


-  INDICATES NEGATIVE NUMBERS.
R  INDICATES RECORD WAS SET OR TIED.
MM INDICATES DATA IS MISSING.
T  INDICATES TRACE AMOUNT.




$$
