000
CDUS43 KLMK 042028
CLIBWG


CLIMATE REPORT
NATIONAL WEATHER SERVICE LOUISVILLE KY
427 PM EDT WED APR 4 2018


...................................

...THE BOWLING GREEN CLIMATE SUMMARY FOR APRIL 4 2018...
VALID TODAY AS OF 0400 PM LOCAL TIME.

CLIMATE NORMAL PERIOD 1981 TO 2010
CLIMATE RECORD PERIOD 1870 TO 2018


WEATHER ITEM   OBSERVED TIME   RECORD YEAR NORMAL DEPARTURE LAST
                VALUE   (LST)  VALUE       VALUE  FROM      YEAR
                                                  NORMAL
..................................................................
TEMPERATURE (F)
 TODAY
  MAXIMUM         48    200 PM  86    1934  66    -18       76
                                      1909
  MINIMUM         37        MM  26    1904  42     -5       55
  AVERAGE         43                        54    -11       66

PRECIPITATION (IN)
  TODAY            0.00          4.61 1968   0.13  -0.13     0.00
  MONTH TO DATE    0.76                      0.53   0.23     0.13
  SINCE MAR 1      5.02                      4.94   0.08     3.92
  SINCE JAN 1     15.89                     12.51   3.38    10.50

SNOWFALL (IN)
  TODAY            0.0           T    1920   0.1   -0.1      0.0
  MONTH TO DATE    0.0                       0.1   -0.1      0.0
  SINCE MAR 1      2.3                       1.2    1.1       T
  SINCE JUL 1     10.7                       9.0    1.7      0.7
  SNOW DEPTH       0

DEGREE DAYS
 HEATING
  TODAY           22                        11     11        0
  MONTH TO DATE   58                        47     11       23
  SINCE MAR 1    601                       567     34      462
  SINCE JUL 1   3615                      3765   -150     2843

 COOLING
  TODAY            0                         1     -1        1
  MONTH TO DATE    0                         3     -3        4
  SINCE MAR 1      0                         8     -8       10
  SINCE JAN 1     15                         8      7       14
..................................................................


WIND (MPH)
  HIGHEST WIND SPEED    18   HIGHEST WIND DIRECTION     W (290)
  HIGHEST GUST SPEED    32   HIGHEST GUST DIRECTION     W (290)
  AVERAGE WIND SPEED    12.3


SKY COVER
  POSSIBLE SUNSHINE  MM
  AVERAGE SKY COVER 0.4


WEATHER CONDITIONS
 THE FOLLOWING WEATHER WAS RECORDED TODAY.
  NO SIGNIFICANT WEATHER WAS OBSERVED.


RELATIVE HUMIDITY (PERCENT)
 HIGHEST    86          1200 AM
 LOWEST     39           200 PM
 AVERAGE    63

..........................................................


THE BOWLING GREEN CLIMATE NORMALS FOR TOMORROW
                         NORMAL    RECORD    YEAR
 MAXIMUM TEMPERATURE (F)   67        88      1929
 MINIMUM TEMPERATURE (F)   42        25      1944


SUNRISE AND SUNSET
APRIL  4 2018.........SUNRISE   627 AM CDT   SUNSET   711 PM CDT
APRIL  5 2018.........SUNRISE   626 AM CDT   SUNSET   712 PM CDT


-  INDICATES NEGATIVE NUMBERS.
R  INDICATES RECORD WAS SET OR TIED.
MM INDICATES DATA IS MISSING.
T  INDICATES TRACE AMOUNT.




$$
