000
CDUS43 KLMK 140626
CLIBWG


CLIMATE REPORT
NATIONAL WEATHER SERVICE LOUISVILLE KY
226 AM EDT SAT APR 14 2018


...................................

...THE BOWLING GREEN KY CLIMATE SUMMARY FOR APRIL 13 2018...

CLIMATE NORMAL PERIOD 1981 TO 2010
CLIMATE RECORD PERIOD 1870 TO 2018


WEATHER ITEM   OBSERVED TIME   RECORD YEAR NORMAL DEPARTURE LAST
                VALUE   (LST)  VALUE       VALUE  FROM      YEAR
                                                  NORMAL
..................................................................
TEMPERATURE (F)
 YESTERDAY
  MAXIMUM         81    302 PM  91    1930  69     12       82
  MINIMUM         62    559 AM  24    1950  45     17       44
  AVERAGE         72                        57     15       63

PRECIPITATION (IN)
  YESTERDAY        0.00          1.19 1923   0.13  -0.13     0.00
  MONTH TO DATE    0.94                      1.75  -0.81     1.24
  SINCE MAR 1      5.20                      6.16  -0.96     5.03
  SINCE JAN 1     16.07                     13.73   2.34    11.61

SNOWFALL (IN)
  YESTERDAY        0.0           T    2004   0.0    0.0      0.0
  MONTH TO DATE    0.3                       0.2    0.1      0.0
  SINCE MAR 1      2.6                       1.3    1.3       T
  SINCE JUL 1     11.0                       9.1    1.9      0.7
  SNOW DEPTH       0

DEGREE DAYS
 HEATING
  YESTERDAY        0                         9     -9        2
  MONTH TO DATE  204                       138     66       78
  SINCE MAR 1    747                       658     89      517
  SINCE JUL 1   3761                      3856    -95     2898

 COOLING
  YESTERDAY        7                         1      6        0
  MONTH TO DATE   10                        12     -2       12
  SINCE MAR 1     10                        17     -7       18
  SINCE JAN 1     25                        17      8       22
..................................................................


WIND (MPH)
  HIGHEST WIND SPEED    29   HIGHEST WIND DIRECTION     S (190)
  HIGHEST GUST SPEED    40   HIGHEST GUST DIRECTION     S (190)
  AVERAGE WIND SPEED    15.8


SKY COVER
  POSSIBLE SUNSHINE  MM
  AVERAGE SKY COVER 0.0


WEATHER CONDITIONS
 THE FOLLOWING WEATHER WAS RECORDED YESTERDAY.
  NO SIGNIFICANT WEATHER WAS OBSERVED.


RELATIVE HUMIDITY (PERCENT)
 HIGHEST    65           600 AM
 LOWEST     36           200 PM
 AVERAGE    51

..........................................................


THE BOWLING GREEN KY CLIMATE NORMALS FOR TODAY
                         NORMAL    RECORD    YEAR
 MAXIMUM TEMPERATURE (F)   69        88      1919
 MINIMUM TEMPERATURE (F)   45        22      1950


SUNRISE AND SUNSET
APRIL 14 2018.........SUNRISE   613 AM CDT   SUNSET   720 PM CDT
APRIL 15 2018.........SUNRISE   612 AM CDT   SUNSET   721 PM CDT


-  INDICATES NEGATIVE NUMBERS.
R  INDICATES RECORD WAS SET OR TIED.
MM INDICATES DATA IS MISSING.
T  INDICATES TRACE AMOUNT.




$$
