000
CDUS43 KLMK 152032
CLIBWG


CLIMATE REPORT
NATIONAL WEATHER SERVICE LOUISVILLE KY
432 PM EDT SUN APR 15 2018


...................................

...THE BOWLING GREEN CLIMATE SUMMARY FOR APRIL 15 2018...
VALID TODAY AS OF 0400 PM LOCAL TIME.

CLIMATE NORMAL PERIOD 1981 TO 2010
CLIMATE RECORD PERIOD 1870 TO 2018


WEATHER ITEM   OBSERVED TIME   RECORD YEAR NORMAL DEPARTURE LAST
                VALUE   (LST)  VALUE       VALUE  FROM      YEAR
                                                  NORMAL
..................................................................
TEMPERATURE (F)
 TODAY
  MAXIMUM         62        MM  88    1936  70     -8       83
                                      1931
                                      1924
  MINIMUM         46        MM  25    1950  45      1       57
  AVERAGE         54                        58     -4       70

PRECIPITATION (IN)
  TODAY            0.71          1.18 1994   0.13   0.58     0.00
  MONTH TO DATE    2.50                      2.02   0.48     1.24
  SINCE MAR 1      6.76                      6.43   0.33     5.03
  SINCE JAN 1     17.63                     14.00   3.63    11.61

SNOWFALL (IN)
  TODAY            0.0           T    2014   0.0    0.0      0.0
  MONTH TO DATE    0.3                       0.2    0.1      0.0
  SINCE MAR 1      2.6                       1.3    1.3       T
  SINCE JUL 1     11.0                       9.1    1.9      0.7
  SNOW DEPTH       0

DEGREE DAYS
 HEATING
  TODAY           11                         8      3        0
  MONTH TO DATE  215                       155     60       78
  SINCE MAR 1    758                       675     83      517
  SINCE JUL 1   3772                      3873   -101     2898

 COOLING
  TODAY            0                         1     -1        5
  MONTH TO DATE   11                        14     -3       21
  SINCE MAR 1     11                        19     -8       27
  SINCE JAN 1     26                        19      7       31
..................................................................


WIND (MPH)
  HIGHEST WIND SPEED    20   HIGHEST WIND DIRECTION     W (270)
  HIGHEST GUST SPEED    28   HIGHEST GUST DIRECTION     W (270)
  AVERAGE WIND SPEED     8.9


SKY COVER
  POSSIBLE SUNSHINE  MM
  AVERAGE SKY COVER 0.8


WEATHER CONDITIONS
 THE FOLLOWING WEATHER WAS RECORDED TODAY.
  RAIN
  LIGHT RAIN
  FOG


RELATIVE HUMIDITY (PERCENT)
 HIGHEST   100           400 AM
 LOWEST     71           100 PM
 AVERAGE    86

..........................................................


THE BOWLING GREEN CLIMATE NORMALS FOR TOMORROW
                         NORMAL    RECORD    YEAR
 MAXIMUM TEMPERATURE (F)   70        89      1924
 MINIMUM TEMPERATURE (F)   46        27      2014
                                             1928


SUNRISE AND SUNSET
APRIL 15 2018.........SUNRISE   612 AM CDT   SUNSET   721 PM CDT
APRIL 16 2018.........SUNRISE   610 AM CDT   SUNSET   721 PM CDT


-  INDICATES NEGATIVE NUMBERS.
R  INDICATES RECORD WAS SET OR TIED.
MM INDICATES DATA IS MISSING.
T  INDICATES TRACE AMOUNT.




$$
