000
CDUS43 KLMK 060627
CLIBWG


CLIMATE REPORT
NATIONAL WEATHER SERVICE LOUISVILLE KY
227 AM EDT FRI APR 6 2018


...................................

...THE BOWLING GREEN KY CLIMATE SUMMARY FOR APRIL 5 2018...

CLIMATE NORMAL PERIOD 1981 TO 2010
CLIMATE RECORD PERIOD 1870 TO 2018


WEATHER ITEM   OBSERVED TIME   RECORD YEAR NORMAL DEPARTURE LAST
                VALUE   (LST)  VALUE       VALUE  FROM      YEAR
                                                  NORMAL
..................................................................
TEMPERATURE (F)
 YESTERDAY
  MAXIMUM         58    441 PM  88    1929  67     -9       83
  MINIMUM         29    546 AM  25    1944  42    -13       51
  AVERAGE         44                        54    -10       67

PRECIPITATION (IN)
  YESTERDAY        0.00          1.30 1911   0.12  -0.12     0.62
  MONTH TO DATE    0.76                      0.65   0.11     0.75
  SINCE MAR 1      5.02                      5.06  -0.04     4.54
  SINCE JAN 1     15.89                     12.63   3.26    11.12

SNOWFALL (IN)
  YESTERDAY        0.0           T    1920   0.0    0.0      0.0
  MONTH TO DATE    0.0                       0.1   -0.1      0.0
  SINCE MAR 1      2.3                       1.2    1.1       T
  SINCE JUL 1     10.7                       9.0    1.7      0.7
  SNOW DEPTH       0

DEGREE DAYS
 HEATING
  YESTERDAY       21                        11     10        0
  MONTH TO DATE   81                        58     23       23
  SINCE MAR 1    624                       578     46      462
  SINCE JUL 1   3638                      3776   -138     2843

 COOLING
  YESTERDAY        0                         1     -1        2
  MONTH TO DATE    0                         4     -4        6
  SINCE MAR 1      0                         9     -9       12
  SINCE JAN 1     15                         9      6       16
..................................................................


WIND (MPH)
  HIGHEST WIND SPEED    13   HIGHEST WIND DIRECTION     S (190)
  HIGHEST GUST SPEED    17   HIGHEST GUST DIRECTION     S (170)
  AVERAGE WIND SPEED     3.8


SKY COVER
  POSSIBLE SUNSHINE  MM
  AVERAGE SKY COVER 0.0


WEATHER CONDITIONS
 THE FOLLOWING WEATHER WAS RECORDED YESTERDAY.
  NO SIGNIFICANT WEATHER WAS OBSERVED.


RELATIVE HUMIDITY (PERCENT)
 HIGHEST    89           700 AM
 LOWEST     30           500 PM
 AVERAGE    60

..........................................................


THE BOWLING GREEN KY CLIMATE NORMALS FOR TODAY
                         NORMAL    RECORD    YEAR
 MAXIMUM TEMPERATURE (F)   67        87      2010
                                             1929
 MINIMUM TEMPERATURE (F)   43        25      1887


SUNRISE AND SUNSET
APRIL  6 2018.........SUNRISE   624 AM CDT   SUNSET   713 PM CDT
APRIL  7 2018.........SUNRISE   623 AM CDT   SUNSET   713 PM CDT


-  INDICATES NEGATIVE NUMBERS.
R  INDICATES RECORD WAS SET OR TIED.
MM INDICATES DATA IS MISSING.
T  INDICATES TRACE AMOUNT.




$$
