000
CDUS43 KLMK 052029
CLIBWG


CLIMATE REPORT
NATIONAL WEATHER SERVICE LOUISVILLE KY
428 PM EDT THU APR 5 2018


...................................

...THE BOWLING GREEN CLIMATE SUMMARY FOR APRIL 5 2018...
VALID TODAY AS OF 0400 PM LOCAL TIME.

CLIMATE NORMAL PERIOD 1981 TO 2010
CLIMATE RECORD PERIOD 1870 TO 2018


WEATHER ITEM   OBSERVED TIME   RECORD YEAR NORMAL DEPARTURE LAST
                VALUE   (LST)  VALUE       VALUE  FROM      YEAR
                                                  NORMAL
..................................................................
TEMPERATURE (F)
 TODAY
  MAXIMUM         56    159 PM  88    1929  67    -11       83
  MINIMUM         29    546 AM  25    1944  42    -13       51
  AVERAGE         43                        54    -11       67

PRECIPITATION (IN)
  TODAY            0.00          1.30 1911   0.12  -0.12     0.62
  MONTH TO DATE    0.76                      0.65   0.11     0.75
  SINCE MAR 1      5.02                      5.06  -0.04     4.54
  SINCE JAN 1     15.89                     12.63   3.26    11.12

SNOWFALL (IN)
  TODAY            0.0           T    1920   0.0    0.0      0.0
  MONTH TO DATE    0.0                       0.1   -0.1      0.0
  SINCE MAR 1      2.3                       1.2    1.1       T
  SINCE JUL 1     10.7                       9.0    1.7      0.7
  SNOW DEPTH       0

DEGREE DAYS
 HEATING
  TODAY           22                        11     11        0
  MONTH TO DATE   82                        58     24       23
  SINCE MAR 1    625                       578     47      462
  SINCE JUL 1   3639                      3776   -137     2843

 COOLING
  TODAY            0                         1     -1        2
  MONTH TO DATE    0                         4     -4        6
  SINCE MAR 1      0                         9     -9       12
  SINCE JAN 1     15                         9      6       16
..................................................................


WIND (MPH)
  HIGHEST WIND SPEED    12   HIGHEST WIND DIRECTION    SW (210)
  HIGHEST GUST SPEED    15   HIGHEST GUST DIRECTION     S (180)
  AVERAGE WIND SPEED     2.7


SKY COVER
  POSSIBLE SUNSHINE  MM
  AVERAGE SKY COVER 0.0


WEATHER CONDITIONS
 THE FOLLOWING WEATHER WAS RECORDED TODAY.
  NO SIGNIFICANT WEATHER WAS OBSERVED.


RELATIVE HUMIDITY (PERCENT)
 HIGHEST    89           700 AM
 LOWEST     35           200 PM
 AVERAGE    62

..........................................................


THE BOWLING GREEN CLIMATE NORMALS FOR TOMORROW
                         NORMAL    RECORD    YEAR
 MAXIMUM TEMPERATURE (F)   67        87      2010
                                             1929
 MINIMUM TEMPERATURE (F)   43        25      1887


SUNRISE AND SUNSET
APRIL  5 2018.........SUNRISE   626 AM CDT   SUNSET   712 PM CDT
APRIL  6 2018.........SUNRISE   624 AM CDT   SUNSET   713 PM CDT


-  INDICATES NEGATIVE NUMBERS.
R  INDICATES RECORD WAS SET OR TIED.
MM INDICATES DATA IS MISSING.
T  INDICATES TRACE AMOUNT.




$$
