000
CDUS43 KLMK 092037
CLIBWG


CLIMATE REPORT
NATIONAL WEATHER SERVICE LOUISVILLE KY
436 PM EDT MON APR 9 2018


...................................

...THE BOWLING GREEN CLIMATE SUMMARY FOR APRIL 9 2018...
VALID TODAY AS OF 0400 PM LOCAL TIME.

CLIMATE NORMAL PERIOD 1981 TO 2010
CLIMATE RECORD PERIOD 1870 TO 2018


WEATHER ITEM   OBSERVED TIME   RECORD YEAR NORMAL DEPARTURE LAST
                VALUE   (LST)  VALUE       VALUE  FROM      YEAR
                                                  NORMAL
..................................................................
TEMPERATURE (F)
 TODAY
  MAXIMUM         58    149 PM  89    2011  68    -10       79
                                      1978
  MINIMUM         37    557 AM  22    1914  44     -7       41
  AVERAGE         48                        56     -8       60

PRECIPITATION (IN)
  TODAY            0.00          2.30 1942   0.14  -0.14     0.00
  MONTH TO DATE    0.94                      1.20  -0.26     0.89
  SINCE MAR 1      5.20                      5.61  -0.41     4.68
  SINCE JAN 1     16.07                     13.18   2.89    11.26

SNOWFALL (IN)
  TODAY            0.0           0.0    MM   0.0    0.0      0.0
  MONTH TO DATE    0.3                       0.1    0.2      0.0
  SINCE MAR 1      2.6                       1.2    1.4       T
  SINCE JUL 1     11.0                       9.0    2.0      0.7
  SNOW DEPTH       0

DEGREE DAYS
 HEATING
  TODAY           17                        10      7        5
  MONTH TO DATE  167                       100     67       72
  SINCE MAR 1    710                       620     90      511
  SINCE JUL 1   3724                      3818    -94     2892

 COOLING
  TODAY            0                         1     -1        0
  MONTH TO DATE    0                         8     -8        6
  SINCE MAR 1      0                        13    -13       12
  SINCE JAN 1     15                        13      2       16
..................................................................


WIND (MPH)
  HIGHEST WIND SPEED    10   HIGHEST WIND DIRECTION    NW (320)
  HIGHEST GUST SPEED    18   HIGHEST GUST DIRECTION    NW (320)
  AVERAGE WIND SPEED     6.1


SKY COVER
  POSSIBLE SUNSHINE  MM
  AVERAGE SKY COVER 0.4


WEATHER CONDITIONS
 THE FOLLOWING WEATHER WAS RECORDED TODAY.
  NO SIGNIFICANT WEATHER WAS OBSERVED.


RELATIVE HUMIDITY (PERCENT)
 HIGHEST    82           500 AM
 LOWEST     36           200 PM
 AVERAGE    59

..........................................................


THE BOWLING GREEN CLIMATE NORMALS FOR TOMORROW
                         NORMAL    RECORD    YEAR
 MAXIMUM TEMPERATURE (F)   68        90      1995
 MINIMUM TEMPERATURE (F)   44        24      1966
                                             1892


SUNRISE AND SUNSET
APRIL  9 2018.........SUNRISE   620 AM CDT   SUNSET   715 PM CDT
APRIL 10 2018.........SUNRISE   619 AM CDT   SUNSET   716 PM CDT


-  INDICATES NEGATIVE NUMBERS.
R  INDICATES RECORD WAS SET OR TIED.
MM INDICATES DATA IS MISSING.
T  INDICATES TRACE AMOUNT.




$$
