746
CDUS43 KLMK 150626
CLIBWG


CLIMATE REPORT
NATIONAL WEATHER SERVICE LOUISVILLE KY
226 AM EDT SUN APR 15 2018


...................................

...THE BOWLING GREEN KY CLIMATE SUMMARY FOR APRIL 14 2018...

CLIMATE NORMAL PERIOD 1981 TO 2010
CLIMATE RECORD PERIOD 1870 TO 2018


WEATHER ITEM   OBSERVED TIME   RECORD YEAR NORMAL DEPARTURE LAST
                VALUE   (LST)  VALUE       VALUE  FROM      YEAR
                                                  NORMAL
..................................................................
TEMPERATURE (F)
 YESTERDAY
  MAXIMUM         71    408 AM  88    1919  69      2       86
  MINIMUM         61   1159 PM  22    1950  45     16       51
  AVERAGE         66                        57      9       69

PRECIPITATION (IN)
  YESTERDAY        0.85          2.24 1893   0.14   0.71     0.00
  MONTH TO DATE    1.79                      1.89  -0.10     1.24
  SINCE MAR 1      6.05                      6.30  -0.25     5.03
  SINCE JAN 1     16.92                     13.87   3.05    11.61

SNOWFALL (IN)
  YESTERDAY        0.0           0.5  1943   0.0    0.0      0.0
  MONTH TO DATE    0.3                       0.2    0.1      0.0
  SINCE MAR 1      2.6                       1.3    1.3       T
  SINCE JUL 1     11.0                       9.1    1.9      0.7
  SNOW DEPTH       0

DEGREE DAYS
 HEATING
  YESTERDAY        0                         9     -9        0
  MONTH TO DATE  204                       147     57       78
  SINCE MAR 1    747                       667     80      517
  SINCE JUL 1   3761                      3865   -104     2898

 COOLING
  YESTERDAY        1                         1      0        4
  MONTH TO DATE   11                        13     -2       16
  SINCE MAR 1     11                        18     -7       22
  SINCE JAN 1     26                        18      8       26
..................................................................


WIND (MPH)
  HIGHEST WIND SPEED    28   HIGHEST WIND DIRECTION     S (180)
  HIGHEST GUST SPEED    40   HIGHEST GUST DIRECTION     W (280)
  AVERAGE WIND SPEED    12.1


SKY COVER
  POSSIBLE SUNSHINE  MM
  AVERAGE SKY COVER 0.7


WEATHER CONDITIONS
 THE FOLLOWING WEATHER WAS RECORDED YESTERDAY.
  THUNDERSTORM
  HEAVY RAIN
  RAIN
  LIGHT RAIN
  FOG
  HAZE


RELATIVE HUMIDITY (PERCENT)
 HIGHEST    93           900 AM
 LOWEST     44          1200 AM
 AVERAGE    69

..........................................................


THE BOWLING GREEN KY CLIMATE NORMALS FOR TODAY
                         NORMAL    RECORD    YEAR
 MAXIMUM TEMPERATURE (F)   70        88      1936
                                             1931
                                             1924
 MINIMUM TEMPERATURE (F)   45        25      1950


SUNRISE AND SUNSET
APRIL 15 2018.........SUNRISE   612 AM CDT   SUNSET   721 PM CDT
APRIL 16 2018.........SUNRISE   610 AM CDT   SUNSET   721 PM CDT


-  INDICATES NEGATIVE NUMBERS.
R  INDICATES RECORD WAS SET OR TIED.
MM INDICATES DATA IS MISSING.
T  INDICATES TRACE AMOUNT.




$$
