000
CDUS43 KLMK 300627
CLIBWG


CLIMATE REPORT
NATIONAL WEATHER SERVICE LOUISVILLE KY
227 AM EDT FRI MAR 30 2018


...................................

...THE BOWLING GREEN KY CLIMATE SUMMARY FOR MARCH 29 2018...

CLIMATE NORMAL PERIOD 1981 TO 2010
CLIMATE RECORD PERIOD 1870 TO 2018


WEATHER ITEM   OBSERVED TIME   RECORD YEAR NORMAL DEPARTURE LAST
                VALUE   (LST)  VALUE       VALUE  FROM      YEAR
                                                  NORMAL
..................................................................
TEMPERATURE (F)
 YESTERDAY
  MAXIMUM         63    231 PM  89    1910  64     -1       76
  MINIMUM         51   1159 PM  15    1887  40     11       50
  AVERAGE         57                        52      5       63

PRECIPITATION (IN)
  YESTERDAY        0.76          4.03 1976   0.16   0.60     0.00
  MONTH TO DATE    4.24                      4.11   0.13     3.50
  SINCE MAR 1      4.24                      4.11   0.13     3.50
  SINCE JAN 1     15.11                     11.68   3.43    10.08

SNOWFALL (IN)
  YESTERDAY        0.0           2.0  1894   0.0    0.0      0.0
  MONTH TO DATE    2.3                       1.0    1.3       T
  SINCE MAR 1      2.3                       1.0    1.3       T
  SINCE JUL 1     10.7                       8.8    1.9      0.7
  SNOW DEPTH       0

DEGREE DAYS
 HEATING
  YESTERDAY        8                        13     -5        2
  MONTH TO DATE  513                       495     18      427
  SINCE MAR 1    513                       495     18      427
  SINCE JUL 1   3527                      3693   -166     2808

 COOLING
  YESTERDAY        0                         0      0        0
  MONTH TO DATE    0                         0      0        5
  SINCE MAR 1      0                         0      0        5
  SINCE JAN 1     15                         0     15        9
..................................................................


WIND (MPH)
  HIGHEST WIND SPEED    17   HIGHEST WIND DIRECTION     W (260)
  HIGHEST GUST SPEED    25   HIGHEST GUST DIRECTION    NW (300)
  AVERAGE WIND SPEED    10.1


SKY COVER
  POSSIBLE SUNSHINE  MM
  AVERAGE SKY COVER 1.0


WEATHER CONDITIONS
 THE FOLLOWING WEATHER WAS RECORDED YESTERDAY.
  HEAVY RAIN
  RAIN
  LIGHT RAIN
  FOG


RELATIVE HUMIDITY (PERCENT)
 HIGHEST   100          1200 AM
 LOWEST     84           300 PM
 AVERAGE    92

..........................................................


THE BOWLING GREEN KY CLIMATE NORMALS FOR TODAY
                         NORMAL    RECORD    YEAR
 MAXIMUM TEMPERATURE (F)   65        87      1910
 MINIMUM TEMPERATURE (F)   41        22      1964


SUNRISE AND SUNSET
MARCH 30 2018.........SUNRISE   634 AM CDT   SUNSET   706 PM CDT
MARCH 31 2018.........SUNRISE   633 AM CDT   SUNSET   707 PM CDT


-  INDICATES NEGATIVE NUMBERS.
R  INDICATES RECORD WAS SET OR TIED.
MM INDICATES DATA IS MISSING.
T  INDICATES TRACE AMOUNT.




$$
