000
CDUS43 KLMK 262032
CLIBWG


CLIMATE REPORT
NATIONAL WEATHER SERVICE LOUISVILLE KY
432 PM EDT MON MAR 26 2018


...................................

...THE BOWLING GREEN CLIMATE SUMMARY FOR MARCH 26 2018...
VALID TODAY AS OF 0400 PM LOCAL TIME.

CLIMATE NORMAL PERIOD 1981 TO 2010
CLIMATE RECORD PERIOD 1870 TO 2018


WEATHER ITEM   OBSERVED TIME   RECORD YEAR NORMAL DEPARTURE LAST
                VALUE   (LST)  VALUE       VALUE  FROM      YEAR
                                                  NORMAL
..................................................................
TEMPERATURE (F)
 TODAY
  MAXIMUM         61    217 PM  87    1910  63     -2       73
  MINIMUM         45    201 AM  14    1955  40      5       54
  AVERAGE         53                        52      1       64

PRECIPITATION (IN)
  TODAY            0.00          4.10 1913   0.15  -0.15     0.12
  MONTH TO DATE    2.47                      3.65  -1.18     2.73
  SINCE MAR 1      2.47                      3.65  -1.18     2.73
  SINCE JAN 1     13.34                     11.22   2.12     9.31

SNOWFALL (IN)
  TODAY            0.0           0.5  2013   0.0    0.0      0.0
  MONTH TO DATE    2.3                       0.9    1.4       T
  SINCE MAR 1      2.3                       0.9    1.4       T
  SINCE JUL 1     10.7                       8.7    2.0      0.7
  SNOW DEPTH       0

DEGREE DAYS
 HEATING
  TODAY           12                        14     -2        1
  MONTH TO DATE  501                       456     45      418
  SINCE MAR 1    501                       456     45      418
  SINCE JUL 1   3515                      3654   -139     2799

 COOLING
  TODAY            0                         0      0        0
  MONTH TO DATE    0                         0      0        5
  SINCE MAR 1      0                         0      0        5
  SINCE JAN 1     15                         0     15        9
..................................................................


WIND (MPH)
  HIGHEST WIND SPEED    17   HIGHEST WIND DIRECTION    SE (140)
  HIGHEST GUST SPEED    26   HIGHEST GUST DIRECTION    SE (150)
  AVERAGE WIND SPEED     8.0


SKY COVER
  POSSIBLE SUNSHINE  MM
  AVERAGE SKY COVER 1.0


WEATHER CONDITIONS
 THE FOLLOWING WEATHER WAS RECORDED TODAY.
  NO SIGNIFICANT WEATHER WAS OBSERVED.


RELATIVE HUMIDITY (PERCENT)
 HIGHEST    86           600 AM
 LOWEST     55           200 PM
 AVERAGE    71

..........................................................


THE BOWLING GREEN CLIMATE NORMALS FOR TOMORROW
                         NORMAL    RECORD    YEAR
 MAXIMUM TEMPERATURE (F)   64        90      1910
 MINIMUM TEMPERATURE (F)   40        15      1955
                                             1947


SUNRISE AND SUNSET
MARCH 26 2018.........SUNRISE   640 AM CDT   SUNSET   703 PM CDT
MARCH 27 2018.........SUNRISE   639 AM CDT   SUNSET   704 PM CDT


-  INDICATES NEGATIVE NUMBERS.
R  INDICATES RECORD WAS SET OR TIED.
MM INDICATES DATA IS MISSING.
T  INDICATES TRACE AMOUNT.




$$
