000
CXUS53 KLMK 071833 CCA
CLMBWG
CLIMATE REPORT
NATIONAL WEATHER SERVICE LOUISVILLE KY
538 AM EDT MON JUL 03 2023
COR TO NUMBER OF CLOUDY DAYS
...................................
...THE BOWLING GREEN KY CLIMATE SUMMARY FOR THE MONTH OF JUNE 2023...
CLIMATE NORMAL PERIOD 1991 TO 2020
CLIMATE RECORD PERIOD 1870 TO 2023
WEATHER OBSERVED NORMAL DEPART LAST YEAR`S
VALUE DATE(S) VALUE FROM VALUE DATE(S)
NORMAL
................................................................
TEMPERATURE (F)
RECORD
HIGH 110 06/29/2012
LOW 39 06/13/1903
HIGHEST 97 06/30 MM MM 99 06/22
LOWEST 52 06/13 MM MM 54 06/04
AVG. MAXIMUM 85.3 86.6 -1.3 89.8
AVG. MINIMUM 62.8 65.6 -2.8 65.6
MEAN 74.1 76.1 -2.0 77.7
DAYS MAX >= 90 6 9.3 -3.3 15
DAYS MAX <= 32 0 0.0 0.0 0
DAYS MIN <= 32 0 0.0 0.0 0
DAYS MIN <= 0 0 0.0 0.0 0
PRECIPITATION (INCHES)
RECORD
MAXIMUM 12.96 1928
MINIMUM 0.12 1936
TOTALS 2.65 4.51 -1.86 3.40
DAILY AVG. 0.09 0.15 -0.06 0.11
DAYS >= .01 10 11.1 -1.1 2
DAYS >= .10 7 7.2 -0.2 1
DAYS >= .50 1 2.8 -1.8 1
DAYS >= 1.00 0 1.2 -1.2 1
GREATEST
24 HR. TOTAL 0.97 06/29 TO 06/29
SNOWFALL (INCHES)
RECORDS
TOTAL MM 5
TOTALS 0.0 MM MM 0.0
SINCE 7/1 2.5 MM MM MM
SNOWDEPTH AVG. 0 0
DAYS >= 1.0 0 MM MM 0
GREATEST
SNOW DEPTH 0 0 MM
DEGREE DAYS
HEATING TOTAL 0 3 -3 0
SINCE 7/1 3247 3794 -547 MM
COOLING TOTAL 280 336 -56 390
SINCE 1/1 454 534 -80 MM
................................................................
WIND (MPH)
AVERAGE WIND SPEED 4.9
HIGHEST WIND SPEED/DIRECTION 26/280 DATE 06/11
HIGHEST GUST SPEED/DIRECTION 42/280 DATE 06/11
SKY COVER
POSSIBLE SUNSHINE (PERCENT) MM
AVERAGE SKY COVER 0.28
NUMBER OF DAYS FAIR 20
NUMBER OF DAYS PC 6
NUMBER OF DAYS CLOUDY 4
AVERAGE RH (PERCENT) 66
WEATHER CONDITIONS. NUMBER OF DAYS WITH
THUNDERSTORM 8 MIXED PRECIP 0
HEAVY RAIN 6 RAIN 4
LIGHT RAIN 9 FREEZING RAIN 0
LT FREEZING RAIN 0 HAIL 0
HEAVY SNOW 0 SNOW 0
LIGHT SNOW 0 SLEET 0
FOG 16 FOG W/VIS <= 1/4 MILE 2
HAZE 12
- INDICATES NEGATIVE NUMBERS.
R INDICATES RECORD WAS SET OR TIED.
MM INDICATES DATA IS MISSING.
T INDICATES TRACE AMOUNT.
$$