000
CXUS53 KLMK 010845
CLMBWG
CLIMATE REPORT
NATIONAL WEATHER SERVICE LOUISVILLE KY
445 AM EDT THU JUN 01 2023
...................................
...THE BOWLING GREEN KY CLIMATE SUMMARY FOR THE MONTH OF MAY 2023...
CLIMATE NORMAL PERIOD 1991 TO 2020
CLIMATE RECORD PERIOD 1870 TO 2023
WEATHER OBSERVED NORMAL DEPART LAST YEAR`S
VALUE DATE(S) VALUE FROM VALUE DATE(S)
NORMAL
................................................................
TEMPERATURE (F)
RECORD
HIGH 100 05/28/1911
LOW 30 05/01/1963
HIGHEST 88 05/31 MM MM 91 05/21
LOWEST 39 05/04 MM MM 49 05/08
AVG. MAXIMUM 78.7 78.7 0.0 81.0
AVG. MINIMUM 56.6 57.2 -0.6 60.1
MEAN 67.7 68.0 -0.3 70.5
DAYS MAX >= 90 0 1.0 -1.0 5
DAYS MAX <= 32 0 0.0 0.0 0
DAYS MIN <= 32 0 0.0 0.0 0
DAYS MIN <= 0 0 0.0 0.0 0
PRECIPITATION (INCHES)
RECORD
MAXIMUM 13.27 1983
MINIMUM 0.56 1926
TOTALS 3.86 5.03 -1.17 3.93
DAILY AVG. 0.12 0.16 -0.04 0.13
DAYS >= .01 8 11.8 -3.8 12
DAYS >= .10 8 7.9 0.1 8
DAYS >= .50 3 3.1 -0.1 4
DAYS >= 1.00 1 1.3 -0.3 1
GREATEST
24 HR. TOTAL 2.21 05/07 TO 05/08
SNOWFALL (INCHES)
RECORDS
TOTAL MM 5
TOTALS 0.0 MM MM 0.0
SINCE 7/1 2.5 MM MM MM
SNOWDEPTH AVG. 0 0
DAYS >= 1.0 0 MM MM 0
GREATEST
SNOW DEPTH 0 0 MM
DEGREE DAYS
HEATING TOTAL 44 59 -15 19
SINCE 7/1 3247 3794 -547 MM
COOLING TOTAL 134 150 -16 200
SINCE 1/1 174 198 -24 MM
................................................................
WIND (MPH)
AVERAGE WIND SPEED 5.2
HIGHEST WIND SPEED/DIRECTION 32/160 DATE 05/08
HIGHEST GUST SPEED/DIRECTION 41/150 DATE 05/08
SKY COVER
POSSIBLE SUNSHINE (PERCENT) MM
AVERAGE SKY COVER 0.36
NUMBER OF DAYS FAIR 16
NUMBER OF DAYS PC 14
NUMBER OF DAYS CLOUDY 1
AVERAGE RH (PERCENT) 66
WEATHER CONDITIONS. NUMBER OF DAYS WITH
THUNDERSTORM 5 MIXED PRECIP 0
HEAVY RAIN 3 RAIN 5
LIGHT RAIN 9 FREEZING RAIN 0
LT FREEZING RAIN 0 HAIL 0
HEAVY SNOW 0 SNOW 0
LIGHT SNOW 0 SLEET 0
FOG 12 FOG W/VIS <= 1/4 MILE 1
HAZE 4
- INDICATES NEGATIVE NUMBERS.
R INDICATES RECORD WAS SET OR TIED.
MM INDICATES DATA IS MISSING.
T INDICATES TRACE AMOUNT.
$$