000
CXUS55 KRIW 011010
CF6BYG
PRELIMINARY LOCAL CLIMATOLOGICAL DATA (WS FORM: F-6)
STATION: BUFFALO WY
MONTH: AUGUST
YEAR: 2022
LATITUDE: 44 22 N
LONGITUDE: 106 43 W
TEMPERATURE IN F: :PCPN: SNOW: WIND :SUNSHINE: SKY :PK WND
================================================================================
1 2 3 4 5 6A 6B 7 8 9 10 11 12 13 14 15 16 17 18
12Z AVG MX 2MIN
DY MAX MIN AVG DEP HDD CDD WTR SNW DPTH SPD SPD DIR MIN PSBL S-S WX SPD DR
================================================================================
1 97 67 82 9 0 17 0.00 M M 10.3 22 10 M M 0 31 10
2 86 65 76 4 0 11 T M M 9.8 23 290 M M 2 32 300
3 91 57 74 2 0 9 0.00 M M 8.1 17 140 M M 1 24 120
4 97 67 82 10 0 17 0.00 M M 6.4 15 270 M M 0 20 130
5 90 62 76 4 0 11 0.05 M M 10.1 30 320 M M 3 45 320
6 67 55 61 -11 4 0 0.23 M M 6.1 20 320 M M 10 13 26 310
7 80 53 67 -5 0 2 0.00 M M 6.0 14 350 M M 4 12 22 340
8 92 58 75 3 0 10 0.00 M M 4.9 13 120 M M 0 18 120
9 96 67 82 10 0 17 0.00 M M 8.0 14 320 M M 1 21 300
10 100 68 84 13 0 19 0.00 M M 9.4 22 150 M M 0 32 140
11 91 69 80 9 0 15 T M M 12.7 28 350 M M 1 39 350
12 92 67 80 9 0 15 0.00 M M 7.8 23 190 M M 1 33 190
13 92 67 80 9 0 15 T M M 8.6 37 330 M M 1 58 330
14 89 62 76 5 0 11 T M M 10.0 22 20 M M 3 3 34 20
15 85 62 74 4 0 9 0.03 M M 9.6 29 270 M M 3 3 40 90
16 89 59 74 4 0 9 0.00 M M 8.4 15 170 M M 0 30 190
17 93 62 78 8 0 13 0.00 M M 9.1 23 330 M M 1 35 300
18 87 59 73 3 0 8 0.00 M M 8.9 17 330 M M 0 26 340
19 82 54 68 -2 0 3 0.00 M M 5.3 13 60 M M 0 18 70
20 89 54 72 3 0 7 0.00 M M 9.1 15 140 M M 0 20 130
21 93 58 76 7 0 11 0.00 M M 7.3 17 350 M M 0 24 350
22 89 64 77 8 0 12 0.00 M M 8.4 18 340 M M 2 28 340
23 86 64 75 6 0 10 0.02 M M 8.3 20 320 M M 3 3 28 350
24 80 60 70 2 0 5 0.01 M M 6.1 22 240 M M 4 3 31 240
25 74 57 66 -2 0 1 0.19 M M 6.2 30 200 M M 4 13 39 250
26 90 57 74 6 0 9 T M M 11.0 36 270 M M 1 3 55 280
27 91 57 74 6 0 9 T M M 8.5 44 340 M M 0 60 330
28 73 54 64 -3 1 0 0.00 M M 9.6 26 330 M M 1 41 330
29 82 51 67 0 0 2 0.00 M M 5.6 13 130 M M 0 17 140
30 91 56 74 7 0 9 0.00 M M 5.9 13 10 M M 0 20 60
31 93 65 79 13 0 14 0.00 M M 5.9 13 100 M M 0 17 110
================================================================================
SM 2727 1877 5 300 0.53 M 251.4 M 46
================================================================================
AV 88.0 60.5 8.1 FASTST M M 1 MAX(MPH)
MISC ----> 44 340 60 330
================================================================================
NOTES:
# LAST OF SEVERAL OCCURRENCES
COLUMN 17 PEAK WIND IN M.P.H.
PRELIMINARY LOCAL CLIMATOLOGICAL DATA (WS FORM: F-6) , PAGE 2
STATION: BUFFALO WY
MONTH: AUGUST
YEAR: 2022
LATITUDE: 44 22 N
LONGITUDE: 106 43 W
[TEMPERATURE DATA] [PRECIPITATION DATA] SYMBOLS USED IN COLUMN 16
AVERAGE MONTHLY: 74.3 TOTAL FOR MONTH: 0.53 1 = FOG OR MIST
DPTR FM NORMAL: 4.4 DPTR FM NORMAL: -0.22 2 = FOG REDUCING VISIBILITY
HIGHEST: 100 ON 10 GRTST 24HR 0.24 ON 5- 6 TO 1/4 MILE OR LESS
LOWEST: 51 ON 29 3 = THUNDER
SNOW, ICE PELLETS, HAIL 4 = ICE PELLETS
TOTAL MONTH: M 5 = HAIL
GRTST 24HR M ON M 6 = FREEZING RAIN OR DRIZZLE
GRTST DEPTH: M ON M 7 = DUSTSTORM OR SANDSTORM:
VSBY 1/2 MILE OR LESS
8 = SMOKE OR HAZE
[NO. OF DAYS WITH] [WEATHER - DAYS WITH] 9 = BLOWING SNOW
X = TORNADO
MAX 32 OR BELOW: 0 0.01 INCH OR MORE: 6
MAX 90 OR ABOVE: 16 0.10 INCH OR MORE: 2
MIN 32 OR BELOW: 0 0.50 INCH OR MORE: 0
MIN 0 OR BELOW: 0 1.00 INCH OR MORE: 0
[HDD (BASE 65) ]
TOTAL THIS MO. 5 CLEAR (SCALE 0-3) 25
DPTR FM NORMAL -32 PTCLDY (SCALE 4-7) 5
TOTAL FM JUL 1 5 CLOUDY (SCALE 8-10) 1
DPTR FM NORMAL -51
[CDD (BASE 65) ]
TOTAL THIS MO. 300
DPTR FM NORMAL 110 [PRESSURE DATA]
TOTAL FM JAN 1 692 HIGHEST SLP 30.14 ON 7
DPTR FM NORMAL 224 LOWEST SLP 29.50 ON 27
[REMARKS]
#FINAL-08-22#