000
CXUS55 KPIH 011200
CF6BYI
PRELIMINARY LOCAL CLIMATOLOGICAL DATA (WS FORM: F-6)
STATION: BURLEY
MONTH: NOVEMBER
YEAR: 2022
LATITUDE: 42 32 N
LONGITUDE: 113 46 W
TEMPERATURE IN F: :PCPN: SNOW: WIND :SUNSHINE: SKY :PK WND
================================================================================
1 2 3 4 5 6A 6B 7 8 9 10 11 12 13 14 15 16 17 18
12Z AVG MX 2MIN
DY MAX MIN AVG DEP HDD CDD WTR SNW DPTH SPD SPD DIR MIN PSBL S-S WX SPD DR
================================================================================
1 61 45 53 10 12 0 T M M 12.4 35 250 M M 3 50 250
2 45 26 36 -7 29 0 0.01 M M 6.3 28 290 M M 4 1 51 260
3 36 24 30 -12 35 0 T M M 7.5 15 270 M M 6 23 280
4 41 29 35 -7 30 0 0.03 M M 13.5 23 200 M M 9 32 200
5 52 31 42 0 23 0 0.06 M M 16.0 31 260 M M 7 1 58 250
6 50 24 37 -4 28 0 0.00 M M 5.1 25 200 M M 3 35 210
7 50 32 41 0 24 0 0.17 M M 13.3 39 230 M M 7 1 59 240
8 40 30 35 -5 30 0 0.05 M M 9.7 30 70 M M 7 1 41 60
9 44 26 35 -5 30 0 0.04 M M 13.9 26 250 M M 8 1 40 250
10 36 24 30 -10 35 0 T M M 12.6 28 260 M M 3 43 250
11 36 18 27 -12 38 0 0.00 M M 7.6 17 60 M M 1 23 60
12 34 19 27 -12 38 0 0.00 M M 11.9 20 70 M M 1 29 80
13 36 20 28 -10 37 0 0.00 M M 5.6 14 260 M M 6 21 280
14 36 16 26 -12 39 0 0.00 M M 1.5 7 50 M M 3 12 9 360
15 35 14 25 -13 40 0 0.00 M M 2.9 8 280 M M 2 1 12 270
16 36 15 26 -11 39 0 0.00 M M 3.1 12 60 M M 3 128 15 70
17 31 17 24 -13 41 0 0.00 M M 9.2 20 70 M M 7 12 27 90
18 31 12 22 -15 43 0 0.00 M M 5.6 14 90 M M 2 21 100
19 34 7 21 -15 44 0 0.00 M M 5.8 14 70 M M 0 19 90
20 39 12 26 -10 39 0 0.00 M M 7.3 14 60 M M 0 19 80
21 39 13 26 -9 39 0 0.00 M M 4.2 9 70 M M 0 13 80
22 45 12 29 -6 36 0 0.00 M M 4.7 17 210 M M 2 23 200
23 43 25 34 -1 31 0 T M M 13.5 25 260 M M 2 48 290
24 44 17 31 -3 34 0 0.00 M M 1.9 8 70 M M 0 11 70
25 51 21 36 2 29 0 0.00 M M 6.0 17 60 M M 0 21 70
26 40 25 33 -1 32 0 T M M 9.5 21 250 M M 5 1 31 250
27 44 24 34 1 31 0 0.00 M M 12.0 22 210 M M 5 28 210
28 40 24 32 -1 33 0 0.01 M M 12.3 21 270 M M 8 1 36 290
29 28 17 23 -10 42 0 T M M 10.4 22 260 M M 4 34 280
30 42 20 31 -1 34 0 0.00 M M 13.5 27 200 M M M 41 220
================================================================================
SM 1219 639 1015 0 0.37 M 258.8 M 108
================================================================================
AV 40.6 21.3 8.6 FASTST M M 4 MAX(MPH)
MISC ----> 39 230 59 240
================================================================================
NOTES:
# LAST OF SEVERAL OCCURRENCES
COLUMN 17 PEAK WIND IN M.P.H.
PRELIMINARY LOCAL CLIMATOLOGICAL DATA (WS FORM: F-6) , PAGE 2
STATION: BURLEY
MONTH: NOVEMBER
YEAR: 2022
LATITUDE: 42 32 N
LONGITUDE: 113 46 W
[TEMPERATURE DATA] [PRECIPITATION DATA] SYMBOLS USED IN COLUMN 16
AVERAGE MONTHLY: 31.0 TOTAL FOR MONTH: 0.37 1 = FOG OR MIST
DPTR FM NORMAL: -6.6 DPTR FM NORMAL: -0.43 2 = FOG REDUCING VISIBILITY
HIGHEST: 61 ON 1 GRTST 24HR 0.22 ON 7- 8 TO 1/4 MILE OR LESS
LOWEST: 7 ON 19 3 = THUNDER
SNOW, ICE PELLETS, HAIL 4 = ICE PELLETS
TOTAL MONTH: M 5 = HAIL
GRTST 24HR M ON M 6 = FREEZING RAIN OR DRIZZLE
GRTST DEPTH: M ON M 7 = DUSTSTORM OR SANDSTORM:
VSBY 1/2 MILE OR LESS
8 = SMOKE OR HAZE
[NO. OF DAYS WITH] [WEATHER - DAYS WITH] 9 = BLOWING SNOW
X = TORNADO
MAX 32 OR BELOW: 3 0.01 INCH OR MORE: 7
MAX 90 OR ABOVE: 0 0.10 INCH OR MORE: 1
MIN 32 OR BELOW: 29 0.50 INCH OR MORE: 0
MIN 0 OR BELOW: 0 1.00 INCH OR MORE: 0
[HDD (BASE 65) ]
TOTAL THIS MO. 1015 CLEAR (SCALE 0-3) 15
DPTR FM NORMAL 191 PTCLDY (SCALE 4-7) 12
TOTAL FM JUL 1 1533 CLOUDY (SCALE 8-10) 3
DPTR FM NORMAL 26
[CDD (BASE 65) ]
TOTAL THIS MO. 0
DPTR FM NORMAL 0 [PRESSURE DATA]
TOTAL FM JAN 1 650 HIGHEST SLP 30.76 ON 16
DPTR FM NORMAL 158 LOWEST SLP 29.39 ON 1
[REMARKS]
#FINAL-11-22#