000
CXUS55 KPIH 011100
CF6BYI
PRELIMINARY LOCAL CLIMATOLOGICAL DATA (WS FORM: F-6)
STATION: BURLEY
MONTH: MAY
YEAR: 2021
LATITUDE: 42 32 N
LONGITUDE: 113 46 W
TEMPERATURE IN F: :PCPN: SNOW: WIND :SUNSHINE: SKY :PK WND
================================================================================
1 2 3 4 5 6A 6B 7 8 9 10 11 12 13 14 15 16 17 18
12Z AVG MX 2MIN
DY MAX MIN AVG DEP HDD CDD WTR SNW DPTH SPD SPD DIR MIN PSBL S-S WX SPD DR
================================================================================
1 75 51 63 12 2 0 0.00 M M 12.8 28 290 M M 0 43 270
2 63 44 54 2 11 0 0.14 M M 12.5 21 240 M M 8 1 31 290
3 63 39 51 -1 14 0 0.00 M M 7.7 15 260 M M 3 24 300
4 67 39 53 1 12 0 0.00 M M 11.9 21 270 M M 2 32 280
5 73 36 55 3 10 0 0.00 M M 5.2 13 20 M M 1 18 60
6 88 41 65 12 0 0 0.00 M M 5.6 17 150 M M 0 26 160
7 66 44 55 2 10 0 T M M 14.9 25 260 M M 2 38 260
8 56 35 46 -8 19 0 0.00 M M 18.3 29 260 M M 0 43 270
9 60 29 45 -9 20 0 0.00 M M 7.6 16 240 M M 1 8 24 280
10 61 36 49 -5 16 0 0.00 M M 7.0 21 330 M M 5 33 320
11 65 31 48 -6 17 0 0.00 M M 3.9 12 280 M M 0 8 17 300
12 74 36 55 0 10 0 0.00 M M 4.9 15 240 M M 0 8 22 320
13 81 44 63 8 2 0 0.00 M M 5.8 17 320 M M 0 8 26 320
14 78 47 63 7 2 0 T M M 5.7 26 260 M M 1 8 39 270
15 70 49 60 4 5 0 0.01 M M 4.4 16 210 M M 4 20 220
16 79 46 63 7 2 0 0.26 M M 7.2 22 130 M M 2 3 32 130
17 79 44 62 6 3 0 0.00 M M 5.7 23 210 M M 0 32 200
18 75 50 63 6 2 0 0.00 M M 12.8 28 270 M M 0 44 280
19 70 45 58 1 7 0 0.00 M M 9.8 24 260 M M 1 35 250
20 55 42 49 -8 16 0 T M M 9.2 23 250 M M 8 32 250
21 58 41 50 -8 15 0 0.19 M M 7.6 16 270 M M 9 13 27 290
22 67 40 54 -4 11 0 T M M 11.3 24 180 M M 3 34 170
23 58 43 51 -7 14 0 0.01 M M 11.4 24 220 M M 6 33 210
24 66 44 55 -3 10 0 T M M 14.1 29 240 M M 5 42 260
25 72 41 57 -1 8 0 0.17 M M 6.3 22 280 M M 5 39 270
26 66 43 55 -4 10 0 0.00 M M 9.5 21 260 M M 2 29 250
27 79 38 59 0 6 0 0.00 M M 2.5 10 270 M M 0 18 290
28 70 46 58 -1 7 0 0.00 M M 13.1 25 260 M M 0 38 260
29 72 35 54 -5 11 0 0.00 M M 6.3 13 200 M M 0 18 210
30 79 36 58 -2 7 0 0.00 M M 3.4 10 210 M M 0 14 280
31 82 44 63 3 2 0 0.00 M M 5.5 14 250 M M 0 18 250
================================================================================
SM 2167 1279 281 0 0.78 M 263.9 M 68
================================================================================
AV 69.9 41.3 8.5 FASTST M M 2 MAX(MPH)
MISC ----> # 29 260 44 280
================================================================================
NOTES:
# LAST OF SEVERAL OCCURRENCES
COLUMN 17 PEAK WIND IN M.P.H.
PRELIMINARY LOCAL CLIMATOLOGICAL DATA (WS FORM: F-6) , PAGE 2
STATION: BURLEY
MONTH: MAY
YEAR: 2021
LATITUDE: 42 32 N
LONGITUDE: 113 46 W
[TEMPERATURE DATA] [PRECIPITATION DATA] SYMBOLS USED IN COLUMN 16
AVERAGE MONTHLY: 55.6 TOTAL FOR MONTH: 0.78 1 = FOG OR MIST
DPTR FM NORMAL: -0.2 DPTR FM NORMAL: -0.91 2 = FOG REDUCING VISIBILITY
HIGHEST: 88 ON 6 GRTST 24HR 0.26 ON 16-16 TO 1/4 MILE OR LESS
LOWEST: 29 ON 9 3 = THUNDER
SNOW, ICE PELLETS, HAIL 4 = ICE PELLETS
TOTAL MONTH: M 5 = HAIL
GRTST 24HR M ON M 6 = FREEZING RAIN OR DRIZZLE
GRTST DEPTH: M ON M 7 = DUSTSTORM OR SANDSTORM:
VSBY 1/2 MILE OR LESS
8 = SMOKE OR HAZE
[NO. OF DAYS WITH] [WEATHER - DAYS WITH] 9 = BLOWING SNOW
X = TORNADO
MAX 32 OR BELOW: 0 0.01 INCH OR MORE: 6
MAX 90 OR ABOVE: 0 0.10 INCH OR MORE: 4
MIN 32 OR BELOW: 2 0.50 INCH OR MORE: 0
MIN 0 OR BELOW: 0 1.00 INCH OR MORE: 0
[HDD (BASE 65) ]
TOTAL THIS MO. 281 CLEAR (SCALE 0-3) 22
DPTR FM NORMAL -13 PTCLDY (SCALE 4-7) 6
TOTAL FM JUL 1 5742 CLOUDY (SCALE 8-10) 3
DPTR FM NORMAL -436
[CDD (BASE 65) ]
TOTAL THIS MO. 0
DPTR FM NORMAL -11 [PRESSURE DATA]
TOTAL FM JAN 1 5 HIGHEST SLP 30.22 ON 5
DPTR FM NORMAL -6 LOWEST SLP 29.58 ON 19
[REMARKS]
#FINAL-05-21#