000
CXUS52 KCAE 011500
CF6CAE
PRELIMINARY LOCAL CLIMATOLOGICAL DATA (WS FORM: F-6)
STATION: COLUMBIA METRO AIRPORT SC
MONTH: FEBRUARY
YEAR: 2024
LATITUDE: 33 57 N
LONGITUDE: 81 7 W
TEMPERATURE IN F: :PCPN: SNOW: WIND :SUNSHINE: SKY :PK WND
================================================================================
1 2 3 4 5 6A 6B 7 8 9 10 11 12 13 14 15 16 17 18
12Z AVG MX 2MIN
DY MAX MIN AVG DEP HDD CDD WTR SNW DPTH SPD SPD DIR MIN PSBL S-S WX SPD DR
================================================================================
1 62 30 46 -1 19 0 0.00 0.0 0 3.1 13 250 M M 2 1 17 240
2 70 33 52 5 13 0 0.00 0.0 0 3.7 12 40 M M 4 1 19 20
3 59 39 49 2 16 0 0.00 0.0 0 6.9 15 90 M M 0 23 50
4 53 30 42 -5 23 0 0.00 0.0 0 9.6 18 60 M M 7 30 50
5 61 44 53 6 12 0 0.13 0.0 0 9.2 18 60 M M 7 28 30
6 57 41 49 2 16 0 0.00 0.0 0 8.2 18 20 M M 1 33 20
7 58 32 45 -3 20 0 0.00 0.0 0 4.3 15 50 M M 0 22 60
8 59 27 43 -5 22 0 0.00 0.0 0 1.4 8 100 M M 6 10 100
9 68 40 54 6 11 0 0.00 0.0 0 3.3 14 210 M M 9 1 17 250
10 71 46 59 11 6 0 0.00 0.0 0 3.7 15 230 M M 9 1 21 210
11 67 57 62 14 3 0 0.25 0.0 0 7.0 16 200 M M 9 1 24 190
12 63 57 60 12 5 0 1.81 0.0 0 7.5 21 110 M M 10 1 28 230
13 63 39 51 2 14 0 T 0.0 0 13.8 29 260 M M 3 43 250
14 66 32 49 0 16 0 0.00 0.0 0 2.0 10 280 M M 1 1 14 250
15 71 37 54 5 11 0 0.00 0.0 0 6.9 21 240 M M 2 27 240
16 67 44 56 7 9 0 0.00 0.0 0 3.6 10 240 M M 7 8 14 240
17 59 46 53 4 12 0 0.00 0.0 0 7.3 14 280 M M 7 21 240
18 49 34 42 -8 23 0 0.00 0.0 0 2.9 8 80 M M 8 13 340
19 60 30 45 -5 20 0 0.00 0.0 0 1.4 9 10 M M 6 13 40
20 61 27 44 -6 21 0 0.00 0.0 0 2.3 10 60 M M 2 18 17 80
21 62 28 45 -5 20 0 0.00 0.0 0 1.9 9 280 M M 0 18 15 250
22 69 32 51 1 14 0 0.00 0.0 0 6.8 21 170 M M 5 18 27 200
23 72 43 58 7 7 0 0.27 T 0 11.5 26 280 M M 7 1358 34 260
24 66 41 54 3 11 0 0.00 0.0 0 11.0 32 260 M M 3 47 280
25 59 29 44 -7 21 0 0.00 0.0 0 3.0 10 90 M M 1 18 360
26 74 33 54 3 11 0 0.00 0.0 0 6.2 16 190 M M 2 1 23 190
27 70 51 61 9 4 0 0.01 0.0 0 8.0 17 180 M M 9 33 200
28 76 52 64 12 1 0 0.25 0.0 0 12.6 41 280 M M 10 138 56 280
29 54 41 48 -4 17 0 0.00 0.0 0 5.1 13 20 M M 10 20 60
================================================================================
SM 1846 1115 398 0 2.72 T 174.2 M 147
================================================================================
AV 63.7 38.4 6.0 FASTST M M 5 MAX(MPH)
MISC ----> 41 280 56 280
================================================================================
NOTES:
# LAST OF SEVERAL OCCURRENCES
COLUMN 17 PEAK WIND IN M.P.H.
PRELIMINARY LOCAL CLIMATOLOGICAL DATA (WS FORM: F-6) , PAGE 2
STATION: COLUMBIA METRO AIRPORT SC
MONTH: FEBRUARY
YEAR: 2024
LATITUDE: 33 57 N
LONGITUDE: 81 7 W
[TEMPERATURE DATA] [PRECIPITATION DATA] SYMBOLS USED IN COLUMN 16
AVERAGE MONTHLY: 51.1 TOTAL FOR MONTH: 2.72 1 = FOG OR MIST
DPTR FM NORMAL: 2.0 DPTR FM NORMAL: -0.67 2 = FOG REDUCING VISIBILITY
HIGHEST: 76 ON 28 GRTST 24HR 2.04 ON 11-12 TO 1/4 MILE OR LESS
LOWEST: 27 ON 20, 8 3 = THUNDER
SNOW, ICE PELLETS, HAIL 4 = ICE PELLETS
TOTAL MONTH: T 5 = HAIL
GRTST 24HR T ON 23-23 6 = FREEZING RAIN OR DRIZZLE
GRTST DEPTH: 0 7 = DUSTSTORM OR SANDSTORM:
VSBY 1/2 MILE OR LESS
8 = SMOKE OR HAZE
[NO. OF DAYS WITH] [WEATHER - DAYS WITH] 9 = BLOWING SNOW
X = TORNADO
MAX 32 OR BELOW: 0 0.01 INCH OR MORE: 6
MAX 90 OR ABOVE: 0 0.10 INCH OR MORE: 5
MIN 32 OR BELOW: 10 0.50 INCH OR MORE: 1
MIN 0 OR BELOW: 0 1.00 INCH OR MORE: 1
[HDD (BASE 65) ]
TOTAL THIS MO. 398 CLEAR (SCALE 0-3) 12
DPTR FM NORMAL -53 PTCLDY (SCALE 4-7) 10
TOTAL FM JUL 1 1847 CLOUDY (SCALE 8-10) 7
DPTR FM NORMAL -222
[CDD (BASE 65) ]
TOTAL THIS MO. 0
DPTR FM NORMAL -4 [PRESSURE DATA]
TOTAL FM JAN 1 8 HIGHEST SLP 30.46 ON 29
DPTR FM NORMAL 2 LOWEST SLP 29.50 ON 13
[REMARKS]
#FINAL-02-24#