000
CXUS51 KCLE 051812
CLSCAK
CLIMATE REPORT
NATIONAL WEATHER SERVICE CLEVELAND, OH
112 PM EST MON DEC 05 2022
...................................
...THE AKRON CANTON OH CLIMATE SUMMARY FOR THE SEASON, FROM
9/1/2022 TO 11/30/2022...
CLIMATE NORMAL PERIOD 1991 TO 2020
CLIMATE RECORD PERIOD 1887 TO 2022
WEATHER OBSERVED NORMAL DEPART
VALUE DATE(S) VALUE FROM
NORMAL
................................................
TEMPERATURE (F)
RECORD
HIGH 99 09/03/1953
09/02/1953
LOW 11/30/1958
HIGHEST 87 09/02
LOWEST 18 11/20
AVG. MAXIMUM 64.5 63.3 1.2
AVG. MINIMUM 45.6 44.4 1.2
MEAN 55.0 53.9 1.1
DAYS MAX >= 90 0 1.1
DAYS MAX <= 32 2 1.7
DAYS MIN <= 32 11 17.1
DAYS MIN <= 0 0 0.0
PRECIPITATION (INCHES)
RECORD
MAXIMUM 19.79 1926
MINIMUM 2.52 1953
TOTALS 8.51 9.92 -1.41
DAYS >= .01 37 34.4
DAYS >= .10 14 20.2
DAYS >= .50 6 6.3
DAYS >= 1.00 1 1.9
SNOWFALL (INCHES)
RECORDS
TOTAL 22.3 1950
TOTALS 2.8 3.6
DAYS >= TRACE 28
DAYS >= 1.0 0 1.3
DEGREE DAYS
HEATING TOTAL 1012 1124 -112
COOLING TOTAL 128 110 18
................................................
WIND (MPH)
HIGHEST GUST SPEED/DIRECTION 43/270 DATE 11/30
SKY COVER
POSSIBLE SUNSHINE (PERCENT) MM
NUMBER OF DAYS FAIR 20
NUMBER OF DAYS PC 38
NUMBER OF DAYS CLOUDY 33
WEATHER CONDITIONS. NUMBER OF DAYS WITH
THUNDERSTORM 7 MIXED PRECIP 1
HEAVY RAIN 4 RAIN 12
LIGHT RAIN 36 FREEZING RAIN 0
LT FREEZING RAIN 0 HAIL 0
HEAVY SNOW 1 SNOW 3
LIGHT SNOW 13 SLEET 0
FOG 39 FOG W/VIS <= 1/4 MILE 3
HAZE 23
- INDICATES NEGATIVE NUMBERS.
R INDICATES RECORD WAS SET OR TIED.
MM INDICATES DATA IS MISSING.
T INDICATES TRACE AMOUNT.
$$