000
CXUS55 KABQ 011110
CF6CAO
PRELIMINARY LOCAL CLIMATOLOGICAL DATA (WS FORM: F-6)
STATION: CLAYTON NM
MONTH: NOVEMBER
YEAR: 2021
LATITUDE: 36 27 N
LONGITUDE: 103 9 W
TEMPERATURE IN F: :PCPN: SNOW: WIND :SUNSHINE: SKY :PK WND
================================================================================
1 2 3 4 5 6A 6B 7 8 9 10 11 12 13 14 15 16 17 18
12Z AVG MX 2MIN
DY MAX MIN AVG DEP HDD CDD WTR SNW DPTH SPD SPD DIR MIN PSBL S-S WX SPD DR
================================================================================
1 62 30 46 -3 19 0 0.00 0.0 0 11.4 24 220 M M 1 31 210
2 38 33 36 -13 29 0 T 0.0 0 7.1 14 180 M M 10 18 18 170
3 60 29 45 -3 20 0 0.00 0.0 0 7.6 18 30 M M 3 1 26 30
4 63 36 50 2 15 0 0.00 0.0 0 11.9 25 200 M M 0 33 220
5 76 38 57 9 8 0 0.00 0.0 0 6.9 15 260 M M 0 8 22 250
6 78 46 62 15 3 0 0.00 0.0 0 12.5 23 190 M M 0 30 250
7 81 49 65 18 0 0 0.00 0.0 0 13.9 23 200 M M 0 37 210
8 79 38 59 13 6 0 0.00 0.0 0 11.6 24 60 M M 0 30 70
9 62 31 47 1 18 0 0.00 0.0 0 8.2 17 180 M M 2 12 23 170
10 65 33 49 3 16 0 0.00 0.0 0 10.6 23 360 M M 3 30 350
11 59 26 43 -2 22 0 0.00 0.0 0 10.4 17 200 M M 0 36 200
12 55 25 40 -5 25 0 0.00 0.0 0 11.2 25 20 M M 0 33 20
13 73 37 55 10 10 0 0.00 0.0 0 9.6 18 10 M M 0 27 360
14 61 30 46 2 19 0 0.00 0.0 0 12.5 35 10 M M 0 44 10
15 79 47 63 19 2 0 0.00 0.0 0 8.6 14 180 M M 0 20 260
16 73 49 61 17 4 0 0.00 0.0 0 12.7 24 270 M M 0 33 280
17 54 21 38 -5 27 0 0.00 0.0 0 14.5 30 10 M M 0 40 10
18 46 17 32 -11 33 0 0.00 0.0 0 17.5 32 200 M M 0 41 220
19 72 32 52 10 13 0 0.00 0.0 0 14.6 25 240 M M 0 40 240
20 64 39 52 10 13 0 0.00 0.0 0 9.5 18 360 M M 0 24 360
21 54 33 44 2 21 0 0.00 0.0 0 12.8 29 10 M M 0 37 360
22 65 30 48 7 17 0 0.00 0.0 0 8.9 17 250 M M 0 24 250
23 73 36 55 14 10 0 0.00 0.0 0 13.9 32 240 M M 0 43 240
24 56 36 46 6 19 0 0.00 0.0 0 16.9 28 20 M M 4 36 10
25 50 26 38 -2 27 0 0.00 0.0 0 12.0 22 320 M M 1 31 360
26 67 33 50 10 15 0 0.00 0.0 0 9.6 17 250 M M 0 24 260
27 58 30 44 5 21 0 0.00 0.0 0 14.9 30 10 M M 0 37 10
28 67 29 48 9 17 0 0.00 0.0 0 11.0 22 230 M M 0 31 220
29 77 43 60 21 5 0 0.00 0.0 0 8.8 18 200 M M 0 22 200
30 60 35 48 10 17 0 0.00 0.0 0 15.4 32 350 M M 0 44 350
================================================================================
SM 1927 1017 471 0 T 0.0 347.0 M 24
================================================================================
AV 64.2 33.9 11.6 FASTST M M 1 MAX(MPH)
MISC ----> 35 10 # 44 10
================================================================================
NOTES:
# LAST OF SEVERAL OCCURRENCES
COLUMN 17 PEAK WIND IN M.P.H.
PRELIMINARY LOCAL CLIMATOLOGICAL DATA (WS FORM: F-6) , PAGE 2
STATION: CLAYTON NM
MONTH: NOVEMBER
YEAR: 2021
LATITUDE: 36 27 N
LONGITUDE: 103 9 W
[TEMPERATURE DATA] [PRECIPITATION DATA] SYMBOLS USED IN COLUMN 16
AVERAGE MONTHLY: 49.1 TOTAL FOR MONTH: T 1 = FOG OR MIST
DPTR FM NORMAL: 5.4 DPTR FM NORMAL: -0.45 2 = FOG REDUCING VISIBILITY
HIGHEST: 81 ON 7 GRTST 24HR T ON 2- 2 TO 1/4 MILE OR LESS
LOWEST: 17 ON 18 3 = THUNDER
SNOW, ICE PELLETS, HAIL 4 = ICE PELLETS
TOTAL MONTH: 0.0 INCH 5 = HAIL
GRTST 24HR 0.0 6 = FREEZING RAIN OR DRIZZLE
GRTST DEPTH: 0 7 = DUSTSTORM OR SANDSTORM:
VSBY 1/2 MILE OR LESS
8 = SMOKE OR HAZE
[NO. OF DAYS WITH] [WEATHER - DAYS WITH] 9 = BLOWING SNOW
X = TORNADO
MAX 32 OR BELOW: 0 0.01 INCH OR MORE: 0
MAX 90 OR ABOVE: 0 0.10 INCH OR MORE: 0
MIN 32 OR BELOW: 13 0.50 INCH OR MORE: 0
MIN 0 OR BELOW: 0 1.00 INCH OR MORE: 0
[HDD (BASE 65) ]
TOTAL THIS MO. 471 CLEAR (SCALE 0-3) 28
DPTR FM NORMAL -169 PTCLDY (SCALE 4-7) 1
TOTAL FM JUL 1 747 CLOUDY (SCALE 8-10) 1
DPTR FM NORMAL -299
[CDD (BASE 65) ]
TOTAL THIS MO. 0
DPTR FM NORMAL 0 [PRESSURE DATA]
TOTAL FM JAN 1 1137 HIGHEST SLP 30.57 ON 18
DPTR FM NORMAL 170 LOWEST SLP 29.59 ON 24
[REMARKS]
#FINAL-11-21#