000
CXUS56 KMTR 010900
CF6CCR
PRELIMINARY LOCAL CLIMATOLOGICAL DATA (WS FORM: F-6)
STATION: CONCORD AIRPORT
MONTH: MARCH
YEAR: 2023
LATITUDE: 37 58 N
LONGITUDE: 122 3 W
TEMPERATURE IN F: :PCPN: SNOW: WIND :SUNSHINE: SKY :PK WND
================================================================================
1 2 3 4 5 6A 6B 7 8 9 10 11 12 13 14 15 16 17 18
12Z AVG MX 2MIN
DY MAX MIN AVG DEP HDD CDD WTR SNW DPTH SPD SPD DIR MIN PSBL S-S WX SPD DR
================================================================================
1 56 35 46 -9 19 0 0.00 M M 10.2 22 350 M M 0 27 280
2 62 33 48 -7 17 0 0.00 M M 4.9 16 200 M M 0 19 190
3 60 40 50 -5 15 0 0.00 M M 6.0 16 200 M M 2 21 200
4 53 45 49 -7 16 0 0.16 M M 11.6 31 240 M M 4 13 41 240
5 55 41 48 -8 17 0 0.37 M M 11.2 23 270 M M 5 1 31 270
6 53 38 46 -10 19 0 0.13 M M 8.1 20 320 M M 6 1 23 160
7 55 39 47 -9 18 0 T M M 7.8 17 240 M M 3 25 260
8 57 42 50 -6 15 0 0.17 M M 7.0 16 180 M M 5 1 22 260
9 56 40 48 -8 17 0 1.04 M M 5.0 24 170 M M 7 1 33 180
10 60 49 55 -1 10 0 0.49 M M 9.6 24 210 M M 7 1 31 180
11 54 45 50 -6 15 0 M M M 2.2 10 310 M M 8 18 M M
12 62 M M M M M M M M 10.5 22 190 M M 9 1 27 190
13 70 52 61 5 4 0 T M M 8.9 22 220 M M 6 27 210
14 66 47 57 1 8 0 0.51 M M 14.0 46 200 M M 10 18 56 210
15 63 41 52 -5 13 0 0.00 M M 4.1 12 280 M M 0 13 300
16 64 39 52 -5 13 0 0.00 M M 3.6 14 280 M M 0 16 280
17 66 41 54 -3 11 0 0.00 M M 2.3 7 10 M M 0 M M
18 63 43 53 -4 12 0 T M M 5.0 12 30 M M 2 15 30
19 58 51 55 -2 10 0 0.52 M M 5.8 15 220 M M 10 1 19 230
20 59 46 53 -4 12 0 T M M 7.9 18 280 M M 4 1 23 250
21 55 46 51 -6 14 0 0.68 M M 13.6 33 160 M M 10 1 52 160
22 58 47 53 -4 12 0 0.07 M M 5.5 13 130 M M 9 18 140
23 60 46 53 -4 12 0 0.00 M M 11.9 23 270 M M 6 32 260
24 60 40 50 -7 15 0 0.00 M M 10.4 23 280 M M 0 30 270
25 60 38 49 -8 16 0 0.00 M M 8.4 23 280 M M 0 28 290
26 59 36 48 -10 17 0 0.00 M M 5.2 17 290 M M 0 21 270
27 63 37 50 -8 15 0 0.00 M M 6.1 14 270 M M 1 18 270
28 54 44 49 -9 16 0 0.49 M M 12.3 28 180 M M 9 1 36 170
29 51 43 47 -11 18 0 0.78 M M 7.3 23 210 M M 10 18 29 210
30 59 42 51 -7 14 0 0.00 M M 5.3 15 230 M M 5 18 220
31 61 39 50 -8 15 0 0.00 M M 7.2 17 260 M M 2 20 270
================================================================================
SM 1832 1265 425 0 5.41 M 238.9 M 140
================================================================================
AV 59.1 42.2 7.7 FASTST M M 5 MAX(MPH)
MISC ----> 46 200 56 210
================================================================================
NOTES:
# LAST OF SEVERAL OCCURRENCES
COLUMN 17 PEAK WIND IN M.P.H.
PRELIMINARY LOCAL CLIMATOLOGICAL DATA (WS FORM: F-6) , PAGE 2
STATION: CONCORD AIRPORT
MONTH: MARCH
YEAR: 2023
LATITUDE: 37 58 N
LONGITUDE: 122 3 W
[TEMPERATURE DATA] [PRECIPITATION DATA] SYMBOLS USED IN COLUMN 16
AVERAGE MONTHLY: 50.6 TOTAL FOR MONTH: 5.41 1 = FOG OR MIST
DPTR FM NORMAL: -6.0 DPTR FM NORMAL: 3.15 2 = FOG REDUCING VISIBILITY
HIGHEST: 70 ON 13 GRTST 24HR 1.53 ON 9-10 TO 1/4 MILE OR LESS
LOWEST: 33 ON 2 3 = THUNDER
SNOW, ICE PELLETS, HAIL 4 = ICE PELLETS
TOTAL MONTH: M 5 = HAIL
GRTST 24HR M ON M 6 = FREEZING RAIN OR DRIZZLE
GRTST DEPTH: M ON M 7 = DUSTSTORM OR SANDSTORM:
VSBY 1/2 MILE OR LESS
8 = SMOKE OR HAZE
[NO. OF DAYS WITH] [WEATHER - DAYS WITH] 9 = BLOWING SNOW
X = TORNADO
MAX 32 OR BELOW: 0 0.01 INCH OR MORE: 12
MAX 90 OR ABOVE: 0 0.10 INCH OR MORE: 11
MIN 32 OR BELOW: 0 0.50 INCH OR MORE: 5
MIN 0 OR BELOW: 0 1.00 INCH OR MORE: 1
[HDD (BASE 65) ]
TOTAL THIS MO. 425 CLEAR (SCALE 0-3) 13
DPTR FM NORMAL 164 PTCLDY (SCALE 4-7) 10
TOTAL FM JUL 1 2332 CLOUDY (SCALE 8-10) 8
DPTR FM NORMAL 414
[CDD (BASE 65) ]
TOTAL THIS MO. 0
DPTR FM NORMAL -2 [PRESSURE DATA]
TOTAL FM JAN 1 0 HIGHEST SLP M ON M
DPTR FM NORMAL -2 LOWEST SLP 29.22 ON 21
[REMARKS]
#FINAL-03-23#