049
CXAK56 PAFC 060203
CF6CDB
PRELIMINARY LOCAL CLIMATOLOGICAL DATA (WS FORM: F-6)
STATION: COLD BAY
MONTH: OCTOBER
YEAR: 2020
LATITUDE: 55 13 N
LONGITUDE: 162 44 W
TEMPERATURE IN F: :PCPN: SNOW: WIND :SUNSHINE: SKY :PK WND
================================================================================
1 2 3 4 5 6A 6B 7 8 9 10 11 12 13 14 15 16 17 18
12Z AVG MX 2MIN
DY MAX MIN AVG DEP HDD CDD WTR SNW DPTH SPD SPD DIR MIN PSBL S-S WX SPD DR
================================================================================
1 50 44 47 3 18 0 0.03 M M 12.3 21 310 M M 10 1 30 70
2 45 42 44 0 21 0 0.64 M M 17.5 24 270 M M 10 1 29 280
3 50 33 42 -2 23 0 T M M 6.1 16 230 M M 6 19 230
4 51 35 43 -1 22 0 T M M 5.2 16 280 M M 7 1 20 280
5 46 41 44 1 21 0 0.10 M M 19.5 29 300 M M 10 18 35 310
6 51 38 45 2 20 0 0.08 M M 14.2 39 170 M M 8 18 49 180
7 55 45 50 7 15 0 0.04 M M 17.5 40 170 M M 10 50 170
8 49 42 46 4 19 0 0.08 M M 18.5 32 260 M M 8 40 270
9 45 37 41 -1 24 0 0.55 M M 16.0 31 290 M M 8 40 270
10 48 33 41 -1 24 0 0.08 M M 7.1 17 250 M M 7 19 250
11 49 32 41 -1 24 0 0.06 M M 8.4 17 150 M M 5 21 150
12 49 32 41 0 24 0 0.00 M M 6.4 15 360 M M 2 19 350
13 45 32 39 -2 26 0 0.10 M M 9.4 20 320 M M 7 24 320
14 45 33 39 -2 26 0 0.01 M M 10.0 20 340 M M 7 24 10
15 47 28 38 -3 27 0 T M M 7.2 18 360 M M 3 23 360
16 48 25 37 -3 28 0 0.03 M M 13.8 26 150 M M 3 33 150
17 48 37 43 3 22 0 0.10 M M 13.7 24 160 M M 7 29 160
18 51 31 41 1 24 0 0.13 M M 10.3 20 240 M M 3 1 30 220
19 49 37 43 3 22 0 0.04 M M 11.2 21 300 M M 7 1 24 330
20 46 31 39 0 26 0 0.00 M M 3.7 16 40 M M 3 20 30
21 47 30 39 0 26 0 0.03 M M 26.9 46 80 M M 6 62 70
22 50 43 47 8 18 0 0.29 M M 21.9 45 140 M M 8 1 56 130
23 51 45 48 9 17 0 0.27 M M 26.4 37 150 M M 10 18 45 160
24 50 43 47 9 18 0 0.04 M M 18.9 36 160 M M 3 1 40 150
25 46 38 42 4 23 0 0.04 M M 12.0 26 280 M M 7 18 32 280
26 48 39 44 6 21 0 0.09 M M 13.5 26 280 M M 9 1 34 280
27 45 35 40 2 25 0 0.02 M M 3.6 9 300 M M 9 1 11 310
28 48 34 41 3 24 0 T M M 8.4 15 140 M M 9 18 140
29 48 43 46 9 19 0 0.10 M M 18.3 31 90 M M 9 1 42 90
30 48 37 43 6 22 0 0.06 M M 24.8 38 20 M M 10 1 46 20
31 39 31 35 -2 30 0 0.00 M M 19.8 32 20 M M 3 41 20
================================================================================
SM 1487 1126 699 0 3.01 M 422.5 M 214
================================================================================
AV 48.0 36.3 13.6 FASTST M M 7 MAX(MPH)
MISC ----> 46 80 62 70
================================================================================
NOTES:
# LAST OF SEVERAL OCCURRENCES
COLUMN 17 PEAK WIND IN M.P.H.
PRELIMINARY LOCAL CLIMATOLOGICAL DATA (WS FORM: F-6) , PAGE 2
STATION: COLD BAY
MONTH: OCTOBER
YEAR: 2020
LATITUDE: 55 13 N
LONGITUDE: 162 44 W
[TEMPERATURE DATA] [PRECIPITATION DATA] SYMBOLS USED IN COLUMN 16
AVERAGE MONTHLY: 42.1 TOTAL FOR MONTH: 3.01 1 = FOG OR MIST
DPTR FM NORMAL: 1.7 DPTR FM NORMAL: -1.75 2 = FOG REDUCING VISIBILITY
HIGHEST: 55 ON 7 GRTST 24HR 0.64 ON 2- 2 TO 1/4 MILE OR LESS
LOWEST: 25 ON 16 3 = THUNDER
SNOW, ICE PELLETS, HAIL 4 = ICE PELLETS
TOTAL MONTH: M 5 = HAIL
GRTST 24HR M ON M 6 = FREEZING RAIN OR DRIZZLE
GRTST DEPTH: M ON M 7 = DUSTSTORM OR SANDSTORM:
VSBY 1/2 MILE OR LESS
8 = SMOKE OR HAZE
[NO. OF DAYS WITH] [WEATHER - DAYS WITH] 9 = BLOWING SNOW
X = TORNADO
MAX 32 OR BELOW: 0 0.01 INCH OR MORE: 24
MAX 90 OR ABOVE: 0 0.10 INCH OR MORE: 9
MIN 32 OR BELOW: 9 0.50 INCH OR MORE: 2
MIN 0 OR BELOW: 0 1.00 INCH OR MORE: 0
[HDD (BASE 65) ]
TOTAL THIS MO. 699 CLEAR (SCALE 0-3) 4
DPTR FM NORMAL -62 PTCLDY (SCALE 4-7) 14
TOTAL FM JUL 1 1917 CLOUDY (SCALE 8-10) 13
DPTR FM NORMAL -191
[CDD (BASE 65) ]
TOTAL THIS MO. 0
DPTR FM NORMAL 0 [PRESSURE DATA]
TOTAL FM JAN 1 0 HIGHEST SLP 30.62 ON 20
DPTR FM NORMAL 0 LOWEST SLP 29.08 ON 2
[REMARKS]
#FINAL-10-20#