000
CXUS55 KCYS 171610
CF6CDR
PRELIMINARY LOCAL CLIMATOLOGICAL DATA (WS FORM: F-6)
STATION: CHADRON NEBRASKA AIRPORT
MONTH: APRIL
YEAR: 2024
LATITUDE: 42 50 N
LONGITUDE: 103 6 W
TEMPERATURE IN F: :PCPN: SNOW: WIND :SUNSHINE: SKY :PK WND
================================================================================
1 2 3 4 5 6A 6B 7 8 9 10 11 12 13 14 15 16 17 18
12Z AVG MX 2MIN
DY MAX MIN AVG DEP HDD CDD WTR SNW DPTH SPD SPD DIR MIN PSBL S-S WX SPD DR
================================================================================
1 34 25 30 -13 35 0 T M M 5.9 16 30 M M 10 1 22 40
2 61 24 43 0 22 0 0.00 M M 9.0 26 330 M M 2 45 320
3 67 23 45 2 20 0 0.00 M M 3.7 12 80 M M 0 14 90
4 77 30 54 11 11 0 0.00 M M 13.0 38 160 M M 0 51 170
5 68 48 58 14 7 0 0.00 M M 22.6 44 150 M M 0 8 60 160
6 58 43 51 7 14 0 0.76 M M 14.3 41 150 M M 6 1 55 160
7 43 34 39 -5 26 0 0.78 M M 17.0 29 310 M M 9 1 41 310
8 48 33 41 -3 24 0 0.02 M M 16.9 29 300 M M 8 1 39 270
9 58 28 43 -1 22 0 0.00 M M 9.6 21 290 M M 2 30 280
10 57 28 43 -1 22 0 0.00 M M 17.3 31 310 M M 2 46 290
11 58 23 41 -4 24 0 0.00 M M 8.6 18 300 M M 0 26 300
12 76 26 51 6 14 0 0.00 M M 6.6 22 190 M M 0 28 180
13 84 36 60 15 5 0 0.00 M M 8.1 22 270 M M 0 32 340
14 82 40 61 16 4 0 0.00 M M 9.5 33 150 M M 0 45 150
15 85 52 69 24 0 4 0.02 M M 23.8 39 160 M M 1 13 53 320
16 67 36 52 6 13 0 0.06 M M 13.2 37 310 M M 5 53 320
================================================================================
SM 1023 529 263 4 1.64 M 199.1 M 45
================================================================================
AV 63.9 33.1 12.4 FASTST M M 3 MAX(MPH)
MISC ----> 44 150 60 160
================================================================================
NOTES:
# LAST OF SEVERAL OCCURRENCES
COLUMN 17 PEAK WIND IN M.P.H.
PRELIMINARY LOCAL CLIMATOLOGICAL DATA (WS FORM: F-6) , PAGE 2
STATION: CHADRON NEBRASKA AIRPORT
MONTH: APRIL
YEAR: 2024
LATITUDE: 42 50 N
LONGITUDE: 103 6 W
[TEMPERATURE DATA] [PRECIPITATION DATA] SYMBOLS USED IN COLUMN 16
AVERAGE MONTHLY: 48.5 TOTAL FOR MONTH: 1.64 1 = FOG OR MIST
DPTR FM NORMAL: 4.3 DPTR FM NORMAL: 0.77 2 = FOG REDUCING VISIBILITY
HIGHEST: 85 ON 15 GRTST 24HR 1.36 ON 6- 7 TO 1/4 MILE OR LESS
LOWEST: 23 ON 11, 3 3 = THUNDER
SNOW, ICE PELLETS, HAIL 4 = ICE PELLETS
TOTAL MONTH: M 5 = HAIL
GRTST 24HR M ON M 6 = FREEZING RAIN OR DRIZZLE
GRTST DEPTH: M ON M 7 = DUSTSTORM OR SANDSTORM:
VSBY 1/2 MILE OR LESS
8 = SMOKE OR HAZE
[NO. OF DAYS WITH] [WEATHER - DAYS WITH] 9 = BLOWING SNOW
X = TORNADO
MAX 32 OR BELOW: 0 0.01 INCH OR MORE: 5
MAX 90 OR ABOVE: 0 0.10 INCH OR MORE: 2
MIN 32 OR BELOW: 8 0.50 INCH OR MORE: 2
MIN 0 OR BELOW: 0 1.00 INCH OR MORE: 0
[HDD (BASE 65) ]
TOTAL THIS MO. 263 CLEAR (SCALE 0-3) 11
DPTR FM NORMAL -69 PTCLDY (SCALE 4-7) 3
TOTAL FM JUL 1 5908 CLOUDY (SCALE 8-10) 2
DPTR FM NORMAL -325
[CDD (BASE 65) ]
TOTAL THIS MO. 4
DPTR FM NORMAL 4 [PRESSURE DATA]
TOTAL FM JAN 1 4 HIGHEST SLP M ON M
DPTR FM NORMAL 4 LOWEST SLP 29.25 ON 15
[REMARKS]