000
CXUS53 KPAH 010700
CF6CGI
PRELIMINARY LOCAL CLIMATOLOGICAL DATA (WS FORM: F-6)
STATION: CAPE GIRARDEAU MO
MONTH: MAY
YEAR: 2022
LATITUDE: 37 13 N
LONGITUDE: 89 35 W
TEMPERATURE IN F: :PCPN: SNOW: WIND :SUNSHINE: SKY :PK WND
================================================================================
1 2 3 4 5 6A 6B 7 8 9 10 11 12 13 14 15 16 17 18
12Z AVG MX 2MIN
DY MAX MIN AVG DEP HDD CDD WTR SNW DPTH SPD SPD DIR MIN PSBL S-S WX SPD DR
================================================================================
1 77 50 64 1 1 0 0.00 M M 9.4 25 240 M M 0 34 230
2 71 47 59 -4 6 0 0.31 M M 5.5 24 170 M M 4 13 32 160
3 77 56 67 3 0 2 0.16 M M 14.8 25 250 M M 4 1 40 230
4 62 52 57 -7 8 0 T M M 7.0 15 50 M M 8 21 50
5 67 56 62 -2 3 0 0.29 M M 8.0 28 280 M M 8 13 40 280
6 64 56 60 -5 5 0 0.51 M M 10.0 21 310 M M 10 1238 28 300
7 73 52 63 -2 2 0 0.00 M M 10.9 18 30 M M 4 25 320
8 75 49 62 -3 3 0 0.00 M M 8.4 17 140 M M 1 24 130
9 82 66 74 8 0 9 0.00 M M 13.5 22 190 M M 7 35 180
10 89 68 79 13 0 14 0.00 M M 11.1 20 170 M M 1 29 180
11 92 72 82 16 0 17 0.00 M M 4.1 9 100 M M 3 18 15 220
12 93 68 81 14 0 16 0.00 M M 4.6 10 90 M M 1 128 14 130
13 89 65 77 10 0 12 0.04 M M 4.9 25 330 M M 1 13 36 330
14 89 65 77 10 0 12 0.00 M M 3.7 18 60 M M 1 138 25 50
15 87 61 74 6 0 9 0.02 M M 4.8 23 310 M M 2 3 31 310
16 83 57 70 2 0 5 0.00 M M 5.1 16 340 M M 0 8 24 330
17 86 53 70 2 0 5 0.00 M M 4.4 15 180 M M 1 18 19 230
18 87 60 74 6 0 9 0.05 M M 6.7 25 150 M M 2 138 38 140
19 87 64 76 7 0 11 0.00 M M 9.8 24 160 M M 2 18 36 190
20 91 74 83 14 0 18 0.00 M M 16.5 30 190 M M 3 44 190
21 84 60 72 3 0 7 1.79 M M 9.9 28 340 M M 6 13 41 280
22 66 57 62 -8 3 0 0.01 M M 10.6 18 10 M M 8 1 23 10
23 71 54 63 -7 2 0 0.00 M M 10.2 20 40 M M 7 26 50
24 73 53 63 -7 2 0 0.26 M M 9.0 16 60 M M 7 138 22 160
25 83 65 74 3 0 9 0.07 M M 13.4 26 180 M M 6 1 37 190
26 73 59 66 -5 0 1 0.04 M M 11.3 23 210 M M 7 32 210
27 66 55 61 -10 4 0 0.00 M M 8.5 17 300 M M 9 24 300
28 78 49 64 -8 1 0 0.00 M M 6.1 15 150 M M 2 12 20 160
29 85 61 73 1 0 8 0.00 M M 10.5 17 150 M M 0 26 150
30 89 68 79 7 0 14 T M M 12.0 23 200 M M 1 34 190
31 92 70 81 9 0 16 0.00 M M 9.4 17 210 M M 2 27 210
================================================================================
SM 2481 1842 40 194 3.55 M 274.1 M 118
================================================================================
AV 80.0 59.4 8.8 FASTST M M 4 MAX(MPH)
MISC ----> 30 190 44 190
================================================================================
NOTES:
# LAST OF SEVERAL OCCURRENCES
COLUMN 17 PEAK WIND IN M.P.H.
PRELIMINARY LOCAL CLIMATOLOGICAL DATA (WS FORM: F-6) , PAGE 2
STATION: CAPE GIRARDEAU MO
MONTH: MAY
YEAR: 2022
LATITUDE: 37 13 N
LONGITUDE: 89 35 W
[TEMPERATURE DATA] [PRECIPITATION DATA] SYMBOLS USED IN COLUMN 16
AVERAGE MONTHLY: 69.7 TOTAL FOR MONTH: 3.55 1 = FOG OR MIST
DPTR FM NORMAL: 1.9 DPTR FM NORMAL: -1.72 2 = FOG REDUCING VISIBILITY
HIGHEST: 93 ON 12 GRTST 24HR 1.80 ON 21-22 TO 1/4 MILE OR LESS
LOWEST: 47 ON 2 3 = THUNDER
SNOW, ICE PELLETS, HAIL 4 = ICE PELLETS
TOTAL MONTH: M 5 = HAIL
GRTST 24HR M ON M 6 = FREEZING RAIN OR DRIZZLE
GRTST DEPTH: M ON M 7 = DUSTSTORM OR SANDSTORM:
VSBY 1/2 MILE OR LESS
8 = SMOKE OR HAZE
[NO. OF DAYS WITH] [WEATHER - DAYS WITH] 9 = BLOWING SNOW
X = TORNADO
MAX 32 OR BELOW: 0 0.01 INCH OR MORE: 12
MAX 90 OR ABOVE: 4 0.10 INCH OR MORE: 6
MIN 32 OR BELOW: 0 0.50 INCH OR MORE: 2
MIN 0 OR BELOW: 0 1.00 INCH OR MORE: 1
[HDD (BASE 65) ]
TOTAL THIS MO. 40 CLEAR (SCALE 0-3) 17
DPTR FM NORMAL -20 PTCLDY (SCALE 4-7) 11
TOTAL FM JUL 1 3828 CLOUDY (SCALE 8-10) 3
DPTR FM NORMAL -349
[CDD (BASE 65) ]
TOTAL THIS MO. 194
DPTR FM NORMAL 47 [PRESSURE DATA]
TOTAL FM JAN 1 228 HIGHEST SLP M ON M
DPTR FM NORMAL 48 LOWEST SLP 29.53 ON 19
[REMARKS]
#FINAL-05-22#