000
CXUS54 KMRX 011305
CF6CHA
PRELIMINARY LOCAL CLIMATOLOGICAL DATA (WS FORM: F-6)
STATION: CHATTANOOGA ASOS
MONTH: JULY
YEAR: 2020
LATITUDE: 35 1 N
LONGITUDE: 85 12 W
TEMPERATURE IN F: :PCPN: SNOW: WIND :SUNSHINE: SKY :PK WND
================================================================================
1 2 3 4 5 6A 6B 7 8 9 10 11 12 13 14 15 16 17 18
12Z AVG MX 2MIN
DY MAX MIN AVG DEP HDD CDD WTR SNW DPTH SPD SPD DIR MIN PSBL S-S WX SPD DR
================================================================================
1 84 70 77 -2 0 12 0.01 0.0 0 3.5 16 260 M M 6 18 21 270
2 92 70 81 2 0 16 0.00 0.0 0 5.1 14 10 M M 4 1 20 10
3 95 70 83 4 0 18 0.00 0.0 0 2.9 9 30 M M 4 14 20
4 93 74 84 4 0 19 0.01 0.0 0 2.7 14 110 M M 6 138 16 100
5 94 74 84 4 0 19 T 0.0 0 4.2 22 60 M M 5 138 34 50
6 91 73 82 2 0 17 0.00 0.0 0 3.9 13 150 M M 6 1 19 170
7 92 74 83 3 0 18 0.01 0.0 0 3.0 15 120 M M 7 3 21 120
8 90 72 81 1 0 16 0.01 0.0 0 2.7 18 300 M M 5 38 24 300
9 93 74 84 4 0 19 1.03 0.0 0 2.1 26 260 M M 4 13 47 260
10 95 74 85 5 0 20 0.00 0.0 0 4.5 15 290 M M 3 1 20 290
11 92 72 82 2 0 17 0.00 0.0 0 6.9 20 320 M M 1 26 340
12 85 71 78 -2 0 13 0.04 0.0 0 3.5 22 240 M M 5 33 250
13 93 69 81 1 0 16 0.00 0.0 0 4.0 15 10 M M 4 19 20
14 95 70 83 3 0 18 0.00 0.0 0 3.5 14 20 M M 3 17 30
15 96 70 83 3 0 18 0.00 0.0 0 3.6 13 190 M M 3 19 130
16 96 74 85 5 0 20 0.00 0.0 0 5.3 14 180 M M 3 22 180
17 96 75 86 6 0 21 T 0.0 0 3.4 20 340 M M 3 3 24 350
18 98 76 87 7 0 22 T 0.0 0 2.2 21 200 M M 4 3 25 200
19 96 76 86 6 0 21 0.02 0.0 0 3.7 17 30 M M 4 3 24 360
20 97 75 86 6 0 21 0.00 0.0 0 3.1 13 190 M M 4 22 170
21 96 76 86 6 0 21 0.00 0.0 0 4.1 25 190 M M 6 3 33 200
22 93 74 84 4 0 19 0.05 0.0 0 3.2 17 280 M M 6 13 23 270
23 96 74 85 5 0 20 T 0.0 0 4.6 15 30 M M 4 19 30
24 94 75 85 5 0 20 T 0.0 0 4.6 13 20 M M 6 138 17 40
25 95 74 85 5 0 20 T 0.0 0 3.4 16 110 M M 5 3 24 130
26 97 71 84 4 0 19 0.84 0.0 0 2.6 22 300 M M 4 13 36 280
27 93 74 84 4 0 19 0.06 0.0 0 2.8 14 210 M M 5 13 19 290
28 91 74 83 3 0 18 0.00 0.0 0 4.1 17 190 M M 5 3 20 10
29 93 75 84 4 0 19 0.00 0.0 0 4.0 12 240 M M 6 138 16 250
30 91 77 84 4 0 19 0.09 0.0 0 7.1 23 230 M M 6 3 33 250
31 95 76 86 6 0 21 0.26 0.0 0 8.2 24 240 M M 7 13 37 230
================================================================================
SM 2897 2273 0 576 2.43 0.0 122.5 M 144
================================================================================
AV 93.5 73.3 4.0 FASTST M M 5 MAX(MPH)
MISC ----> 26 260 47 260
================================================================================
NOTES:
# LAST OF SEVERAL OCCURRENCES
COLUMN 17 PEAK WIND IN M.P.H.
PRELIMINARY LOCAL CLIMATOLOGICAL DATA (WS FORM: F-6) , PAGE 2
STATION: CHATTANOOGA ASOS
MONTH: JULY
YEAR: 2020
LATITUDE: 35 1 N
LONGITUDE: 85 12 W
[TEMPERATURE DATA] [PRECIPITATION DATA] SYMBOLS USED IN COLUMN 16
AVERAGE MONTHLY: 83.4 TOTAL FOR MONTH: 2.43 1 = FOG OR MIST
DPTR FM NORMAL: 3.4 DPTR FM NORMAL: -2.48 2 = FOG REDUCING VISIBILITY
HIGHEST: 98 ON 18 GRTST 24HR 1.03 ON 9- 9 TO 1/4 MILE OR LESS
LOWEST: 69 ON 13 3 = THUNDER
SNOW, ICE PELLETS, HAIL 4 = ICE PELLETS
TOTAL MONTH: 0.0 INCH 5 = HAIL
GRTST 24HR 0.0 6 = FREEZING RAIN OR DRIZZLE
GRTST DEPTH: 0 7 = DUSTSTORM OR SANDSTORM:
VSBY 1/2 MILE OR LESS
8 = SMOKE OR HAZE
[NO. OF DAYS WITH] [WEATHER - DAYS WITH] 9 = BLOWING SNOW
X = TORNADO
MAX 32 OR BELOW: 0 0.01 INCH OR MORE: 12
MAX 90 OR ABOVE: 29 0.10 INCH OR MORE: 3
MIN 32 OR BELOW: 0 0.50 INCH OR MORE: 2
MIN 0 OR BELOW: 0 1.00 INCH OR MORE: 1
[HDD (BASE 65) ]
TOTAL THIS MO. 0 CLEAR (SCALE 0-3) 4
DPTR FM NORMAL 0 PTCLDY (SCALE 4-7) 27
TOTAL FM JUL 1 0 CLOUDY (SCALE 8-10) 0
DPTR FM NORMAL 0
[CDD (BASE 65) ]
TOTAL THIS MO. 576
DPTR FM NORMAL 113 [PRESSURE DATA]
TOTAL FM JAN 1 1176 HIGHEST SLP 30.20 ON 26
DPTR FM NORMAL 172 LOWEST SLP 29.76 ON 12
[REMARKS]
#FINAL-07-20#