000
CXUS54 KMRX 021422
CLMCHA
CLIMATE REPORT
NATIONAL WEATHER SERVICE MORRISTOWN, TN
1022 AM EDT WED AUG 02 2023
...................................
...THE CHATTANOOGA AIRPORT CLIMATE SUMMARY FOR THE MONTH OF JULY 2023...
CLIMATE NORMAL PERIOD: 1991 TO 2020
CLIMATE RECORD PERIOD: 1879 TO 2023
WEATHER OBSERVED NORMAL DEPART
VALUE DATE(S) VALUE FROM
NORMAL
................................................
TEMPERATURE (F)
HIGHEST 98 07/27
LOWEST 65 07/11
AVG. MAXIMUM 91.0 90.5 0.5
AVG. MINIMUM 71.5 71.0 0.5
MEAN 81.3 80.7 0.6
DAYS MAX >= 90 22
DAYS MAX <= 32 0
DAYS MIN <= 32 0
DAYS MIN <= 0 0
PRECIPITATION (INCHES)
RECORD
MAXIMUM 13.49 1916
MINIMUM 0.20 1957
TOTALS 3.76 5.08 -1.32
DAYS >= .01 13
DAYS >= .10 6
DAYS >= .50 2
DAYS >= 1.00 2
GREATEST
24 HR. TOTAL 1.51 07/05 TO 07/05
SNOWFALL (INCHES)
TOTALS 0.0 0.0 0.0
SINCE 7/1 0.0
SNOWDEPTH AVG. 0
DAYS >= TRACE 0
GREATEST
SNOW DEPTH 0
DEGREE DAYS
HEATING TOTAL 0 0 0
SINCE 7/1 0 0 0
COOLING TOTAL 511 488 23
SINCE 1/1 1064 1108 -44
................................................
WEATHER CONDITIONS. NUMBER OF DAYS WITH
THUNDERSTORM 13 RAIN 6
SNOW 0 FOG 15
FOG W/VIS <= 1/4 MILE 0
- INDICATES NEGATIVE NUMBERS.
R INDICATES RECORD WAS SET OR TIED.
MM INDICATES DATA IS MISSING.
T INDICATES TRACE AMOUNT.
$$