714
CXUS51 KLWX 011213
CF6CHO
PRELIMINARY LOCAL CLIMATOLOGICAL DATA (WS FORM: F-6)
STATION: CHARLOTTESVILLE VA
MONTH: FEBRUARY
YEAR: 2021
LATITUDE: 38 7 N
LONGITUDE: 78 27 W
TEMPERATURE IN F: :PCPN: SNOW: WIND :SUNSHINE: SKY :PK WND
================================================================================
1 2 3 4 5 6A 6B 7 8 9 10 11 12 13 14 15 16 17 18
12Z AVG MX 2MIN
DY MAX MIN AVG DEP HDD CDD WTR SNW DPTH SPD SPD DIR MIN PSBL S-S WX SPD DR
================================================================================
1 40 32 36 0 29 0 T M M 3.9 14 40 M M 10 1 18 360
2 41 35 38 2 27 0 0.00 M M 9.5 21 350 M M 9 31 350
3 50 33 42 6 23 0 0.00 M M 7.0 16 330 M M 3 26 340
4 55 31 43 7 22 0 T M M 6.2 17 190 M M 2 25 280
5 58 37 48 12 17 0 T M M 9.3 22 200 M M 3 29 200
6 51 34 43 6 22 0 0.00 M M 4.7 14 190 M M 1 20 210
7 50 30 40 3 25 0 0.52 M M 3.7 14 310 M M 6 1 19 330
8 42 24 33 -4 32 0 0.00 M M 3.5 13 170 M M 0 17 160
9 62 25 44 7 21 0 0.00 M M 4.3 15 30 M M 3 18 21 240
10 40 32 36 -1 29 0 T M M 2.4 8 80 M M 7 18 11 100
11 37 29 33 -4 32 0 0.57 M M 7.1 18 50 M M 10 1 23 50
12 33 28 31 -7 34 0 0.28 M M 5.4 13 30 M M 10 18 14 40
13 33 29 31 -7 34 0 0.27 M M 7.4 13 30 M M 10 16 16 40
14 37 30 34 -4 31 0 0.03 M M 5.5 12 30 M M 10 168 14 30
15 38 32 35 -3 30 0 0.85 M M 2.8 13 60 M M 10 18 14 60
16 54 29 42 4 23 0 0.09 M M 6.5 16 280 M M 6 12 25 300
17 38 25 32 -6 33 0 0.00 M M 5.6 10 90 M M 0 16 320
18 34 27 31 -8 34 0 0.69 M M 6.8 16 30 M M 10 1468 19 20
19 41 30 36 -3 29 0 0.00 M M 3.1 8 330 M M 7 1 12 320
20 36 25 31 -8 34 0 0.00 M M 7.3 17 310 M M 0 26 310
21 41 19 30 -9 35 0 0.00 M M 4.2 12 170 M M 0 15 170
22 47 30 39 -1 26 0 0.42 M M 7.6 18 190 M M 4 1 21 200
23 64 32 48 8 17 0 0.00 M M 6.6 21 300 M M 0 33 280
24 70 37 54 14 11 0 0.00 M M 8.4 21 190 M M 0 29 200
25 60 44 52 12 13 0 0.00 M M 5.1 14 330 M M 0 21 330
26 50 33 42 2 23 0 0.54 M M 4.7 16 170 M M 5 1 19 180
27 59 34 47 6 18 0 0.48 M M 4.6 14 200 M M 8 1 18 230
28 50 48 49 8 16 0 0.50 M M 2.2 9 180 M M 10 12 12 180
================================================================================
SM 1311 874 720 0 5.24 M 155.4 M 144
================================================================================
AV 46.8 31.2 5.6 FASTST M M 5 MAX(MPH)
MISC ----> 22 200 33 280
================================================================================
NOTES:
# LAST OF SEVERAL OCCURRENCES
COLUMN 17 PEAK WIND IN M.P.H.
PRELIMINARY LOCAL CLIMATOLOGICAL DATA (WS FORM: F-6) , PAGE 2
STATION: CHARLOTTESVILLE VA
MONTH: FEBRUARY
YEAR: 2021
LATITUDE: 38 7 N
LONGITUDE: 78 27 W
[TEMPERATURE DATA] [PRECIPITATION DATA] SYMBOLS USED IN COLUMN 16
AVERAGE MONTHLY: 39.0 TOTAL FOR MONTH: 5.24 1 = FOG OR MIST
DPTR FM NORMAL: 0.8 DPTR FM NORMAL: 2.54 2 = FOG REDUCING VISIBILITY
HIGHEST: 70 ON 24 GRTST 24HR 0.85 ON 15-15 TO 1/4 MILE OR LESS
LOWEST: 19 ON 21 3 = THUNDER
SNOW, ICE PELLETS, HAIL 4 = ICE PELLETS
TOTAL MONTH: M 5 = HAIL
GRTST 24HR M ON M 6 = FREEZING RAIN OR DRIZZLE
GRTST DEPTH: M ON M 7 = DUSTSTORM OR SANDSTORM:
VSBY 1/2 MILE OR LESS
8 = SMOKE OR HAZE
[NO. OF DAYS WITH] [WEATHER - DAYS WITH] 9 = BLOWING SNOW
X = TORNADO
MAX 32 OR BELOW: 0 0.01 INCH OR MORE: 12
MAX 90 OR ABOVE: 0 0.10 INCH OR MORE: 10
MIN 32 OR BELOW: 19 0.50 INCH OR MORE: 6
MIN 0 OR BELOW: 0 1.00 INCH OR MORE: 0
[HDD (BASE 65) ]
TOTAL THIS MO. 720 CLEAR (SCALE 0-3) 9
DPTR FM NORMAL -32 PTCLDY (SCALE 4-7) 9
TOTAL FM JUL 1 2765 CLOUDY (SCALE 8-10) 10
DPTR FM NORMAL -647
[CDD (BASE 65) ]
TOTAL THIS MO. 0
DPTR FM NORMAL 0 [PRESSURE DATA]
TOTAL FM JAN 1 0 HIGHEST SLP 30.62 ON 21
DPTR FM NORMAL 0 LOWEST SLP 29.59 ON 2
[REMARKS]
#FINAL-02-21#