000
CXUS52 KCHS 010915
CF6CHS
PRELIMINARY LOCAL CLIMATOLOGICAL DATA (WS FORM: F-6)
STATION: NORTH CHARLESTON SC
MONTH: JANUARY
YEAR: 2021
LATITUDE: 32 54 N
LONGITUDE: 80 2 W
TEMPERATURE IN F: :PCPN: SNOW: WIND :SUNSHINE: SKY :PK WND
================================================================================
1 2 3 4 5 6A 6B 7 8 9 10 11 12 13 14 15 16 17 18
12Z AVG MX 2MIN
DY MAX MIN AVG DEP HDD CDD WTR SNW DPTH SPD SPD DIR MIN PSBL S-S WX SPD DR
================================================================================
1 80 60 70 22 0 5 0.01 0.0 0 10.6 26 200 M M 8 12 35 200
2 71 65 68 20 0 3 0.01 0.0 0 8.5 17 220 M M 10 1 22 230
3 69 46 58 10 7 0 0.22 0.0 0 10.0 18 290 M M 5 1 25 300
4 63 41 52 4 13 0 0.00 0.0 0 4.6 10 330 M M 4 15 310
5 64 40 52 4 13 0 0.00 0.0 0 5.9 21 340 M M 4 27 340
6 56 37 47 -1 18 0 0.00 0.0 0 6.1 13 30 M M 5 16 20
7 56 31 44 -4 21 0 0.43 0.0 0 7.2 17 90 M M 7 1 24 70
8 54 41 48 0 17 0 0.42 0.0 0 8.5 16 50 M M 10 1 23 270
9 51 39 45 -3 20 0 0.00 0.0 0 8.1 15 300 M M 7 20 300
10 56 30 43 -5 22 0 0.00 0.0 0 4.0 10 70 M M 2 12 70
11 56 35 46 -2 19 0 0.01 0.0 0 6.7 13 40 M M 8 1 16 40
12 53 45 49 1 16 0 0.03 0.0 0 6.8 15 340 M M 10 1 20 270
13 52 42 47 -1 18 0 0.09 0.0 0 5.0 12 250 M M 9 1 14 250
14 60 36 48 0 17 0 0.00 0.0 0 6.9 14 260 M M 1 1 19 260
15 64 37 51 3 14 0 0.53 0.0 0 9.1 24 200 M M 5 1 31 200
16 52 36 44 -4 21 0 0.00 0.0 0 10.6 29 260 M M 3 1 40 260
17 53 31 42 -6 23 0 0.00 0.0 0 7.7 18 260 M M 3 25 260
18 57 37 47 -1 18 0 0.00 0.0 0 8.9 21 270 M M 2 29 270
19 63 30 47 -1 18 0 0.00 0.0 0 4.7 15 210 M M 1 18 200
20 67 47 57 9 8 0 0.00 0.0 0 9.1 18 310 M M 5 25 270
21 62 43 53 5 12 0 T 0.0 0 7.8 17 240 M M 9 24 240
22 59 43 51 3 14 0 0.13 0.0 0 3.9 13 330 M M 9 12 16 320
23 60 37 49 1 16 0 0.00 0.0 0 6.6 17 40 M M 3 12 22 30
24 59 39 49 1 16 0 0.00 0.0 0 7.3 14 120 M M 7 17 100
25 76 50 63 14 2 0 0.01 0.0 0 8.7 25 210 M M 7 1 32 210
26 71 58 65 16 0 0 0.84 0.0 0 8.1 16 210 M M 7 13 24 210
27 63 53 58 9 7 0 0.59 0.0 0 5.5 22 330 M M 10 123 29 330
28 55 36 46 -3 19 0 T 0.0 0 12.8 28 340 M M 5 33 340
29 50 30 40 -9 25 0 0.00 0.0 0 6.1 13 40 M M 1 15 30
30 53 27 40 -9 25 0 0.00 0.0 0 6.1 14 120 M M 5 20 110
31 70 46 58 9 7 0 1.12 0.0 0 12.9 31 200 M M 9 1 43 190
================================================================================
SM 1875 1268 446 8 4.44 0.0 234.8 M 181
================================================================================
AV 60.5 40.9 7.6 FASTST M M 6 MAX(MPH)
MISC ----> 31 200 43 190
================================================================================
NOTES:
# LAST OF SEVERAL OCCURRENCES
COLUMN 17 PEAK WIND IN M.P.H.
PRELIMINARY LOCAL CLIMATOLOGICAL DATA (WS FORM: F-6) , PAGE 2
STATION: NORTH CHARLESTON SC
MONTH: JANUARY
YEAR: 2021
LATITUDE: 32 54 N
LONGITUDE: 80 2 W
[TEMPERATURE DATA] [PRECIPITATION DATA] SYMBOLS USED IN COLUMN 16
AVERAGE MONTHLY: 50.7 TOTAL FOR MONTH: 4.44 1 = FOG OR MIST
DPTR FM NORMAL: 2.4 DPTR FM NORMAL: 0.73 2 = FOG REDUCING VISIBILITY
HIGHEST: 80 ON 1 GRTST 24HR 1.12 ON 31-31 TO 1/4 MILE OR LESS
LOWEST: 27 ON 30 3 = THUNDER
SNOW, ICE PELLETS, HAIL 4 = ICE PELLETS
TOTAL MONTH: 0.0 INCH 5 = HAIL
GRTST 24HR 0.0 6 = FREEZING RAIN OR DRIZZLE
GRTST DEPTH: 0 7 = DUSTSTORM OR SANDSTORM:
VSBY 1/2 MILE OR LESS
8 = SMOKE OR HAZE
[NO. OF DAYS WITH] [WEATHER - DAYS WITH] 9 = BLOWING SNOW
X = TORNADO
MAX 32 OR BELOW: 0 0.01 INCH OR MORE: 14
MAX 90 OR ABOVE: 0 0.10 INCH OR MORE: 8
MIN 32 OR BELOW: 6 0.50 INCH OR MORE: 4
MIN 0 OR BELOW: 0 1.00 INCH OR MORE: 1
[HDD (BASE 65) ]
TOTAL THIS MO. 446 CLEAR (SCALE 0-3) 7
DPTR FM NORMAL -75 PTCLDY (SCALE 4-7) 15
TOTAL FM JUL 1 1022 CLOUDY (SCALE 8-10) 9
DPTR FM NORMAL -236
[CDD (BASE 65) ]
TOTAL THIS MO. 8
DPTR FM NORMAL 6 [PRESSURE DATA]
TOTAL FM JAN 1 8 HIGHEST SLP 30.40 ON 19
DPTR FM NORMAL 6 LOWEST SLP 29.70 ON 15
[REMARKS]
#FINAL-01-21#