000
CXUS55 KDVN 011000
CF6CID
PRELIMINARY LOCAL CLIMATOLOGICAL DATA (WS FORM: F-6)
STATION: CEDAR RAPIDS IA
MONTH: JUNE
YEAR: 2022
LATITUDE: 41 52 N
LONGITUDE: 91 42 W
TEMPERATURE IN F: :PCPN: SNOW: WIND :SUNSHINE: SKY :PK WND
================================================================================
1 2 3 4 5 6A 6B 7 8 9 10 11 12 13 14 15 16 17 18
12Z AVG MX 2MIN
DY MAX MIN AVG DEP HDD CDD WTR SNW DPTH SPD SPD DIR MIN PSBL S-S WX SPD DR
================================================================================
1 74 53 64 -2 1 0 0.00 M M 8.8 16 330 M M 1 24 290
2 78 49 64 -2 1 0 0.00 M M 9.8 21 300 M M 1 8 28 290
3 79 47 63 -4 2 0 0.00 M M 7.9 22 310 M M 0 30 310
4 72 53 63 -4 2 0 0.17 M M 11.1 21 80 M M 8 1 26 80
5 83 52 68 0 0 3 1.51 M M 9.4 23 360 M M 6 13 34 340
6 74 62 68 0 0 3 0.12 M M 8.1 16 50 M M 9 1 22 10
7 78 57 68 0 0 3 T M M 5.2 12 40 M M 3 8 16 40
8 73 56 65 -3 0 0 0.22 M M 9.5 28 350 M M 5 13 38 160
9 78 51 65 -4 0 0 0.00 M M 6.1 15 250 M M 1 20 340
10 70 57 64 -5 1 0 0.10 M M 3.8 12 280 M M 7 1 14 280
11 74 57 66 -3 0 1 T M M 6.8 14 70 M M 4 12 19 190
12 84 62 73 4 0 8 0.01 M M 8.1 15 110 M M 4 18 19 160
13 89 65 77 7 0 12 0.09 M M 11.7 25 100 M M 4 138 34 100
14 95 74 85 15 0 20 0.00 M M 15.2 28 190 M M 0 38 190
15 92 64 78 8 0 13 0.05 M M 10.5 28 230 M M 3 8 38 200
16 90 57 74 4 0 9 0.00 M M 10.6 22 280 M M 0 128 29 270
17 87 61 74 3 0 9 0.00 M M 7.8 17 350 M M 0 26 330
18 82 60 71 0 0 6 0.00 M M 11.4 18 110 M M 0 27 110
19 87 56 72 1 0 7 0.00 M M 10.2 17 190 M M 0 27 190
20 92 64 78 7 0 13 0.00 M M 11.7 20 190 M M 0 26 190
21 96 70 83 12 0 18 0.00 M M 11.9 20 240 M M 2 3 28 290
22 88 64 76 4 0 11 0.00 M M 8.4 21 340 M M 0 8 29 340
23 90 61 76 4 0 11 0.00 M M 7.1 15 210 M M 0 23 220
24 83 66 75 3 0 10 0.01 M M 8.6 17 190 M M 3 38 24 190
25 82 65 74 2 0 9 2.99 M M 11.7 26 90 M M 8 13 39 130
26 75 55 65 -7 0 0 0.00 M M 13.0 26 320 M M 0 36 340
27 81 53 67 -5 0 2 0.00 M M 6.4 16 330 M M 0 25 320
28 82 56 69 -3 0 4 T M M 9.1 21 210 M M 0 27 200
29 89 60 75 3 0 10 0.00 M M 7.5 15 160 M M 0 21 160
30 88 66 77 5 0 12 0.00 M M 12.5 25 210 M M 1 34 220
================================================================================
SM 2485 1773 7 194 5.27 M 279.9 M 70
================================================================================
AV 82.8 59.1 9.3 FASTST M M 2 MAX(MPH)
MISC ----> # 28 350 39 130
================================================================================
NOTES:
# LAST OF SEVERAL OCCURRENCES
COLUMN 17 PEAK WIND IN M.P.H.
PRELIMINARY LOCAL CLIMATOLOGICAL DATA (WS FORM: F-6) , PAGE 2
STATION: CEDAR RAPIDS IA
MONTH: JUNE
YEAR: 2022
LATITUDE: 41 52 N
LONGITUDE: 91 42 W
[TEMPERATURE DATA] [PRECIPITATION DATA] SYMBOLS USED IN COLUMN 16
AVERAGE MONTHLY: 71.0 TOTAL FOR MONTH: 5.27 1 = FOG OR MIST
DPTR FM NORMAL: 1.1 DPTR FM NORMAL: -0.29 2 = FOG REDUCING VISIBILITY
HIGHEST: 96 ON 21 GRTST 24HR 3.00 ON 24-25 TO 1/4 MILE OR LESS
LOWEST: 47 ON 3 3 = THUNDER
SNOW, ICE PELLETS, HAIL 4 = ICE PELLETS
TOTAL MONTH: M 5 = HAIL
GRTST 24HR M ON M 6 = FREEZING RAIN OR DRIZZLE
GRTST DEPTH: M ON M 7 = DUSTSTORM OR SANDSTORM:
VSBY 1/2 MILE OR LESS
8 = SMOKE OR HAZE
[NO. OF DAYS WITH] [WEATHER - DAYS WITH] 9 = BLOWING SNOW
X = TORNADO
MAX 32 OR BELOW: 0 0.01 INCH OR MORE: 10
MAX 90 OR ABOVE: 6 0.10 INCH OR MORE: 6
MIN 32 OR BELOW: 0 0.50 INCH OR MORE: 2
MIN 0 OR BELOW: 0 1.00 INCH OR MORE: 2
[HDD (BASE 65) ]
TOTAL THIS MO. 7 CLEAR (SCALE 0-3) 19
DPTR FM NORMAL -19 PTCLDY (SCALE 4-7) 9
TOTAL FM JUL 1 6796 CLOUDY (SCALE 8-10) 2
DPTR FM NORMAL -24
[CDD (BASE 65) ]
TOTAL THIS MO. 194
DPTR FM NORMAL 21 [PRESSURE DATA]
TOTAL FM JAN 1 299 HIGHEST SLP 30.30 ON 27
DPTR FM NORMAL 68 LOWEST SLP 29.64 ON 13
[REMARKS]
#FINAL-06-22#