000
CXUS51 KCLE 021500
CLSCLE
CLIMATE REPORT
NATIONAL WEATHER SERVICE CLEVELAND, OH
1100 AM EDT WED JUN 02 2021
...................................
...THE CLEVELAND OH CLIMATE SUMMARY FOR THE SEASON, FROM
3/1/2021 TO 5/31/2021...
CLIMATE NORMAL PERIOD 1991 TO 2020
CLIMATE RECORD PERIOD 1871 TO 2021
WEATHER OBSERVED NORMAL DEPART
VALUE DATE(S) VALUE FROM
NORMAL
................................................
TEMPERATURE (F)
RECORD
HIGH 93 05/28/2018
LOW -5 03/09/1984
03/12/1948
HIGHEST 89 05/25
LOWEST 19 03/02
AVG. MAXIMUM 61.6 59.4 2.2
AVG. MINIMUM 40.8 40.9 -0.1
MEAN 51.2 50.2 1.0
DAYS MAX >= 90 0 0.4
DAYS MAX <= 32 0 4.2
DAYS MIN <= 32 22 26.8
DAYS MIN <= 0 0 0.0
PRECIPITATION (INCHES)
RECORD
MAXIMUM 18.21 2011
MINIMUM 4.45 1895
TOTALS 8.09 10.60 -2.51
DAYS >= .01 29 42.8
DAYS >= .10 19 24.6
DAYS >= .50 4 6.3
DAYS >= 1.00 2 1.9
SNOWFALL (INCHES)
RECORDS
TOTAL 30.8 2005
TOTALS 8.7 13.5
DAYS >= TRACE 6
DAYS >= 1.0 2 4.1
DEGREE DAYS
HEATING TOTAL 1338 1440 -102
COOLING TOTAL 91 78 13
................................................
WIND (MPH)
HIGHEST GUST SPEED/DIRECTION 55/210 DATE 03/26
SKY COVER
POSSIBLE SUNSHINE (PERCENT) MM
AVERAGE SKY COVER 0.59
NUMBER OF DAYS FAIR 17
NUMBER OF DAYS PC 48
NUMBER OF DAYS CLOUDY 27
WEATHER CONDITIONS. NUMBER OF DAYS WITH
THUNDERSTORM 5 MIXED PRECIP 0
HEAVY RAIN 1 RAIN 8
LIGHT RAIN 39 FREEZING RAIN 0
LT FREEZING RAIN 0 HAIL 0
HEAVY SNOW 2 SNOW 2
LIGHT SNOW 4 SLEET 1
FOG 26 FOG W/VIS <= 1/4 MILE 4
HAZE 8
- INDICATES NEGATIVE NUMBERS.
R INDICATES RECORD WAS SET OR TIED.
MM INDICATES DATA IS MISSING.
T INDICATES TRACE AMOUNT.
$$