000
CXUS51 KCLE 051813 CCA
CLSCLE
CLIMATE REPORT...CORRECTED
NATIONAL WEATHER SERVICE CLEVELAND, OH
126 PM EDT MON SEP 05 2022
...................................
...THE CLEVELAND OH CLIMATE SUMMARY FOR THE SEASON, FROM
6/1/2022 TO 8/31/2022...
CLIMATE NORMAL PERIOD 1991 TO 2020
CLIMATE RECORD PERIOD 1871 TO 2022
WEATHER OBSERVED NORMAL DEPART
VALUE DATE(S) VALUE FROM
NORMAL
................................................
TEMPERATURE (F)
RECORD
HIGH 104 06/25/1988
LOW 31 06/11/1972
HIGHEST 95 06/15
06/21
LOWEST 49 06/19
AVG. MAXIMUM 82.1 81.8 0.3
AVG. MINIMUM 63.8 63.4 0.4
MEAN 72.9 72.6 0.3
DAYS MAX >= 90 13 10.6
DAYS MAX <= 32 0 0.0
DAYS MIN <= 32 0 0.0
DAYS MIN <= 0 0 0.0
PRECIPITATION (INCHES)
RECORD
MAXIMUM 19.88 1972
MINIMUM 3.63 1933
TOTALS 12.82 11.06 1.76
DAYS >= .01 33 32.5
DAYS >= .10 25 20.1
DAYS >= .50 7 6.8
DAYS >= 1.00 4 2.3
SNOWFALL (INCHES)
RECORDS
TOTAL T 2008
TOTALS 0.0 0.0
DAYS >= TRACE 0
DAYS >= 1.0 0 0.0
DEGREE DAYS
HEATING TOTAL 12 36 -24
COOLING TOTAL 764 740 24
................................................
WIND (MPH)
HIGHEST GUST SPEED/DIRECTION 46/260 DATE 08/08
SKY COVER
POSSIBLE SUNSHINE (PERCENT) MM
AVERAGE SKY COVER 0.51
NUMBER OF DAYS FAIR 27
NUMBER OF DAYS PC 44
NUMBER OF DAYS CLOUDY 21
WEATHER CONDITIONS. NUMBER OF DAYS WITH
THUNDERSTORM 24 MIXED PRECIP 0
HEAVY RAIN 14 RAIN 12
LIGHT RAIN 37 FREEZING RAIN 0
LT FREEZING RAIN 0 HAIL 0
HEAVY SNOW 0 SNOW 0
LIGHT SNOW 0 SLEET 0
FOG 34 FOG W/VIS <= 1/4 MILE 2
HAZE 10
- INDICATES NEGATIVE NUMBERS.
R INDICATES RECORD WAS SET OR TIED.
MM INDICATES DATA IS MISSING.
T INDICATES TRACE AMOUNT.
$$
...CORRECTED RECORD LOW...