000
CXUS54 KHGX 011510
CF6CLL
PRELIMINARY LOCAL CLIMATOLOGICAL DATA (WS FORM: F-6)
STATION: COLLEGE STATION
MONTH: NOVEMBER
YEAR: 2022
LATITUDE: 30 34 N
LONGITUDE: 96 22 W
TEMPERATURE IN F: :PCPN: SNOW: WIND :SUNSHINE: SKY :PK WND
================================================================================
1 2 3 4 5 6A 6B 7 8 9 10 11 12 13 14 15 16 17 18
12Z AVG MX 2MIN
DY MAX MIN AVG DEP HDD CDD WTR SNW DPTH SPD SPD DIR MIN PSBL S-S WX SPD DR
================================================================================
1 69 58 64 -1 1 0 T 0.0 0 3.7 10 130 M M 5 1 15 30
2 79 54 67 2 0 2 0.00 0.0 0 5.5 13 130 M M 3 12 16 110
3 86 70 78 14 0 13 T 0.0 0 11.9 20 160 M M 8 1 28 170
4 86 57 72 8 0 7 0.64 0.0 0 16.1 29 170 M M 9 13 41 170
5 70 53 62 -2 3 0 0.00 0.0 0 4.6 10 160 M M 3 15 20
6 85 54 70 6 0 5 0.00 0.0 0 5.6 15 190 M M 5 20 200
7 87 72 80 17 0 15 0.00 0.0 0 7.3 13 160 M M 6 18 130
8 86 68 77 14 0 12 0.00 0.0 0 6.8 14 180 M M 1 8 20 150
9 85 64 75 13 0 10 0.00 0.0 0 6.6 15 170 M M 1 24 160
10 83 66 75 13 0 10 0.00 0.0 0 7.3 16 170 M M 7 1 19 170
11 79 45 62 0 3 0 1.48 0.0 0 11.9 28 350 M M 9 13 39 340
12 58 40 49 -12 16 0 0.00 0.0 0 12.8 21 10 M M 1 30 350
13 59 35 47 -14 18 0 0.00 0.0 0 6.0 12 60 M M 1 16 30
14 51 46 49 -12 16 0 0.34 0.0 0 9.7 22 340 M M 10 1 33 330
15 48 40 44 -16 21 0 0.00 0.0 0 11.5 24 360 M M 8 31 360
16 58 40 49 -11 16 0 0.00 0.0 0 7.2 16 360 M M 2 22 10
17 62 42 52 -8 13 0 0.00 0.0 0 2.7 8 80 M M 4 8 11 80
18 59 47 53 -7 12 0 T 0.0 0 4.1 10 70 M M 10 16 50
19 52 40 46 -13 19 0 0.49 0.0 0 9.5 20 10 M M 10 1 25 10
20 51 35 43 -16 22 0 0.05 0.0 0 6.1 12 40 M M 7 17 60
21 46 44 45 -14 20 0 0.44 0.0 0 4.8 8 60 M M 10 1 11 50
22 59 44 52 -6 13 0 0.01 0.0 0 4.1 9 50 M M 10 15 210
23 73 54 64 6 1 0 0.00 0.0 0 5.7 15 130 M M 8 19 120
24 71 61 66 8 0 1 0.47 0.0 0 8.6 25 350 M M 10 123 35 350
25 63 58 61 3 4 0 0.12 0.0 0 11.6 18 40 M M 9 1 25 20
26 63 47 55 -2 10 0 1.12 0.0 0 11.8 28 280 M M 6 13 36 280
27 69 46 58 1 7 0 0.00 0.0 0 4.5 10 300 M M 0 15 270
28 75 43 59 2 6 0 0.00 0.0 0 5.7 16 160 M M 1 20 160
29 84 64 74 18 0 9 0.00 0.0 0 9.6 21 200 M M 7 128 30 200
30 67 43 55 -1 10 0 0.00 0.0 0 13.4 24 340 M M 0 12 34 340
================================================================================
SM 2063 1530 231 84 5.16 0.0 236.7 M 171
================================================================================
AV 68.8 51.0 7.9 FASTST M M 6 MAX(MPH)
MISC ----> 29 170 41 170
================================================================================
NOTES:
# LAST OF SEVERAL OCCURRENCES
COLUMN 17 PEAK WIND IN M.P.H.
PRELIMINARY LOCAL CLIMATOLOGICAL DATA (WS FORM: F-6) , PAGE 2
STATION: COLLEGE STATION
MONTH: NOVEMBER
YEAR: 2022
LATITUDE: 30 34 N
LONGITUDE: 96 22 W
[TEMPERATURE DATA] [PRECIPITATION DATA] SYMBOLS USED IN COLUMN 16
AVERAGE MONTHLY: 59.9 TOTAL FOR MONTH: 5.16 1 = FOG OR MIST
DPTR FM NORMAL: -0.5 DPTR FM NORMAL: 1.85 2 = FOG REDUCING VISIBILITY
HIGHEST: 87 ON 7 GRTST 24HR 1.48 ON 11-11 TO 1/4 MILE OR LESS
LOWEST: 35 ON 20,13 3 = THUNDER
SNOW, ICE PELLETS, HAIL 4 = ICE PELLETS
TOTAL MONTH: 0.0 INCH 5 = HAIL
GRTST 24HR 0.0 6 = FREEZING RAIN OR DRIZZLE
GRTST DEPTH: 0 7 = DUSTSTORM OR SANDSTORM:
VSBY 1/2 MILE OR LESS
8 = SMOKE OR HAZE
[NO. OF DAYS WITH] [WEATHER - DAYS WITH] 9 = BLOWING SNOW
X = TORNADO
MAX 32 OR BELOW: 0 0.01 INCH OR MORE: 10
MAX 90 OR ABOVE: 0 0.10 INCH OR MORE: 8
MIN 32 OR BELOW: 0 0.50 INCH OR MORE: 3
MIN 0 OR BELOW: 0 1.00 INCH OR MORE: 2
[HDD (BASE 65) ]
TOTAL THIS MO. 231 CLEAR (SCALE 0-3) 9
DPTR FM NORMAL 37 PTCLDY (SCALE 4-7) 10
TOTAL FM JUL 1 257 CLOUDY (SCALE 8-10) 11
DPTR FM NORMAL 25
[CDD (BASE 65) ]
TOTAL THIS MO. 84
DPTR FM NORMAL 26 [PRESSURE DATA]
TOTAL FM JAN 1 3862 HIGHEST SLP 30.51 ON 16
DPTR FM NORMAL 709 LOWEST SLP 29.68 ON 29
[REMARKS]
#FINAL-11-22#