000
CXUS54 KHGX 011510
CF6CLL
PRELIMINARY LOCAL CLIMATOLOGICAL DATA (WS FORM: F-6)
STATION: COLLEGE STATION
MONTH: FEBRUARY
YEAR: 2024
LATITUDE: 30 34 N
LONGITUDE: 96 22 W
TEMPERATURE IN F: :PCPN: SNOW: WIND :SUNSHINE: SKY :PK WND
================================================================================
1 2 3 4 5 6A 6B 7 8 9 10 11 12 13 14 15 16 17 18
12Z AVG MX 2MIN
DY MAX MIN AVG DEP HDD CDD WTR SNW DPTH SPD SPD DIR MIN PSBL S-S WX SPD DR
================================================================================
1 73 47 60 7 5 0 0.00 0.0 0 6.3 21 170 M M 0 26 160
2 72 54 63 10 2 0 0.45 0.0 0 8.7 20 120 M M 8 13 25 110
3 72 51 62 9 3 0 1.02 0.0 0 6.2 24 80 M M 5 13 36 80
4 64 45 55 2 10 0 0.00 0.0 0 10.8 29 300 M M 2 40 320
5 64 48 56 2 9 0 0.00 0.0 0 13.5 23 350 M M 6 32 340
6 71 41 56 2 9 0 0.00 0.0 0 3.2 8 70 M M 0 18 11 240
7 70 46 58 4 7 0 0.00 0.0 0 11.9 28 160 M M 3 18 36 160
8 74 61 68 14 0 3 0.03 0.0 0 6.5 18 160 M M 8 1 25 150
9 73 63 68 14 0 3 0.00 0.0 0 5.9 21 160 M M 7 27 170
10 68 59 64 10 1 0 1.25 0.0 0 7.3 22 360 M M 9 123 33 230
11 66 47 57 3 8 0 0.33 0.0 0 11.5 22 310 M M 10 13 35 320
12 59 40 50 -5 15 0 0.00 0.0 0 12.9 24 320 M M 4 36 330
13 66 36 51 -4 14 0 0.00 0.0 0 3.5 12 170 M M 0 16 160
14 68 43 56 1 9 0 0.00 0.0 0 7.6 17 150 M M 1 8 22 170
15 72 50 61 6 4 0 0.00 0.0 0 5.1 13 180 M M 5 17 190
16 70 54 62 6 3 0 T 0.0 0 8.3 26 350 M M 5 1 38 360
17 54 38 46 -10 19 0 0.00 0.0 0 16.1 25 10 M M 5 39 20
18 56 32 44 -12 21 0 0.00 0.0 0 4.7 14 360 M M 1 19 20
19 67 34 51 -5 14 0 0.00 0.0 0 6.5 20 170 M M 0 27 170
20 79 44 62 6 3 0 0.00 0.0 0 7.9 16 150 M M 0 1 27 180
21 79 61 70 13 0 5 0.00 0.0 0 14.2 25 160 M M 6 32 170
22 81 65 73 16 0 8 0.00 0.0 0 10.8 24 190 M M 5 34 180
23 77 53 65 8 0 0 0.00 0.0 0 8.8 21 10 M M 0 32 330
24 80 45 63 6 2 0 0.00 0.0 0 4.0 15 270 M M 0 21 280
25 82 51 67 9 0 2 0.00 0.0 0 12.5 25 180 M M 0 35 220
26 81 65 73 15 0 8 0.00 0.0 0 12.6 23 180 M M 5 31 190
27 82 69 76 18 0 11 0.00 0.0 0 11.9 23 210 M M 6 1 31 200
28 71 47 59 1 6 0 0.00 0.0 0 15.6 30 360 M M 3 18 40 10
29 53 45 49 -9 16 0 0.01 0.0 0 7.6 17 20 M M 6 1 24 40
================================================================================
SM 2044 1434 180 40 3.09 0.0 262.4 M 110
================================================================================
AV 70.5 49.4 9.0 FASTST M M 4 MAX(MPH)
MISC ----> 30 360 # 40 320
================================================================================
NOTES:
# LAST OF SEVERAL OCCURRENCES
COLUMN 17 PEAK WIND IN M.P.H.
PRELIMINARY LOCAL CLIMATOLOGICAL DATA (WS FORM: F-6) , PAGE 2
STATION: COLLEGE STATION
MONTH: FEBRUARY
YEAR: 2024
LATITUDE: 30 34 N
LONGITUDE: 96 22 W
[TEMPERATURE DATA] [PRECIPITATION DATA] SYMBOLS USED IN COLUMN 16
AVERAGE MONTHLY: 60.0 TOTAL FOR MONTH: 3.09 1 = FOG OR MIST
DPTR FM NORMAL: 4.7 DPTR FM NORMAL: 0.19 2 = FOG REDUCING VISIBILITY
HIGHEST: 82 ON 27,25 GRTST 24HR 1.55 ON 10-11 TO 1/4 MILE OR LESS
LOWEST: 32 ON 18 3 = THUNDER
SNOW, ICE PELLETS, HAIL 4 = ICE PELLETS
TOTAL MONTH: 0.0 INCH 5 = HAIL
GRTST 24HR 0.0 6 = FREEZING RAIN OR DRIZZLE
GRTST DEPTH: 0 7 = DUSTSTORM OR SANDSTORM:
VSBY 1/2 MILE OR LESS
8 = SMOKE OR HAZE
[NO. OF DAYS WITH] [WEATHER - DAYS WITH] 9 = BLOWING SNOW
X = TORNADO
MAX 32 OR BELOW: 0 0.01 INCH OR MORE: 6
MAX 90 OR ABOVE: 0 0.10 INCH OR MORE: 4
MIN 32 OR BELOW: 1 0.50 INCH OR MORE: 2
MIN 0 OR BELOW: 0 1.00 INCH OR MORE: 2
[HDD (BASE 65) ]
TOTAL THIS MO. 180 CLEAR (SCALE 0-3) 12
DPTR FM NORMAL -113 PTCLDY (SCALE 4-7) 13
TOTAL FM JUL 1 1175 CLOUDY (SCALE 8-10) 4
DPTR FM NORMAL -182
[CDD (BASE 65) ]
TOTAL THIS MO. 40
DPTR FM NORMAL 18 [PRESSURE DATA]
TOTAL FM JAN 1 40 HIGHEST SLP 30.35 ON 29
DPTR FM NORMAL 7 LOWEST SLP 29.51 ON 4
[REMARKS]
#FINAL-02-24#