000
CXUS54 KHGX 011625
CF6CLL
PRELIMINARY LOCAL CLIMATOLOGICAL DATA (WS FORM: F-6)
STATION: COLLEGE STATION
MONTH: NOVEMBER
YEAR: 2021
LATITUDE: 30 34 N
LONGITUDE: 96 22 W
TEMPERATURE IN F: :PCPN: SNOW: WIND :SUNSHINE: SKY :PK WND
================================================================================
1 2 3 4 5 6A 6B 7 8 9 10 11 12 13 14 15 16 17 18
12Z AVG MX 2MIN
DY MAX MIN AVG DEP HDD CDD WTR SNW DPTH SPD SPD DIR MIN PSBL S-S WX SPD DR
================================================================================
1 80 54 67 2 0 2 0.00 0.0 0 5.0 13 140 M M 0 17 160
2 80 58 69 4 0 4 0.00 0.0 0 4.1 10 140 M M 5 12 13 110
3 68 51 60 -4 5 0 1.57 0.0 0 9.8 20 350 M M 10 13 25 20
4 62 49 56 -8 9 0 0.00 0.0 0 9.3 16 10 M M 6 1 21 20
5 64 44 54 -10 11 0 0.00 0.0 0 4.3 12 10 M M 0 17 30
6 69 45 57 -7 8 0 0.00 0.0 0 3.4 10 360 M M 0 12 360
7 73 47 60 -3 5 0 0.00 0.0 0 4.5 13 170 M M 0 18 16 200
8 77 50 64 1 1 0 0.00 0.0 0 6.7 15 150 M M 0 18 19 150
9 79 56 68 6 0 3 0.00 0.0 0 6.8 14 160 M M 1 8 18 150
10 81 63 72 10 0 7 0.00 0.0 0 10.7 21 170 M M 8 18 26 170
11 75 56 66 4 0 1 0.05 0.0 0 10.1 18 360 M M 1 13 26 240
12 76 46 61 0 4 0 0.00 0.0 0 5.8 17 320 M M 0 22 360
13 68 41 55 -6 10 0 0.00 0.0 0 4.2 13 10 M M 0 16 20
14 78 47 63 2 2 0 0.00 0.0 0 4.7 16 240 M M 0 22 250
15 82 57 70 10 0 5 0.00 0.0 0 6.9 16 160 M M 1 1 22 160
16 82 60 71 11 0 6 0.00 0.0 0 10.3 23 170 M M 4 12 30 180
17 84 63 74 14 0 9 0.00 0.0 0 9.3 22 190 M M 1 30 190
18 69 50 60 0 5 0 0.00 0.0 0 12.8 23 10 M M 2 32 350
19 67 43 55 -4 10 0 0.00 0.0 0 6.2 13 40 M M 0 18 60
20 75 47 61 2 4 0 0.00 0.0 0 6.3 15 210 M M 6 1 20 220
21 77 59 68 9 0 3 T 0.0 0 9.0 22 330 M M 8 1 28 340
22 71 45 58 0 7 0 0.00 0.0 0 7.5 16 360 M M 0 21 30
23 71 40 56 -2 9 0 0.00 0.0 0 6.2 16 150 M M 0 20 160
24 80 54 67 9 0 2 T 0.0 0 11.6 25 170 M M 6 35 160
25 70 50 60 2 5 0 0.15 0.0 0 11.5 25 340 M M 6 1 35 330
26 56 43 50 -7 15 0 0.00 0.0 0 7.2 16 30 M M 0 21 10
27 53 45 49 -8 16 0 0.47 0.0 0 3.8 12 220 M M 8 1 15 240
28 68 46 57 0 8 0 0.22 0.0 0 4.2 13 360 M M 6 1 17 330
29 70 40 55 -1 10 0 0.00 0.0 0 3.3 9 200 M M 0 8 15 180
30 74 46 60 4 5 0 0.00 0.0 0 5.8 14 160 M M 0 25 160
================================================================================
SM 2179 1495 149 42 2.46 0.0 211.3 M 79
================================================================================
AV 72.6 49.8 7.0 FASTST M M 3 MAX(MPH)
MISC ----> # 25 170 # 35 160
================================================================================
NOTES:
# LAST OF SEVERAL OCCURRENCES
COLUMN 17 PEAK WIND IN M.P.H.
PRELIMINARY LOCAL CLIMATOLOGICAL DATA (WS FORM: F-6) , PAGE 2
STATION: COLLEGE STATION
MONTH: NOVEMBER
YEAR: 2021
LATITUDE: 30 34 N
LONGITUDE: 96 22 W
[TEMPERATURE DATA] [PRECIPITATION DATA] SYMBOLS USED IN COLUMN 16
AVERAGE MONTHLY: 61.2 TOTAL FOR MONTH: 2.46 1 = FOG OR MIST
DPTR FM NORMAL: 0.8 DPTR FM NORMAL: -0.85 2 = FOG REDUCING VISIBILITY
HIGHEST: 84 ON 17 GRTST 24HR 1.57 ON 3- 3 TO 1/4 MILE OR LESS
LOWEST: 40 ON 29,23 3 = THUNDER
SNOW, ICE PELLETS, HAIL 4 = ICE PELLETS
TOTAL MONTH: 0.0 INCH 5 = HAIL
GRTST 24HR 0.0 6 = FREEZING RAIN OR DRIZZLE
GRTST DEPTH: 0 7 = DUSTSTORM OR SANDSTORM:
VSBY 1/2 MILE OR LESS
8 = SMOKE OR HAZE
[NO. OF DAYS WITH] [WEATHER - DAYS WITH] 9 = BLOWING SNOW
X = TORNADO
MAX 32 OR BELOW: 0 0.01 INCH OR MORE: 5
MAX 90 OR ABOVE: 0 0.10 INCH OR MORE: 4
MIN 32 OR BELOW: 0 0.50 INCH OR MORE: 1
MIN 0 OR BELOW: 0 1.00 INCH OR MORE: 1
[HDD (BASE 65) ]
TOTAL THIS MO. 149 CLEAR (SCALE 0-3) 19
DPTR FM NORMAL -45 PTCLDY (SCALE 4-7) 9
TOTAL FM JUL 1 158 CLOUDY (SCALE 8-10) 2
DPTR FM NORMAL -74
[CDD (BASE 65) ]
TOTAL THIS MO. 42
DPTR FM NORMAL -16 [PRESSURE DATA]
TOTAL FM JAN 1 3187 HIGHEST SLP 30.45 ON 19
DPTR FM NORMAL 34 LOWEST SLP 29.81 ON 10
[REMARKS]
#FINAL-11-21#