000
CXUS52 KGSP 010817
CF6CLT
PRELIMINARY LOCAL CLIMATOLOGICAL DATA (WS FORM: F-6)
STATION: CHARLOTTE NC
MONTH: APRIL
YEAR: 2023
LATITUDE: 35 12 N
LONGITUDE: 80 57 W
TEMPERATURE IN F: :PCPN: SNOW: WIND :SUNSHINE: SKY :PK WND
================================================================================
1 2 3 4 5 6A 6B 7 8 9 10 11 12 13 14 15 16 17 18
12Z AVG MX 2MIN
DY MAX MIN AVG DEP HDD CDD WTR SNW DPTH SPD SPD DIR MIN PSBL S-S WX SPD DR
================================================================================
1 79 63 71 14 0 6 0.13 0.0 0 14.4 28 220 M M 5 13 36 230
2 69 45 57 0 8 0 0.00 0.0 0 6.7 16 320 M M 1 22 330
3 66 48 57 -1 8 0 0.02 0.0 0 4.4 14 180 M M 8 8 18 200
4 81 55 68 10 0 3 0.00 0.0 0 4.8 13 200 M M 6 12 17 200
5 86 60 73 15 0 8 0.00 0.0 0 7.2 20 200 M M 5 18 25 190
6 84 67 76 18 0 11 0.06 0.0 0 7.2 18 260 M M 8 13 24 250
7 70 45 58 -1 7 0 1.05 0.0 0 10.7 26 60 M M 10 13 35 40
8 46 41 44 -15 21 0 1.35 0.0 0 12.3 23 50 M M 10 1 31 50
9 63 41 52 -7 13 0 T 0.0 0 11.5 21 50 M M 3 26 40
10 65 37 51 -9 14 0 0.00 0.0 0 6.5 16 50 M M 2 24 70
11 73 37 55 -5 10 0 0.00 0.0 0 3.9 9 230 M M 0 12 230
12 80 44 62 2 3 0 0.00 0.0 0 3.6 12 180 M M 2 15 220
13 80 50 65 5 0 0 0.06 0.0 0 5.1 14 180 M M 4 1 17 180
14 77 62 70 9 0 5 0.33 0.0 0 4.8 15 160 M M 9 13 21 160
15 79 59 69 8 0 4 0.00 0.0 0 5.0 13 200 M M 6 18 330
16 77 59 68 7 0 3 0.01 0.0 0 8.2 18 220 M M 7 18 26 210
17 71 49 60 -2 5 0 0.00 0.0 0 9.4 21 320 M M 3 31 330
18 79 45 62 0 3 0 0.00 0.0 0 5.7 15 230 M M 1 23 240
19 85 50 68 6 0 3 0.00 0.0 0 3.5 13 210 M M 2 17 220
20 85 58 72 10 0 7 0.00 0.0 0 7.0 16 260 M M 4 8 21 260
21 82 56 69 6 0 4 0.00 0.0 0 7.9 17 210 M M 4 8 22 150
22 74 52 63 0 2 0 0.33 0.0 0 8.0 23 300 M M 6 138 30 300
23 73 44 59 -4 6 0 0.00 0.0 0 4.6 16 250 M M 4 22 270
24 67 49 58 -6 7 0 0.00 0.0 0 6.2 16 50 M M 5 21 50
25 68 47 58 -6 7 0 T 0.0 0 4.9 13 30 M M 6 17 10
26 59 55 57 -7 8 0 0.26 0.0 0 3.6 8 20 M M 10 1 9 50
27 62 55 59 -5 6 0 1.95 0.0 0 7.5 16 100 M M 10 1 23 80
28 77 61 69 4 0 4 0.76 0.0 0 8.1 18 220 M M 7 13 24 220
29 72 60 66 1 0 1 0.04 0.0 0 5.1 9 150 M M 9 1 13 150
30 72 50 61 -4 4 0 0.17 0.0 0 8.6 28 300 M M 8 1 40 300
================================================================================
SM 2201 1544 132 59 6.52 0.0 206.4 M 165
================================================================================
AV 73.4 51.5 6.9 FASTST M M 6 MAX(MPH)
MISC ----> # 28 220 40 300
================================================================================
NOTES:
# LAST OF SEVERAL OCCURRENCES
COLUMN 17 PEAK WIND IN M.P.H.
PRELIMINARY LOCAL CLIMATOLOGICAL DATA (WS FORM: F-6) , PAGE 2
STATION: CHARLOTTE NC
MONTH: APRIL
YEAR: 2023
LATITUDE: 35 12 N
LONGITUDE: 80 57 W
[TEMPERATURE DATA] [PRECIPITATION DATA] SYMBOLS USED IN COLUMN 16
AVERAGE MONTHLY: 62.4 TOTAL FOR MONTH: 6.52 1 = FOG OR MIST
DPTR FM NORMAL: 1.3 DPTR FM NORMAL: 2.68 2 = FOG REDUCING VISIBILITY
HIGHEST: 86 ON 5 GRTST 24HR 1.95 ON 27-27 TO 1/4 MILE OR LESS
LOWEST: 37 ON 11,10 3 = THUNDER
SNOW, ICE PELLETS, HAIL 4 = ICE PELLETS
TOTAL MONTH: 0.0 INCH 5 = HAIL
GRTST 24HR 0.0 6 = FREEZING RAIN OR DRIZZLE
GRTST DEPTH: 0 7 = DUSTSTORM OR SANDSTORM:
VSBY 1/2 MILE OR LESS
8 = SMOKE OR HAZE
[NO. OF DAYS WITH] [WEATHER - DAYS WITH] 9 = BLOWING SNOW
X = TORNADO
MAX 32 OR BELOW: 0 0.01 INCH OR MORE: 14
MAX 90 OR ABOVE: 0 0.10 INCH OR MORE: 9
MIN 32 OR BELOW: 0 0.50 INCH OR MORE: 4
MIN 0 OR BELOW: 0 1.00 INCH OR MORE: 3
[HDD (BASE 65) ]
TOTAL THIS MO. 132 CLEAR (SCALE 0-3) 8
DPTR FM NORMAL -31 PTCLDY (SCALE 4-7) 15
TOTAL FM JUL 1 2470 CLOUDY (SCALE 8-10) 7
DPTR FM NORMAL -547
[CDD (BASE 65) ]
TOTAL THIS MO. 59
DPTR FM NORMAL 12 [PRESSURE DATA]
TOTAL FM JAN 1 92 HIGHEST SLP 30.53 ON 10
DPTR FM NORMAL 33 LOWEST SLP 29.36 ON 30
[REMARKS]
#FINAL-04-23#