000
CXUS53 KTOP 010810
CF6CNK
PRELIMINARY LOCAL CLIMATOLOGICAL DATA (WS FORM: F-6)
STATION: CONCORDIA KS
MONTH: MARCH
YEAR: 2023
LATITUDE: 39 32 N
LONGITUDE: 97 39 W
TEMPERATURE IN F: :PCPN: SNOW: WIND :SUNSHINE: SKY :PK WND
================================================================================
1 2 3 4 5 6A 6B 7 8 9 10 11 12 13 14 15 16 17 18
12Z AVG MX 2MIN
DY MAX MIN AVG DEP HDD CDD WTR SNW DPTH SPD SPD DIR MIN PSBL S-S WX SPD DR
================================================================================
1 60 32 46 8 19 0 0.00 M M 9.4 20 20 M M 0 28 40
2 47 27 37 -1 28 0 0.00 0.0 0 9.8 15 40 M M 4 8 21 70
3 61 24 43 5 22 0 0.00 0.0 0 7.3 17 270 M M 0 24 280
4 57 37 47 8 18 0 0.02 0.0 0 9.4 21 320 M M 3 27 310
5 74 37 56 17 9 0 0.00 0.0 0 12.7 23 210 M M 2 34 170
6 48 34 41 1 24 0 0.00 0.0 0 13.4 22 20 M M 5 1 30 350
7 46 34 40 0 25 0 0.00 0.0 0 10.2 17 30 M M 10 23 60
8 42 36 39 -1 26 0 0.01 0.0 0 9.3 16 20 M M 10 1 22 10
9 43 33 38 -3 27 0 0.11 M M 10.1 20 360 M M 9 1 27 340
10 41 25 33 -8 32 0 0.00 M M 8.9 20 120 M M 5 26 120
11 44 30 37 -5 28 0 0.05 M M 9.5 20 130 M M 5 18 27 130
12 44 24 34 -8 31 0 0.00 M M 11.2 22 360 M M 2 12 31 320
13 40 20 30 -13 35 0 0.00 0.0 0 6.5 17 360 M M 3 22 360
14 57 22 40 -3 25 0 0.00 0.0 0 16.3 29 180 M M 0 42 170
15 70 40 55 12 10 0 0.00 0.0 0 23.2 36 190 M M 0 49 180
16 54 29 42 -2 23 0 0.06 M 0 18.4 35 340 M M 7 16 49 340
17 47 24 36 -8 29 0 0.00 M M 14.1 26 310 M M 3 36 340
18 36 18 27 -17 38 0 0.00 M M 12.3 24 340 M M 2 33 20
19 53 14 34 -11 31 0 0.00 M M 15.2 28 190 M M 0 39 190
20 65 38 52 7 13 0 0.00 M M 24.1 33 200 M M 0 46 200
21 61 38 50 4 15 0 0.00 M M 13.6 23 150 M M 5 12 32 170
22 50 42 46 0 19 0 T M M 10.2 20 20 M M 10 12 26 10
23 49 34 42 -4 23 0 0.00 M M 10.0 22 360 M M 4 8 30 20
24 58 29 44 -3 21 0 T M M 6.8 16 20 M M 6 22 20
25 63 35 49 2 16 0 0.24 M M 9.7 26 260 M M 5 1 37 260
26 38 33 36 -11 29 0 0.00 M M 12.7 24 330 M M 10 34 330
27 46 25 36 -12 29 0 T M M 6.6 16 330 M M 4 1 21 350
28 55 25 40 -8 25 0 T M M 9.2 16 190 M M 2 1 24 230
29 65 33 49 1 16 0 0.00 M M 10.8 18 150 M M 0 26 90
30 76 35 56 7 9 0 T M M 22.3 39 180 M M 3 55 180
31 67 34 51 2 14 0 0.00 M M 23.1 40 300 M M 3 60 310
================================================================================
SM 1657 941 709 0 0.49 0.0 386.3 M 122
================================================================================
AV 53.5 30.4 12.5 FASTST M M 4 MAX(MPH)
MISC ----> 40 300 60 310
================================================================================
NOTES:
# LAST OF SEVERAL OCCURRENCES
COLUMN 17 PEAK WIND IN M.P.H.
PRELIMINARY LOCAL CLIMATOLOGICAL DATA (WS FORM: F-6) , PAGE 2
STATION: CONCORDIA KS
MONTH: MARCH
YEAR: 2023
LATITUDE: 39 32 N
LONGITUDE: 97 39 W
[TEMPERATURE DATA] [PRECIPITATION DATA] SYMBOLS USED IN COLUMN 16
AVERAGE MONTHLY: 41.9 TOTAL FOR MONTH: 0.49 1 = FOG OR MIST
DPTR FM NORMAL: -1.6 DPTR FM NORMAL: -1.04 2 = FOG REDUCING VISIBILITY
HIGHEST: 76 ON 30 GRTST 24HR 0.24 ON 24-25 TO 1/4 MILE OR LESS
LOWEST: 14 ON 19 3 = THUNDER
SNOW, ICE PELLETS, HAIL 4 = ICE PELLETS
TOTAL MONTH: 0.0 INCH 5 = HAIL
GRTST 24HR 0.0 6 = FREEZING RAIN OR DRIZZLE
GRTST DEPTH: 0 7 = DUSTSTORM OR SANDSTORM:
VSBY 1/2 MILE OR LESS
8 = SMOKE OR HAZE
[NO. OF DAYS WITH] [WEATHER - DAYS WITH] 9 = BLOWING SNOW
X = TORNADO
MAX 32 OR BELOW: 0 0.01 INCH OR MORE: 6
MAX 90 OR ABOVE: 0 0.10 INCH OR MORE: 2
MIN 32 OR BELOW: 15 0.50 INCH OR MORE: 0
MIN 0 OR BELOW: 0 1.00 INCH OR MORE: 0
[HDD (BASE 65) ]
TOTAL THIS MO. 709 CLEAR (SCALE 0-3) 13
DPTR FM NORMAL 42 PTCLDY (SCALE 4-7) 13
TOTAL FM JUL 1 4537 CLOUDY (SCALE 8-10) 5
DPTR FM NORMAL -262
[CDD (BASE 65) ]
TOTAL THIS MO. 0
DPTR FM NORMAL -2 [PRESSURE DATA]
TOTAL FM JAN 1 0 HIGHEST SLP M ON M
DPTR FM NORMAL -2 LOWEST SLP 29.38 ON 31
[REMARKS]
#FINAL-03-23#