000
CXUS53 KTOP 010810
CF6CNK
PRELIMINARY LOCAL CLIMATOLOGICAL DATA (WS FORM: F-6)
STATION: CONCORDIA KS
MONTH: MARCH
YEAR: 2022
LATITUDE: 39 32 N
LONGITUDE: 97 39 W
TEMPERATURE IN F: :PCPN: SNOW: WIND :SUNSHINE: SKY :PK WND
================================================================================
1 2 3 4 5 6A 6B 7 8 9 10 11 12 13 14 15 16 17 18
12Z AVG MX 2MIN
DY MAX MIN AVG DEP HDD CDD WTR SNW DPTH SPD SPD DIR MIN PSBL S-S WX SPD DR
================================================================================
1 77 39 58 20 7 0 0.00 M M 8.3 15 290 M M 0 21 230
2 81 46 64 26 1 0 0.00 M M 7.9 16 270 M M 0 8 20 260
3 60 32 46 8 19 0 0.00 M M 10.8 18 60 M M 3 18 27 50
4 76 36 56 17 9 0 0.00 M M 17.7 33 190 M M 1 44 170
5 72 28 50 11 15 0 0.05 M M 16.7 32 210 M M 7 3 42 180
6 36 22 29 -11 36 0 0.08 M M 13.1 23 350 M M 4 1 30 360
7 40 19 30 -10 35 0 0.01 M M 10.0 17 330 M M 2 1 24 320
8 50 14 32 -8 33 0 0.00 M M 9.9 22 10 M M 2 30 10
9 37 19 28 -13 37 0 0.06 M M 12.0 22 20 M M 4 1 29 50
10 23 17 20 -21 45 0 0.19 M M 9.3 18 30 M M 8 1 27 30
11 32 8 20 -22 45 0 0.00 M M 9.8 17 30 M M 2 22 30
12 52 6 29 -13 36 0 0.00 M M 10.2 23 200 M M 1 29 210
13 69 36 53 10 12 0 0.00 M M 13.5 28 180 M M 0 41 180
14 60 33 47 4 18 0 0.00 M M 10.9 29 180 M M 0 42 190
15 63 27 45 2 20 0 0.00 M M 8.4 23 190 M M 0 31 190
16 73 37 55 11 10 0 0.00 M M 11.0 24 190 M M 0 33 190
17 59 34 47 3 18 0 0.19 M M 21.1 38 40 M M 5 1 52 40
18 54 34 44 0 21 0 0.24 M M 14.5 26 340 M M 5 1 39 350
19 67 30 49 4 16 0 0.00 M M 6.9 17 180 M M 0 22 180
20 80 49 65 20 0 0 0.00 M M 22.2 35 200 M M 0 47 180
21 68 44 56 10 9 0 0.45 M M 16.0 31 190 M M 6 1 42 180
22 49 34 42 -4 23 0 0.73 M M 25.2 40 360 M M 9 1 59 350
23 41 34 38 -8 27 0 0.01 M M 17.4 31 330 M M 8 45 330
24 51 34 43 -4 22 0 0.00 M M 8.6 16 340 M M 6 22 310
25 59 36 48 1 17 0 T M M 12.0 24 10 M M 4 34 10
26 58 31 45 -2 20 0 0.00 M M 6.6 13 70 M M 0 19 40
27 52 32 42 -6 23 0 0.00 M M 10.0 17 90 M M 0 24 90
28 62 27 45 -3 20 0 0.00 M M 12.3 25 130 M M 0 31 120
29 86 42 64 16 1 0 0.00 M M 17.6 39 200 M M 1 8 60 200
30 47 33 40 -9 25 0 T M M 20.6 32 330 M M 9 45 350
31 52 30 41 -8 24 0 0.05 M M 12.0 21 330 M M 5 1 29 310
================================================================================
SM 1786 943 644 0 2.06 M 402.5 M 92
================================================================================
AV 57.6 30.4 13.0 FASTST M M 3 MAX(MPH)
MISC ----> 40 360 60 200
================================================================================
NOTES:
# LAST OF SEVERAL OCCURRENCES
COLUMN 17 PEAK WIND IN M.P.H.
PRELIMINARY LOCAL CLIMATOLOGICAL DATA (WS FORM: F-6) , PAGE 2
STATION: CONCORDIA KS
MONTH: MARCH
YEAR: 2022
LATITUDE: 39 32 N
LONGITUDE: 97 39 W
[TEMPERATURE DATA] [PRECIPITATION DATA] SYMBOLS USED IN COLUMN 16
AVERAGE MONTHLY: 44.0 TOTAL FOR MONTH: 2.06 1 = FOG OR MIST
DPTR FM NORMAL: 0.5 DPTR FM NORMAL: 0.53 2 = FOG REDUCING VISIBILITY
HIGHEST: 86 ON 29 GRTST 24HR 1.18 ON 21-22 TO 1/4 MILE OR LESS
LOWEST: 6 ON 12 3 = THUNDER
SNOW, ICE PELLETS, HAIL 4 = ICE PELLETS
TOTAL MONTH: M 5 = HAIL
GRTST 24HR M ON M 6 = FREEZING RAIN OR DRIZZLE
GRTST DEPTH: M ON M 7 = DUSTSTORM OR SANDSTORM:
VSBY 1/2 MILE OR LESS
8 = SMOKE OR HAZE
[NO. OF DAYS WITH] [WEATHER - DAYS WITH] 9 = BLOWING SNOW
X = TORNADO
MAX 32 OR BELOW: 2 0.01 INCH OR MORE: 11
MAX 90 OR ABOVE: 0 0.10 INCH OR MORE: 5
MIN 32 OR BELOW: 15 0.50 INCH OR MORE: 1
MIN 0 OR BELOW: 0 1.00 INCH OR MORE: 0
[HDD (BASE 65) ]
TOTAL THIS MO. 644 CLEAR (SCALE 0-3) 18
DPTR FM NORMAL -23 PTCLDY (SCALE 4-7) 11
TOTAL FM JUL 1 4117 CLOUDY (SCALE 8-10) 2
DPTR FM NORMAL -682
[CDD (BASE 65) ]
TOTAL THIS MO. 0
DPTR FM NORMAL -2 [PRESSURE DATA]
TOTAL FM JAN 1 0 HIGHEST SLP M ON M
DPTR FM NORMAL -2 LOWEST SLP 29.14 ON 29
[REMARKS]
#FINAL-03-22#