000
CXUS53 KTOP 010800
CF6CNK
PRELIMINARY LOCAL CLIMATOLOGICAL DATA (WS FORM: F-6)
STATION: Concordia KS
MONTH: MARCH
YEAR: 2020
LATITUDE: 39 32 N
LONGITUDE: 97 39 W
TEMPERATURE IN F: :PCPN: SNOW: WIND :SUNSHINE: SKY :PK WND
================================================================================
1 2 3 4 5 6A 6B 7 8 9 10 11 12 13 14 15 16 17 18
12Z AVG MX 2MIN
DY MAX MIN AVG DEP HDD CDD WTR SNW DPTH SPD SPD DIR MIN PSBL S-S WX SPD DR
================================================================================
1 62 39 51 13 14 0 0.00 0.0 0 9.5 23 40 M M 0 31 40
2 52 34 43 5 22 0 0.00 0.0 0 8.4 17 10 M M 3 23 290
3 64 32 48 10 17 0 0.00 0.0 0 10.7 25 310 M M 1 33 300
4 65 36 51 12 14 0 0.00 0.0 0 12.4 25 200 M M 0 35 190
5 59 36 48 9 17 0 0.00 0.0 0 15.4 32 330 M M 0 43 320
6 60 25 43 4 22 0 0.00 0.0 0 10.2 24 150 M M 0 32 150
7 72 46 59 19 6 0 0.00 0.0 0 25.7 37 190 M M 0 51 200
8 72 48 60 20 5 0 0.12 0.0 0 24.6 35 210 M M 2 47 180
9 55 37 46 5 19 0 0.36 0.0 0 12.4 25 360 M M 10 18 35 350
10 51 33 42 1 23 0 0.00 0.0 0 6.5 14 140 M M 6 8 19 140
11 68 35 52 11 13 0 0.04 0.0 0 9.2 21 170 M M 5 128 29 180
12 60 39 50 8 15 0 0.01 0.0 0 13.4 29 340 M M 2 3 42 350
13 45 35 40 -2 25 0 0.01 T 0 9.6 20 90 M M 8 29 80
14 39 34 37 -5 28 0 0.14 T 0 10.7 17 60 M M 10 1 26 70
15 38 33 36 -7 29 0 0.01 T 0 8.0 13 130 M M 10 18 17 80
16 46 36 41 -2 24 0 0.08 0.0 0 5.8 10 20 M M 9 1 14 20
17 49 36 43 -1 22 0 0.00 0.0 0 9.3 17 110 M M 9 18 23 100
18 59 46 53 9 12 0 0.00 0.0 0 5.5 10 110 M M 9 128 14 110
19 77 34 56 12 9 0 0.13 0.0 0 19.1 33 360 M M 6 13 50 20
20 39 21 30 -14 35 0 0.00 0.0 0 15.8 37 360 M M 2 51 360
21 53 19 36 -9 29 0 0.00 0.0 0 9.0 20 170 M M 1 8 26 180
22 46 35 41 -4 24 0 0.25 0.0 0 6.5 16 130 M M 9 12 19 140
23 63 34 49 3 16 0 0.00 0.0 0 7.0 16 140 M M 7 12 21 130
24 58 48 53 7 12 0 T 0.0 0 6.8 14 180 M M 8 18 18 100
25 80 47 64 18 1 0 0.00 0.0 0 12.8 30 190 M M 1 1 42 190
26 53 45 49 3 16 0 0.00 0.0 0 8.6 20 50 M M 10 18 27 60
27 53 49 51 4 14 0 0.00 0.0 0 7.4 15 30 M M 10 12 19 40
28 57 45 51 4 14 0 T 0.0 0 15.8 31 310 M M 10 12 42 290
29 69 39 54 7 11 0 0.00 0.0 0 10.9 23 280 M M 0 32 280
30 74 35 55 7 10 0 0.00 0.0 0 11.3 28 160 M M 2 37 160
31 71 44 58 10 7 0 0.00 0.0 0 11.5 21 190 M M 2 8 36 230
================================================================================
SM 1809 1155 525 0 1.15 T 349.8 M 152
================================================================================
AV 58.4 37.3 11.3 FASTST M M 5 MAX(MPH)
MISC ----> # 37 190 # 51 200
================================================================================
NOTES:
# LAST OF SEVERAL OCCURRENCES
COLUMN 17 PEAK WIND IN M.P.H.
PRELIMINARY LOCAL CLIMATOLOGICAL DATA (WS FORM: F-6) , PAGE 2
STATION: Concordia KS
MONTH: MARCH
YEAR: 2020
LATITUDE: 39 32 N
LONGITUDE: 97 39 W
[TEMPERATURE DATA] [PRECIPITATION DATA] SYMBOLS USED IN COLUMN 16
AVERAGE MONTHLY: 47.8 TOTAL FOR MONTH: 1.15 1 = FOG OR MIST
DPTR FM NORMAL: 4.8 DPTR FM NORMAL: -0.86 2 = FOG REDUCING VISIBILITY
HIGHEST: 80 ON 25 GRTST 24HR 0.36 ON 9- 9 TO 1/4 MILE OR LESS
LOWEST: 19 ON 21 3 = THUNDER
SNOW, ICE PELLETS, HAIL 4 = ICE PELLETS
TOTAL MONTH: T 5 = HAIL
GRTST 24HR T ON 15-15 6 = FREEZING RAIN OR DRIZZLE
GRTST DEPTH: 0 7 = DUSTSTORM OR SANDSTORM:
VSBY 1/2 MILE OR LESS
8 = SMOKE OR HAZE
[NO. OF DAYS WITH] [WEATHER - DAYS WITH] 9 = BLOWING SNOW
X = TORNADO
MAX 32 OR BELOW: 0 0.01 INCH OR MORE: 10
MAX 90 OR ABOVE: 0 0.10 INCH OR MORE: 5
MIN 32 OR BELOW: 4 0.50 INCH OR MORE: 0
MIN 0 OR BELOW: 0 1.00 INCH OR MORE: 0
[HDD (BASE 65) ]
TOTAL THIS MO. 525 CLEAR (SCALE 0-3) 14
DPTR FM NORMAL -159 PTCLDY (SCALE 4-7) 7
TOTAL FM JUL 1 4342 CLOUDY (SCALE 8-10) 10
DPTR FM NORMAL -549
[CDD (BASE 65) ]
TOTAL THIS MO. 0
DPTR FM NORMAL -1 [PRESSURE DATA]
TOTAL FM JAN 1 0 HIGHEST SLP M ON M
DPTR FM NORMAL -1 LOWEST SLP 29.41 ON 28
[REMARKS]
#FINAL-03-20#