000
CXUS56 KSGX 011145
CF6CNO
PRELIMINARY LOCAL CLIMATOLOGICAL DATA (WS FORM: F-6)
STATION: CHINO AIRPORT CA
MONTH: NOVEMBER
YEAR: 2022
LATITUDE: 33 58 N
LONGITUDE: 117 38 W
TEMPERATURE IN F: :PCPN: SNOW: WIND :SUNSHINE: SKY :PK WND
================================================================================
1 2 3 4 5 6A 6B 7 8 9 10 11 12 13 14 15 16 17 18
12Z AVG MX 2MIN
DY MAX MIN AVG DEP HDD CDD WTR SNW DPTH SPD SPD DIR MIN PSBL S-S WX SPD DR
================================================================================
1 77 51 64 -1 1 0 0.00 M M 6.9 20 280 M M 4 18 29 280
2 69 51 60 -5 5 0 0.08 M M 7.6 18 220 M M 6 18 23 230
3 67 43 55 -10 10 0 0.00 M M 4.3 15 230 M M 3 18 170
4 71 38 55 -9 10 0 0.00 M M 2.5 14 240 M M 3 8 16 240
5 76 41 59 -5 6 0 0.00 M M 2.9 13 240 M M 3 15 250
6 75 44 60 -4 5 0 0.00 M M 3.5 14 230 M M 0 18 16 230
7 69 51 60 -3 5 0 0.12 M M 4.9 18 230 M M 8 18 23 220
8 68 51 60 -3 5 0 1.25 M M 8.3 29 270 M M 10 18 37 220
9 64 46 55 -8 10 0 0.10 M M 5.3 16 300 M M 5 1 21 300
10 71 41 56 -6 9 0 0.00 M M 1.8 9 240 M M 0 1 12 210
11 74 39 57 -5 8 0 0.00 M M 4.2 17 120 M M 3 22 110
12 72 37 55 -7 10 0 0.00 M M 3.2 14 240 M M 1 18 20 220
13 69 40 55 -7 10 0 0.00 M M 1.9 9 250 M M 1 18 13 240
14 72 37 55 -6 10 0 0.00 M M 2.5 10 260 M M 1 14 270
15 74 39 57 -4 8 0 0.00 M M 8.5 23 70 M M 0 18 30 70
16 74 44 59 -2 6 0 0.00 M M 17.7 36 60 M M 0 78 48 60
17 79 38 59 -1 6 0 0.00 M M 3.8 16 110 M M 2 8 20 120
18 74 36 55 -5 10 0 0.00 M M 3.2 15 70 M M 1 8 28 80
19 73 42 58 -2 7 0 0.00 M M 10.0 24 90 M M 0 8 32 90
20 79 38 59 0 6 0 0.00 M M 4.5 17 90 M M 0 23 90
21 77 36 57 -2 8 0 0.00 M M 1.8 7 160 M M 3 8 10 180
22 76 38 57 -2 8 0 0.00 M M 2.6 10 240 M M 2 8 12 240
23 78 36 57 -1 8 0 0.00 M M 2.0 13 260 M M 2 8 15 290
24 76 44 60 2 5 0 0.00 M M 15.7 28 40 M M 1 78 44 30
25 78 42 60 2 5 0 0.00 M M 4.5 15 100 M M 1 8 22 80
26 74 35 55 -2 10 0 0.00 M M 2.5 12 240 M M 1 8 14 240
27 76 37 57 0 8 0 0.00 M M 3.0 13 260 M M 2 8 16 260
28 66 46 56 -1 9 0 0.00 M M 4.5 15 240 M M 6 18 19 240
29 67 43 55 -1 10 0 0.00 M M 2.2 13 250 M M 5 18 14 270
30 65 42 54 -2 11 0 0.00 M M 3.2 14 230 M M 5 128 17 230
================================================================================
SM 2180 1246 229 0 1.55 M 149.5 M 79
================================================================================
AV 72.7 41.5 5.0 FASTST M M 3 MAX(MPH)
MISC ----> 36 60 48 60
================================================================================
NOTES:
# LAST OF SEVERAL OCCURRENCES
COLUMN 17 PEAK WIND IN M.P.H.
PRELIMINARY LOCAL CLIMATOLOGICAL DATA (WS FORM: F-6) , PAGE 2
STATION: CHINO AIRPORT CA
MONTH: NOVEMBER
YEAR: 2022
LATITUDE: 33 58 N
LONGITUDE: 117 38 W
[TEMPERATURE DATA] [PRECIPITATION DATA] SYMBOLS USED IN COLUMN 16
AVERAGE MONTHLY: 57.1 TOTAL FOR MONTH: 1.55 1 = FOG OR MIST
DPTR FM NORMAL: -3.6 DPTR FM NORMAL: 0.96 2 = FOG REDUCING VISIBILITY
HIGHEST: 79 ON 20,17 GRTST 24HR 1.35 ON 8- 9 TO 1/4 MILE OR LESS
LOWEST: 35 ON 26 3 = THUNDER
SNOW, ICE PELLETS, HAIL 4 = ICE PELLETS
TOTAL MONTH: M 5 = HAIL
GRTST 24HR M ON M 6 = FREEZING RAIN OR DRIZZLE
GRTST DEPTH: M ON M 7 = DUSTSTORM OR SANDSTORM:
VSBY 1/2 MILE OR LESS
8 = SMOKE OR HAZE
[NO. OF DAYS WITH] [WEATHER - DAYS WITH] 9 = BLOWING SNOW
X = TORNADO
MAX 32 OR BELOW: 0 0.01 INCH OR MORE: 4
MAX 90 OR ABOVE: 0 0.10 INCH OR MORE: 3
MIN 32 OR BELOW: 0 0.50 INCH OR MORE: 1
MIN 0 OR BELOW: 0 1.00 INCH OR MORE: 1
[HDD (BASE 65) ]
TOTAL THIS MO. 229 CLEAR (SCALE 0-3) 22
DPTR FM NORMAL 72 PTCLDY (SCALE 4-7) 6
TOTAL FM JUL 1 235 CLOUDY (SCALE 8-10) 2
DPTR FM NORMAL 49
[CDD (BASE 65) ]
TOTAL THIS MO. 0
DPTR FM NORMAL -28 [PRESSURE DATA]
TOTAL FM JAN 1 2318 HIGHEST SLP 30.30 ON 25
DPTR FM NORMAL 500 LOWEST SLP 29.75 ON 8
[REMARKS]
#FINAL-11-22#