000
CXUS55 KPUB 011743
CF6COS
PRELIMINARY LOCAL CLIMATOLOGICAL DATA (WS FORM: F-6)
STATION: COLORADO SPRINGS CO
MONTH: JANUARY
YEAR: 2023
LATITUDE: 38 49 N
LONGITUDE: 104 43 W
TEMPERATURE IN F: :PCPN: SNOW: WIND :SUNSHINE: SKY :PK WND
================================================================================
1 2 3 4 5 6A 6B 7 8 9 10 11 12 13 14 15 16 17 18
12Z AVG MX 2MIN
DY MAX MIN AVG DEP HDD CDD WTR SNW DPTH SPD SPD DIR MIN PSBL S-S WX SPD DR
================================================================================
1 44 30 37 6 28 0 0.07 0.4 0 6.8 20 30 M M 7 1 26 40
2 33 26 30 -1 35 0 0.10 1.2 2 8.5 28 350 M M 10 12 36 350
3 33 20 27 -4 38 0 0.00 0.0 1 8.4 26 340 M M 7 1 37 350
4 38 16 27 -4 38 0 0.00 0.0 1 7.4 22 310 M M 4 1 31 300
5 43 15 29 -2 36 0 0.00 0.0 T 6.1 12 20 M M 6 13 20
6 52 25 39 7 26 0 0.00 0.0 0 8.2 20 10 M M 6 25 10
7 44 23 34 2 31 0 0.00 0.0 0 4.1 10 130 M M 3 13 120
8 57 20 39 7 26 0 0.00 0.0 0 6.3 14 190 M M 6 18 270
9 53 34 44 12 21 0 0.00 0.0 0 7.5 30 330 M M 4 40 340
10 63 31 47 15 18 0 0.00 0.0 0 11.3 30 280 M M 4 46 280
11 54 29 42 10 23 0 0.00 0.0 0 16.7 33 210 M M 8 51 180
12 46 22 34 2 31 0 0.00 0.0 0 5.9 13 20 M M 3 16 170
13 56 24 40 8 25 0 0.00 0.0 0 7.1 14 160 M M 5 17 170
14 67 30 49 17 16 0 0.00 0.0 0 8.7 28 250 M M 6 34 260
15 51 33 42 10 23 0 T T 0 9.0 24 330 M M 8 1 33 320
16 51 26 39 7 26 0 0.00 0.0 0 6.0 14 60 M M 4 19 60
17 44 24 34 2 31 0 0.10 1.2 0 8.1 25 60 M M 6 1 31 60
18 31 22 27 -5 38 0 0.01 0.2 1 17.0 37 350 M M 8 1 49 330
19 43 15 29 -3 36 0 0.00 0.0 1 5.3 15 140 M M 4 21 160
20 33 21 27 -5 38 0 0.02 0.2 T 8.3 14 340 M M 8 1 18 330
21 32 20 26 -6 39 0 T T T 17.0 31 340 M M 7 45 360
22 38 16 27 -5 38 0 0.00 0.0 T 6.0 16 160 M M 5 20 140
23 34 17 26 -6 39 0 0.01 0.6 0 6.9 15 150 M M 7 1 20 160
24 36 15 26 -6 39 0 0.00 0.0 T 12.5 24 10 M M 6 33 330
25 34 14 24 -8 41 0 T T 0 10.0 28 340 M M 7 38 360
26 38 12 25 -7 40 0 0.00 0.0 0 6.8 15 350 M M 2 19 360
27 54 23 39 7 26 0 0.00 0.0 0 10.6 28 200 M M 5 35 350
28 44 22 33 1 32 0 0.01 0.0 0 8.8 23 180 M M 8 16 29 180
29 23 4 14 -18 51 0 0.04 1.4 T 11.6 18 160 M M 9 126 22 160
30 8 -2 3 -29 62 0 0.04 0.1 1 4.7 14 160 M M 8 1 17 160
31 25 0 13 -19 52 0 0.00 0.0 1 4.2 9 20 M M 1 13 20
================================================================================
SM 1302 627 1043 0 0.40 5.3 265.8 M 182
================================================================================
AV 42.0 20.2 8.6 FASTST M M 6 MAX(MPH)
MISC ----> 37 350 51 180
================================================================================
NOTES:
# LAST OF SEVERAL OCCURRENCES
COLUMN 17 PEAK WIND IN M.P.H.
PRELIMINARY LOCAL CLIMATOLOGICAL DATA (WS FORM: F-6) , PAGE 2
STATION: COLORADO SPRINGS CO
MONTH: JANUARY
YEAR: 2023
LATITUDE: 38 49 N
LONGITUDE: 104 43 W
[TEMPERATURE DATA] [PRECIPITATION DATA] SYMBOLS USED IN COLUMN 16
AVERAGE MONTHLY: 31.1 TOTAL FOR MONTH: 0.40 1 = FOG OR MIST
DPTR FM NORMAL: -0.6 DPTR FM NORMAL: 0.11 2 = FOG REDUCING VISIBILITY
HIGHEST: 67 ON 14 GRTST 24HR 0.17 ON 1-2 TO 1/4 MILE OR LESS
LOWEST: -2 ON 30 3 = THUNDER
SNOW, ICE PELLETS, HAIL 4 = ICE PELLETS
TOTAL MONTH: 5.3 INCHES 5 = HAIL
GRTST 24HR 1.6 ON 1-2 6 = FREEZING RAIN OR DRIZZLE
GRTST DEPTH: 2 ON 2 7 = DUSTSTORM OR SANDSTORM:
VSBY 1/2 MILE OR LESS
8 = SMOKE OR HAZE
[NO. OF DAYS WITH] [WEATHER - DAYS WITH] 9 = BLOWING SNOW
X = TORNADO
MAX 32 OR BELOW: 5 0.01 INCH OR MORE: 9
MAX 90 OR ABOVE: 0 0.10 INCH OR MORE: 2
MIN 32 OR BELOW: 29 0.50 INCH OR MORE: 0
MIN 0 OR BELOW: 2 1.00 INCH OR MORE: 0
[HDD (BASE 65) ]
TOTAL THIS MO. 1043 CLEAR (SCALE 0-3) 4
DPTR FM NORMAL 12 PTCLDY (SCALE 4-7) 19
TOTAL FM JUL 1 3376 CLOUDY (SCALE 8-10) 8
DPTR FM NORMAL -44
[CDD (BASE 65) ]
TOTAL THIS MO. 0
DPTR FM NORMAL 0 [PRESSURE DATA]
TOTAL FM JAN 1 0 HIGHEST SLP 30.53 ON 12
DPTR FM NORMAL 0 LOWEST SLP 29.29 ON 15
[REMARKS]
#FINAL-01-23#