000
CXUS55 KPUB 041335 RRA
CLSCOS
CLIMATE REPORT
NATIONAL WEATHER SERVICE
635 AM MST MON DEC 04 2023
...................................
...THE COLORADO SPRINGS CO CLIMATE SUMMARY FOR THE SEASON, FROM
9/1/2023 TO 11/30/2023...
CLIMATE NORMAL PERIOD 1991 TO 2020
CLIMATE RECORD PERIOD 1872 TO 2023
WEATHER OBSERVED NORMAL DEPART LAST YEAR`S
VALUE DATE(S) VALUE FROM VALUE DATE(S)
NORMAL
................................................................
TEMPERATURE (F)
RECORD
HIGH 98 09/11/2021
LOW -12 11/14/1916
11/13/1916
HIGHEST 96 09/01 94 09/02
09/06
09/08
LOWEST 4 10/30 7 11/18
11/29
AVG. MAXIMUM 68.0 64.9 3.1 66.3
AVG. MINIMUM 39.2 37.2 2.0 37.6
MEAN 53.6 51.1 2.5 52.0
DAYS MAX >= 90 5 1.3 3.7
DAYS MAX <= 32 3 3.2 -0.2
DAYS MIN <= 32 26 34.3 -8.3
DAYS MIN <= 0 0 0.3 -0.3
PRECIPITATION (INCHES)
RECORD
MAXIMUM 7.50 1909
MINIMUM 0.23 2016
TOTALS 2.45 2.49 -0.04 0.89
DAILY AVG. 0.03 0.03 0.00
DAYS >= .01 12 15.9 -3.9
DAYS >= .10 4 6.0 -2.0
DAYS >= .50 2 0.9 1.1
DAYS >= 1.00 0 0.2 -0.2
GREATEST
24 HR. TOTAL 1.37 09/10 TO 09/11
SNOWFALL (INCHES)
RECORDS
MAXIMUM 37.7 1959
MINIMUM T 2021
TOTALS 9.4 7.1 2.3 7.4
SINCE 7/1 9.4 7.1 2.3 7.4
SNOWDEPTH AVG. 0
DAYS >= 1.0 2 2.3 -0.3
GREATEST
SNOW DEPTH 6 10/29 3
24 HR TOTAL 8.3 10/28 TO 10/29 5.1
DEGREE DAYS
HEATING TOTAL 1109 1336 -227 1278
SINCE 7/1 1114 1356 -242 1278
COOLING TOTAL 92 64 28 112
SINCE 1/1 612 608 4 841
................................................................
WIND (MPH)
AVERAGE WIND SPEED 8.2
HIGHEST WIND SPEED/DIRECTION 44/020 DATE 10/18
HIGHEST GUST SPEED/DIRECTION 57/220 DATE 10/02
SKY COVER
POSSIBLE SUNSHINE (PERCENT) MM
AVERAGE SKY COVER 0.36
NUMBER OF DAYS FAIR 47
NUMBER OF DAYS PC 37
NUMBER OF DAYS CLOUDY 7
AVERAGE RH (PERCENT) 47
WEATHER CONDITIONS. NUMBER OF DAYS WITH
THUNDERSTORM 9 MIXED PRECIP 1
HEAVY RAIN 2 RAIN 5
LIGHT RAIN 15 FREEZING RAIN 0
LT FREEZING RAIN 0 HAIL 0
HEAVY SNOW 0 SNOW 2
LIGHT SNOW 8 SLEET 0
FOG 11 FOG W/VIS <= 1/4 MILE 3
HAZE 1
- INDICATES NEGATIVE NUMBERS.
R INDICATES RECORD WAS SET OR TIED.
MM INDICATES DATA IS MISSING.
T INDICATES TRACE AMOUNT.
$$