000
CXUS54 KCRP 011310
CF6COT
PRELIMINARY LOCAL CLIMATOLOGICAL DATA (WS FORM: F-6)
STATION: COTULLA
MONTH: DECEMBER
YEAR: 2023
LATITUDE: 28 27 N
LONGITUDE: 99 13 W
TEMPERATURE IN F: :PCPN: SNOW: WIND :SUNSHINE: SKY :PK WND
================================================================================
1 2 3 4 5 6A 6B 7 8 9 10 11 12 13 14 15 16 17 18
12Z AVG MX 2MIN
DY MAX MIN AVG DEP HDD CDD WTR SNW DPTH SPD SPD DIR MIN PSBL S-S WX SPD DR
================================================================================
1 77 54 66 6 0 1 0.00 0.0 0 5.2 14 80 M M 4 1 18 60
2 73 50 62 3 3 0 0.00 0.0 0 5.5 14 320 M M 2 20 300
3 78 44 61 2 4 0 0.00 0.0 0 4.8 10 210 M M 0 15 200
4 79 43 61 2 4 0 0.00 0.0 0 5.9 15 80 M M 0 21 70
5 79 49 64 5 1 0 0.00 0.0 0 4.4 10 70 M M 0 16 60
6 76 49 63 5 2 0 0.00 0.0 0 6.4 16 130 M M 0 1 21 120
7 78 57 68 10 0 3 0.00 0.0 0 8.3 16 160 M M 9 26 190
8 83 60 72 14 0 7 0.00 0.0 0 4.5 10 160 M M 4 1 16 190
9 79 58 69 11 0 4 0.00 0.0 0 8.7 20 360 M M 5 12 32 10
10 66 40 53 -5 12 0 0.00 0.0 0 7.9 20 360 M M 0 29 360
11 72 34 53 -4 12 0 0.00 0.0 0 6.8 14 160 M M 0 19 150
12 70 46 58 1 7 0 T 0.0 0 10.4 22 120 M M 8 33 140
13 64 57 61 4 4 0 0.10 0.0 0 11.6 17 90 M M 10 1 26 100
14 66 54 60 3 5 0 0.24 0.0 0 9.5 17 80 M M 10 1 23 90
15 68 63 66 9 0 1 0.17 0.0 0 5.3 14 360 M M 10 1 18 110
16 70 45 58 1 7 0 0.00 0.0 0 7.5 17 340 M M 1 21 340
17 76 38 57 1 8 0 0.00 0.0 0 3.7 9 180 M M 0 15 160
18 78 40 59 3 6 0 0.00 0.0 0 4.9 10 80 M M 0 16 80
19 73 48 61 5 4 0 0.00 0.0 0 8.7 17 130 M M 0 22 130
20 79 53 66 10 0 1 0.00 0.0 0 8.7 18 150 M M 4 1 29 160
21 73 62 68 12 0 3 T 0.0 0 6.6 18 160 M M 8 1 29 160
22 77 63 70 14 0 5 0.00 0.0 0 3.5 8 130 M M 8 14 180
23 72 63 68 12 0 3 T 0.0 0 8.9 16 140 M M 7 1 21 150
24 79 51 65 9 0 0 0.06 0.0 0 6.5 22 320 M M 5 1 29 340
25 62 47 55 0 10 0 0.00 0.0 0 6.1 14 20 M M 3 20 20
26 64 43 54 -1 11 0 0.00 0.0 0 4.9 13 130 M M 6 16 130
27 72 37 55 0 10 0 0.00 0.0 0 4.8 15 10 M M 0 21 10
28 68 36 52 -3 13 0 0.00 0.0 0 2.5 9 320 M M 0 10 30
29 66 40 53 -2 12 0 0.00 0.0 0 6.3 14 50 M M 0 20 30
30 75 33 54 -1 11 0 0.00 0.0 0 4.3 10 250 M M 0 18 250
31 79 41 60 5 5 0 0.00 0.0 0 4.6 12 170 M M 0 16 150
================================================================================
SM 2271 1498 151 28 0.57 0.0 197.7 M 104
================================================================================
AV 73.3 48.3 6.4 FASTST M M 3 MAX(MPH)
MISC ----> # 22 120 33 140
================================================================================
NOTES:
# LAST OF SEVERAL OCCURRENCES
COLUMN 17 PEAK WIND IN M.P.H.
PRELIMINARY LOCAL CLIMATOLOGICAL DATA (WS FORM: F-6) , PAGE 2
STATION: COTULLA
MONTH: DECEMBER
YEAR: 2023
LATITUDE: 28 27 N
LONGITUDE: 99 13 W
[TEMPERATURE DATA] [PRECIPITATION DATA] SYMBOLS USED IN COLUMN 16
AVERAGE MONTHLY: 60.8 TOTAL FOR MONTH: 0.57 1 = FOG OR MIST
DPTR FM NORMAL: 4.0 DPTR FM NORMAL: -0.44 2 = FOG REDUCING VISIBILITY
HIGHEST: 83 ON 8 GRTST 24HR 0.34 ON 13-14 TO 1/4 MILE OR LESS
LOWEST: 33 ON 30 3 = THUNDER
SNOW, ICE PELLETS, HAIL 4 = ICE PELLETS
TOTAL MONTH: 0.0 INCH 5 = HAIL
GRTST 24HR 0.0 6 = FREEZING RAIN OR DRIZZLE
GRTST DEPTH: 0 7 = DUSTSTORM OR SANDSTORM:
VSBY 1/2 MILE OR LESS
8 = SMOKE OR HAZE
[NO. OF DAYS WITH] [WEATHER - DAYS WITH] 9 = BLOWING SNOW
X = TORNADO
MAX 32 OR BELOW: 0 0.01 INCH OR MORE: 4
MAX 90 OR ABOVE: 0 0.10 INCH OR MORE: 3
MIN 32 OR BELOW: 0 0.50 INCH OR MORE: 0
MIN 0 OR BELOW: 0 1.00 INCH OR MORE: 0
[HDD (BASE 65) ]
TOTAL THIS MO. 151 CLEAR (SCALE 0-3) 17
DPTR FM NORMAL -131 PTCLDY (SCALE 4-7) 10
TOTAL FM JUL 1 282 CLOUDY (SCALE 8-10) 4
DPTR FM NORMAL -142
[CDD (BASE 65) ]
TOTAL THIS MO. 28
DPTR FM NORMAL 0 [PRESSURE DATA]
TOTAL FM JAN 1 4939 HIGHEST SLP 30.47 ON 10
DPTR FM NORMAL 989 LOWEST SLP 29.76 ON 8
[REMARKS]
#FINAL-12-23#