000
CXUS55 KRIW 011110
CF6CPR
PRELIMINARY LOCAL CLIMATOLOGICAL DATA (WS FORM: F-6)
STATION: CASPER WY
MONTH: NOVEMBER
YEAR: 2022
LATITUDE: 42 55 N
LONGITUDE: 106 28 W
TEMPERATURE IN F: :PCPN: SNOW: WIND :SUNSHINE: SKY :PK WND
================================================================================
1 2 3 4 5 6A 6B 7 8 9 10 11 12 13 14 15 16 17 18
12Z AVG MX 2MIN
DY MAX MIN AVG DEP HDD CDD WTR SNW DPTH SPD SPD DIR MIN PSBL S-S WX SPD DR
================================================================================
1 63 40 52 13 13 0 0.00 0.0 0 18.8 39 210 M M 0 49 210
2 63 30 47 8 18 0 0.00 0.0 0 21.4 41 210 M M 0 59 220
3 37 12 25 -14 40 0 0.32 3.9 1 10.0 20 30 M M 10 128 25 30
4 32 13 23 -15 42 0 0.00 0.0 2 21.1 31 230 M M 0 42 210
5 49 30 40 2 25 0 0.01 0.0 T 25.9 46 250 M M 1 64 250
6 43 23 33 -5 32 0 0.00 0.0 0 7.6 16 210 M M 1 21 260
7 62 29 46 9 19 0 0.07 0.7 0 11.5 44 220 M M 5 1 58 210
8 61 16 39 2 26 0 0.00 0.0 0 14.2 43 210 M M 3 1 55 200
9 25 15 20 -17 45 0 0.02 0.2 0 7.4 16 350 M M 10 1 20 80
10 19 5 12 -24 53 0 T T T 6.1 15 240 M M 9 18 20 230
11 35 9 22 -14 43 0 0.00 0.0 0 13.1 22 210 M M 0 27 200
12 43 21 32 -4 33 0 0.00 0.0 0 16.8 29 210 M M 0 37 220
13 35 12 24 -11 41 0 0.00 0.0 0 9.0 22 20 M M 3 28 20
14 35 11 23 -12 42 0 0.01 0.2 0 9.7 25 310 M M 6 1 35 300
15 34 14 24 -10 41 0 0.00 0.0 T 10.1 24 290 M M 7 35 270
16 38 13 26 -8 39 0 T T 0 9.7 22 290 M M 7 1 29 290
17 26 -11 8 -26 57 0 0.16 4.4 3 7.2 22 30 M M 7 18 30 30
18 20 -9 6 -27 59 0 0.00 0.0 3 12.7 24 210 M M 1 30 210
19 29 7 18 -15 47 0 0.00 0.0 2 18.9 31 210 M M 0 9 45 190
20 39 22 31 -1 34 0 0.00 0.0 1 19.3 30 210 M M 0 42 200
21 46 21 34 2 31 0 0.00 0.0 T 14.3 25 210 M M 0 33 210
22 47 25 36 5 29 0 0.00 0.0 T 15.8 30 210 M M 0 37 220
23 44 29 37 6 28 0 0.07 1.3 0 13.7 32 220 M M 7 1 41 220
24 36 17 27 -4 38 0 0.05 0.6 2 12.8 23 210 M M 3 16 28 220
25 47 28 38 8 27 0 0.00 0.0 T 19.6 33 210 M M 0 43 200
26 48 28 38 8 27 0 0.20 2.0 0 10.0 28 210 M M 5 1 36 210
27 33 19 26 -3 39 0 T 0.0 1 19.7 36 220 M M 2 1 49 220
28 31 11 21 -8 44 0 0.17 3.8 1 11.5 25 210 M M 8 12 38 210
29 17 1 9 -19 56 0 0.07 0.7 2 8.1 16 230 M M 7 18 20 210
30 34 1 18 -10 47 0 0.00 0.0 3 22.9 40 210 M M 0 9 54 210
================================================================================
SM 1171 482 1115 0 1.15 17.8 418.9 M 102
================================================================================
AV 39.0 16.1 14.0 FASTST M M 3 MAX(MPH)
MISC ----> 46 250 64 250
================================================================================
NOTES:
# LAST OF SEVERAL OCCURRENCES
COLUMN 17 PEAK WIND IN M.P.H.
PRELIMINARY LOCAL CLIMATOLOGICAL DATA (WS FORM: F-6) , PAGE 2
STATION: CASPER WY
MONTH: NOVEMBER
YEAR: 2022
LATITUDE: 42 55 N
LONGITUDE: 106 28 W
[TEMPERATURE DATA] [PRECIPITATION DATA] SYMBOLS USED IN COLUMN 16
AVERAGE MONTHLY: 27.6 TOTAL FOR MONTH: 1.15 1 = FOG OR MIST
DPTR FM NORMAL: -6.5 DPTR FM NORMAL: 0.51 2 = FOG REDUCING VISIBILITY
HIGHEST: 63 ON 2, 1 GRTST 24HR 0.32 ON 3- 3 TO 1/4 MILE OR LESS
LOWEST: -11 ON 17 3 = THUNDER
SNOW, ICE PELLETS, HAIL 4 = ICE PELLETS
TOTAL MONTH: 17.8 INCHES 5 = HAIL
GRTST 24HR 4.4 ON 17-17 6 = FREEZING RAIN OR DRIZZLE
GRTST DEPTH: 3 ON 30,18 7 = DUSTSTORM OR SANDSTORM:
VSBY 1/2 MILE OR LESS
8 = SMOKE OR HAZE
[NO. OF DAYS WITH] [WEATHER - DAYS WITH] 9 = BLOWING SNOW
X = TORNADO
MAX 32 OR BELOW: 8 0.01 INCH OR MORE: 11
MAX 90 OR ABOVE: 0 0.10 INCH OR MORE: 4
MIN 32 OR BELOW: 29 0.50 INCH OR MORE: 0
MIN 0 OR BELOW: 2 1.00 INCH OR MORE: 0
[HDD (BASE 65) ]
TOTAL THIS MO. 1115 CLEAR (SCALE 0-3) 17
DPTR FM NORMAL 183 PTCLDY (SCALE 4-7) 10
TOTAL FM JUL 1 1815 CLOUDY (SCALE 8-10) 3
DPTR FM NORMAL 13
[CDD (BASE 65) ]
TOTAL THIS MO. 0
DPTR FM NORMAL 0 [PRESSURE DATA]
TOTAL FM JAN 1 544 HIGHEST SLP 30.70 ON 17
DPTR FM NORMAL 101 LOWEST SLP 29.34 ON 5
[REMARKS]
#FINAL-11-22#