000
CXUS55 KRIW 011010
CF6CPR
PRELIMINARY LOCAL CLIMATOLOGICAL DATA (WS FORM: F-6)
STATION: CASPER WY
MONTH: OCTOBER
YEAR: 2023
LATITUDE: 42 55 N
LONGITUDE: 106 28 W
TEMPERATURE IN F: :PCPN: SNOW: WIND :SUNSHINE: SKY :PK WND
================================================================================
1 2 3 4 5 6A 6B 7 8 9 10 11 12 13 14 15 16 17 18
12Z AVG MX 2MIN
DY MAX MIN AVG DEP HDD CDD WTR SNW DPTH SPD SPD DIR MIN PSBL S-S WX SPD DR
================================================================================
1 71 46 59 7 6 0 T 0.0 0 7.6 15 300 M M 3 19 300
2 66 39 53 2 12 0 0.01 0.0 0 8.0 28 240 M M 5 12 39 230
3 53 41 47 -4 18 0 0.04 0.0 0 11.4 25 210 M M 6 1 36 200
4 64 35 50 0 15 0 0.00 0.0 0 10.5 26 290 M M 4 33 300
5 64 43 54 4 11 0 0.00 0.0 0 6.4 18 30 M M 8 24 300
6 61 30 46 -3 19 0 0.00 0.0 0 7.5 18 40 M M 4 25 290
7 74 28 51 2 14 0 0.00 0.0 0 6.8 15 230 M M 0 20 200
8 76 35 56 8 9 0 0.00 0.0 0 7.4 15 220 M M 0 8 18 240
9 76 33 55 7 10 0 0.00 0.0 0 8.2 17 210 M M 0 8 21 220
10 78 31 55 7 10 0 T 0.0 0 9.1 43 270 M M 1 61 260
11 65 45 55 8 10 0 0.32 0.0 0 8.9 25 250 M M 7 1 38 240
12 45 33 39 -8 26 0 1.34 T 0 17.8 35 10 M M 10 1 44 10
13 44 30 37 -9 28 0 0.02 T 0 5.6 13 360 M M 8 1 17 360
14 57 28 43 -3 22 0 0.00 0.0 0 6.8 20 210 M M 2 26 200
15 64 35 50 5 15 0 0.00 0.0 0 7.9 18 210 M M 0 24 210
16 70 38 54 9 11 0 0.00 0.0 0 9.8 20 210 M M 0 27 210
17 75 42 59 14 6 0 0.00 0.0 0 16.4 31 230 M M 1 42 230
18 68 33 51 7 14 0 0.00 0.0 0 10.4 22 280 M M 0 29 260
19 75 42 59 15 6 0 0.00 0.0 0 11.0 20 220 M M 0 26 210
20 75 38 57 13 8 0 0.00 0.0 0 9.8 24 210 M M 0 31 200
21 65 35 50 7 15 0 0.00 0.0 0 5.9 15 340 M M 0 18 340
22 70 36 53 10 12 0 0.00 0.0 0 5.8 15 230 M M 1 20 240
23 60 34 47 5 18 0 T 0.0 0 7.6 18 360 M M 3 23 360
24 56 31 44 2 21 0 0.00 0.0 0 6.8 15 360 M M 1 12 21 350
25 67 20 44 2 21 0 0.00 0.0 0 12.6 31 210 M M 5 12 40 210
26 22 5 14 -27 51 0 0.14 2.2 T 8.2 22 340 M M 9 128 29 340
27 33 2 18 -23 47 0 0.00 0.0 T 8.2 20 10 M M 4 23 20
28 23 15 19 -22 46 0 0.01 0.4 T 6.5 16 10 M M 10 18 19 10
29 32 10 21 -19 44 0 T 0.2 T 8.1 20 290 M M 5 1 26 270
30 43 13 28 -12 37 0 0.00 0.0 0 12.2 25 220 M M 0 33 320
31 54 19 37 -3 28 0 0.00 0.0 0 11.7 28 210 M M 2 33 210
================================================================================
SM 1846 945 610 0 1.88 2.8 280.9 M 99
================================================================================
AV 59.5 30.5 9.1 FASTST M M 3 MAX(MPH)
MISC ----> 43 270 61 260
================================================================================
NOTES:
# LAST OF SEVERAL OCCURRENCES
COLUMN 17 PEAK WIND IN M.P.H.
PRELIMINARY LOCAL CLIMATOLOGICAL DATA (WS FORM: F-6) , PAGE 2
STATION: CASPER WY
MONTH: OCTOBER
YEAR: 2023
LATITUDE: 42 55 N
LONGITUDE: 106 28 W
[TEMPERATURE DATA] [PRECIPITATION DATA] SYMBOLS USED IN COLUMN 16
AVERAGE MONTHLY: 45.0 TOTAL FOR MONTH: 1.88 1 = FOG OR MIST
DPTR FM NORMAL: -0.3 DPTR FM NORMAL: 0.69 2 = FOG REDUCING VISIBILITY
HIGHEST: 78 ON 10 GRTST 24HR 1.62 ON 11-12 TO 1/4 MILE OR LESS
LOWEST: 2 ON 27 3 = THUNDER
SNOW, ICE PELLETS, HAIL 4 = ICE PELLETS
TOTAL MONTH: 2.8 INCHES 5 = HAIL
GRTST 24HR 2.2 ON 26-26 6 = FREEZING RAIN OR DRIZZLE
GRTST DEPTH: T 7 = DUSTSTORM OR SANDSTORM:
VSBY 1/2 MILE OR LESS
8 = SMOKE OR HAZE
[NO. OF DAYS WITH] [WEATHER - DAYS WITH] 9 = BLOWING SNOW
X = TORNADO
MAX 32 OR BELOW: 3 0.01 INCH OR MORE: 7
MAX 90 OR ABOVE: 0 0.10 INCH OR MORE: 3
MIN 32 OR BELOW: 13 0.50 INCH OR MORE: 1
MIN 0 OR BELOW: 0 1.00 INCH OR MORE: 1
[HDD (BASE 65) ]
TOTAL THIS MO. 610 CLEAR (SCALE 0-3) 18
DPTR FM NORMAL -1 PTCLDY (SCALE 4-7) 8
TOTAL FM JUL 1 790 CLOUDY (SCALE 8-10) 5
DPTR FM NORMAL -82
[CDD (BASE 65) ]
TOTAL THIS MO. 0
DPTR FM NORMAL -1 [PRESSURE DATA]
TOTAL FM JAN 1 342 HIGHEST SLP 30.58 ON 29
DPTR FM NORMAL -101 LOWEST SLP 29.28 ON 11
[REMARKS]
#FINAL-10-23#