000
CXUS54 KFWD 010830
CF6CPT
PRELIMINARY LOCAL CLIMATOLOGICAL DATA (WS FORM: F-6)
STATION: CLEBURNE
MONTH: JANUARY
YEAR: 2022
LATITUDE: 32 20 N
LONGITUDE: 97 24 W
TEMPERATURE IN F: :PCPN: SNOW: WIND :SUNSHINE: SKY :PK WND
================================================================================
1 2 3 4 5 6A 6B 7 8 9 10 11 12 13 14 15 16 17 18
12Z AVG MX 2MIN
DY MAX MIN AVG DEP HDD CDD WTR SNW DPTH SPD SPD DIR MIN PSBL S-S WX SPD DR
================================================================================
1 75 25 50 6 15 0 0.00 M M 13.3 29 350 M M 3 1 35 350
2 39 18 29 -15 36 0 0.00 M M 15.7 24 330 M M 2 32 330
3 55 21 38 -6 27 0 0.00 M M 6.6 12 170 M M 0 16 160
4 66 32 49 5 16 0 0.00 M M 12.1 21 190 M M 1 31 190
5 61 36 49 5 16 0 0.00 M M 8.9 20 30 M M 1 8 23 40
6 39 25 32 -12 33 0 0.00 M M 14.2 25 350 M M 0 33 350
7 45 18 32 -12 33 0 0.00 M M 8.7 15 160 M M 2 21 170
8 61 43 52 8 13 0 0.00 M M 10.5 15 170 M M 5 12 24 160
9 59 39 49 5 16 0 0.00 M M 15.2 26 350 M M 6 12 35 360
10 55 30 43 -1 22 0 0.00 M M 8.1 15 350 M M 0 18 350
11 55 28 42 -3 23 0 0.00 M M 5.6 13 170 M M 3 17 180
12 64 34 49 4 16 0 0.00 M M 6.0 13 220 M M 1 18 240
13 75 37 56 11 9 0 0.00 M M 6.2 14 360 M M 0 22 360
14 77 39 58 13 7 0 0.01 M M 8.8 24 320 M M 0 36 320
15 52 34 43 -2 22 0 0.01 M M 25.1 35 330 M M 4 48 330
16 55 25 40 -5 25 0 0.00 M M 7.1 15 330 M M 0 20 320
17 64 32 48 3 17 0 0.00 M M 6.4 14 170 M M 0 18 180
18 77 43 60 15 5 0 0.00 M M 14.9 22 180 M M 0 29 190
19 68 36 52 7 13 0 0.00 M M 14.6 28 350 M M 3 38 360
20 36 23 30 -15 35 0 0.00 M M 19.8 27 350 M M 7 35 350
21 45 18 32 -13 33 0 0.00 M M 5.7 10 360 M M 0 13 80
22 52 23 38 -7 27 0 0.00 M M 3.5 7 100 M M 0 M M
23 64 32 48 2 17 0 0.00 M M 5.6 13 290 M M 0 20 270
24 54 43 49 3 16 0 0.01 M M 5.2 12 220 M M 8 128 16 230
25 57 39 48 2 17 0 0.00 M M 8.4 17 30 M M 3 12 22 20
26 50 28 39 -7 26 0 0.00 M M 8.8 16 30 M M 3 23 30
27 52 39 46 0 19 0 0.00 M M 4.0 7 320 M M 8 12 270
28 55 27 41 -5 24 0 0.00 M M 9.4 18 320 M M 0 1 25 330
29 68 30 49 3 16 0 0.00 M M 6.9 13 260 M M 0 24 260
30 72 39 56 10 9 0 0.00 M M 8.2 13 160 M M 0 20 260
31 66 45 56 10 9 0 0.00 M M 9.4 17 170 M M 5 24 150
================================================================================
SM 1813 981 612 0 0.03 M 302.9 M 65
================================================================================
AV 58.5 31.6 9.8 FASTST M M 2 MAX(MPH)
MISC ----> 35 330 48 330
================================================================================
NOTES:
# LAST OF SEVERAL OCCURRENCES
COLUMN 17 PEAK WIND IN M.P.H.
PRELIMINARY LOCAL CLIMATOLOGICAL DATA (WS FORM: F-6) , PAGE 2
STATION: CLEBURNE
MONTH: JANUARY
YEAR: 2022
LATITUDE: 32 20 N
LONGITUDE: 97 24 W
[TEMPERATURE DATA] [PRECIPITATION DATA] SYMBOLS USED IN COLUMN 16
AVERAGE MONTHLY: 45.1 TOTAL FOR MONTH: 0.03 1 = FOG OR MIST
DPTR FM NORMAL: 0.0 DPTR FM NORMAL: -2.21 2 = FOG REDUCING VISIBILITY
HIGHEST: 77 ON 18,14 GRTST 24HR 0.01 ON 14-14 TO 1/4 MILE OR LESS
LOWEST: 18 ON 21, 7 3 = THUNDER
SNOW, ICE PELLETS, HAIL 4 = ICE PELLETS
TOTAL MONTH: M 5 = HAIL
GRTST 24HR M ON M 6 = FREEZING RAIN OR DRIZZLE
GRTST DEPTH: M ON M 7 = DUSTSTORM OR SANDSTORM:
VSBY 1/2 MILE OR LESS
8 = SMOKE OR HAZE
[NO. OF DAYS WITH] [WEATHER - DAYS WITH] 9 = BLOWING SNOW
X = TORNADO
MAX 32 OR BELOW: 0 0.01 INCH OR MORE: 3
MAX 90 OR ABOVE: 0 0.10 INCH OR MORE: 0
MIN 32 OR BELOW: 17 0.50 INCH OR MORE: 0
MIN 0 OR BELOW: 0 1.00 INCH OR MORE: 0
[HDD (BASE 65) ]
TOTAL THIS MO. 612 CLEAR (SCALE 0-3) 23
DPTR FM NORMAL -7 PTCLDY (SCALE 4-7) 7
TOTAL FM JUL 1 1067 CLOUDY (SCALE 8-10) 1
DPTR FM NORMAL -521
[CDD (BASE 65) ]
TOTAL THIS MO. 0
DPTR FM NORMAL -1 [PRESSURE DATA]
TOTAL FM JAN 1 0 HIGHEST SLP M ON M
DPTR FM NORMAL -1 LOWEST SLP M ON M
[REMARKS]
#FINAL-01-22#