000
CXUS56 KLOX 011155
CF6CQT
PRELIMINARY LOCAL CLIMATOLOGICAL DATA (WS FORM: F-6)
STATION: DOWNTOWN LOS ANGELES (USC) CA
MONTH: JULY
YEAR: 2022
LATITUDE: 34 1 N
LONGITUDE: 118 17 W
TEMPERATURE IN F: :PCPN: SNOW: WIND :SUNSHINE: SKY :PK WND
================================================================================
1 2 3 4 5 6A 6B 7 8 9 10 11 12 13 14 15 16 17 18
12Z AVG MX 2MIN
DY MAX MIN AVG DEP HDD CDD WTR SNW DPTH SPD SPD DIR MIN PSBL S-S WX SPD DR
================================================================================
1 83 63 73 1 0 8 0.00 M M 2.3 9 260 M M 1 18 14 260
2 81 62 72 0 0 7 0.00 M M 1.7 10 260 M M 0 15 270
3 80 61 71 -1 0 6 0.00 M M 1.7 10 260 M M 2 16 260
4 77 61 69 -3 0 4 0.00 M M 2.1 10 270 M M 2 8 15 260
5 79 61 70 -2 0 5 0.00 M M 2.3 12 260 M M 1 18 16 260
6 80 63 72 -1 0 7 0.00 M M 1.8 9 270 M M 3 8 16 270
7 82 61 72 -1 0 7 0.00 M M 2.0 9 270 M M 0 16 260
8 82 61 72 -1 0 7 0.00 M M 1.3 9 270 M M 2 1 14 270
9 78 61 70 -3 0 5 0.00 M M 1.9 10 280 M M 3 18 15 270
10 84 62 73 0 0 8 0.00 M M 1.4 8 260 M M 0 13 260
11 78 61 70 -3 0 5 0.00 M M 2.4 9 260 M M 3 18 16 260
12 77 61 69 -4 0 4 0.00 M M 2.0 9 260 M M 5 8 14 260
13 75 60 68 -5 0 3 0.00 M M 2.1 9 260 M M 5 18 15 260
14 77 62 70 -3 0 5 0.00 M M 1.6 8 280 M M 0 8 13 250
15 79 63 71 -3 0 6 0.00 M M 1.7 9 270 M M 0 14 260
16 80 63 72 -2 0 7 0.00 M M 1.6 9 270 M M 0 18 14 270
17 93 63 78 4 0 13 0.00 M M 1.3 13 280 M M 0 20 280
18 88 67 78 4 0 13 0.00 M M 1.9 8 270 M M 0 8 13 260
19 84 65 75 1 0 10 0.00 M M 1.4 8 260 M M 0 14 260
20 85 65 75 1 0 10 0.00 M M 1.5 9 270 M M 0 15 260
21 87 64 76 2 0 11 0.00 M M 1.6 9 260 M M 0 13 270
22 83 63 73 -1 0 8 0.00 M M 1.7 10 260 M M 2 18 13 260
23 81 66 74 0 0 9 0.00 M M 1.8 9 260 M M 6 8 14 250
24 84 64 74 0 0 9 0.00 M M 1.6 10 270 M M 6 8 17 270
25 81 63 72 -2 0 7 0.00 M M 2.2 9 260 M M 6 8 14 260
26 79 63 71 -3 0 6 0.00 M M 2.6 9 260 M M 5 8 17 270
27 82 62 72 -2 0 7 0.00 M M 1.7 10 280 M M 4 18 14 270
28 85 63 74 0 0 9 0.00 M M 1.2 8 260 M M 0 8 13 270
29 84 65 75 1 0 10 0.00 M M 2.0 8 270 M M 0 15 260
30 81 66 74 0 0 9 0.00 M M 1.2 8 270 M M 0 8 13 260
31 86 69 78 4 0 13 0.00 M M 1.3 8 260 M M 2 8 14 260
================================================================================
SM 2535 1954 0 238 0.00 M 54.9 M 58
================================================================================
AV 81.8 63.0 1.8 FASTST M M 2 MAX(MPH)
MISC ----> 13 280 20 280
================================================================================
NOTES:
# LAST OF SEVERAL OCCURRENCES
COLUMN 17 PEAK WIND IN M.P.H.
PRELIMINARY LOCAL CLIMATOLOGICAL DATA (WS FORM: F-6) , PAGE 2
STATION: DOWNTOWN LOS ANGELES (USC) CA
MONTH: JULY
YEAR: 2022
LATITUDE: 34 1 N
LONGITUDE: 118 17 W
[TEMPERATURE DATA] [PRECIPITATION DATA] SYMBOLS USED IN COLUMN 16
AVERAGE MONTHLY: 72.4 TOTAL FOR MONTH: 0.00 1 = FOG OR MIST
DPTR FM NORMAL: -0.9 DPTR FM NORMAL: -0.02 2 = FOG REDUCING VISIBILITY
HIGHEST: 93 ON 17 GRTST 24HR 0.00 ON 1- 1 TO 1/4 MILE OR LESS
LOWEST: 60 ON 13 3 = THUNDER
SNOW, ICE PELLETS, HAIL 4 = ICE PELLETS
TOTAL MONTH: M 5 = HAIL
GRTST 24HR M ON M 6 = FREEZING RAIN OR DRIZZLE
GRTST DEPTH: M ON M 7 = DUSTSTORM OR SANDSTORM:
VSBY 1/2 MILE OR LESS
8 = SMOKE OR HAZE
[NO. OF DAYS WITH] [WEATHER - DAYS WITH] 9 = BLOWING SNOW
X = TORNADO
MAX 32 OR BELOW: 0 0.01 INCH OR MORE: 0
MAX 90 OR ABOVE: 1 0.10 INCH OR MORE: 0
MIN 32 OR BELOW: 0 0.50 INCH OR MORE: 0
MIN 0 OR BELOW: 0 1.00 INCH OR MORE: 0
[HDD (BASE 65) ]
TOTAL THIS MO. 0 CLEAR (SCALE 0-3) 21
DPTR FM NORMAL 0 PTCLDY (SCALE 4-7) 10
TOTAL FM JUL 1 0 CLOUDY (SCALE 8-10) 0
DPTR FM NORMAL 0
[CDD (BASE 65) ]
TOTAL THIS MO. 238
DPTR FM NORMAL -21 [PRESSURE DATA]
TOTAL FM JAN 1 560 HIGHEST SLP M ON M
DPTR FM NORMAL 13 LOWEST SLP 29.78 ON 22
[REMARKS]
#FINAL-07-22#