000
CXUS52 KJAX 141552
CF6CRG
PRELIMINARY LOCAL CLIMATOLOGICAL DATA (WS FORM: F-6)
STATION: CRAIG EXEC ARPT
MONTH: SEPTEMBER
YEAR: 2022
LATITUDE: 30 19 N
LONGITUDE: 81 31 W
TEMPERATURE IN F: :PCPN: SNOW: WIND :SUNSHINE: SKY :PK WND
================================================================================
1 2 3 4 5 6A 6B 7 8 9 10 11 12 13 14 15 16 17 18
12Z AVG MX 2MIN
DY MAX MIN AVG DEP HDD CDD WTR SNW DPTH SPD SPD DIR MIN PSBL S-S WX SPD DR
================================================================================
1 91 74 83 2 0 18 1.64 0.0 0 2.4 25 190 M M 3 13 36 190
2 89 74 82 1 0 17 0.01 0.0 0 4.0 17 150 M M 1 1 27 170
3 87 76 82 2 0 17 0.64 0.0 0 5.8 16 140 M M 5 1 25 100
4 89 76 83 3 0 18 0.35 0.0 0 4.1 15 140 M M 4 13 21 170
5 92 75 84 4 0 19 0.00 0.0 0 4.7 14 150 M M 2 18 90
6 94 76 85 5 0 20 0.00 0.0 0 4.1 10 310 M M 1 13 14 130
7 95 77 86 6 0 21 0.00 0.0 0 4.9 14 210 M M 2 20 210
8 88 74 81 1 0 16 1.25 0.0 0 3.5 15 60 M M 3 13 22 50
9 88 74 81 1 0 16 0.37 0.0 0 4.8 15 150 M M 4 13 21 150
10 89 75 82 2 0 17 0.69 0.0 0 4.3 16 230 M M 3 13 24 250
11 91 73 82 2 0 17 0.03 0.0 0 3.7 15 150 M M 1 3 20 150
12 91 74 83 4 0 18 0.43 0.0 0 3.5 21 280 M M 3 3 29 270
13 86 74 80 1 0 15 0.02 0.0 0 3.0 9 240 M M 3 13 240
14 88 74 81 2 0 16 0.00 0.0 0 5.5 13 70 M M 1 19 60
15 87 75 81 2 0 16 0.04 0.0 0 8.3 21 50 M M 3 32 50
16 86 77 82 3 0 17 0.00 0.0 0 7.5 21 80 M M 5 32 70
17 87 74 81 2 0 16 1.02 0.0 0 6.1 17 70 M M 5 1 26 80
18 85 74 80 1 0 15 0.35 0.0 0 6.4 15 90 M M 6 1 21 40
19 88 73 81 2 0 16 0.01 0.0 0 6.5 15 60 M M 2 1 20 50
20 88 75 82 4 0 17 0.00 0.0 0 6.2 16 50 M M 3 21 40
21 88 72 80 2 0 15 0.00 0.0 0 6.0 16 60 M M 1 1 24 30
22 94 74 84 6 0 19 0.00 0.0 0 4.9 10 300 M M 0 1 14 330
23 81 74 78 0 0 13 0.00 0.0 0 10.8 20 40 M M 7 31 40
24 86 66 76 -2 0 11 0.00 0.0 0 5.6 16 80 M M 3 24 50
25 89 66 78 1 0 13 0.00 0.0 0 2.9 13 80 M M 1 18 80
26 92 68 80 3 0 15 0.00 0.0 0 4.1 13 150 M M 1 17 150
27 84 73 79 2 0 14 0.00 0.0 0 6.7 14 60 M M 0 20 60
28 79 70 75 -2 0 10 0.37 0.0 0 18.6 31 50 M M 10 1 49 30
29 74 62 68 -9 0 3 1.17 0.0 0 24.4 35 30 M M 10 1 60 40
30 76 61 69 -7 0 4 T 0.0 0 12.8 28 340 M M 8 38 350
================================================================================
SM 2622 2180 0 459 8.39 0.0 196.1 M 101
================================================================================
AV 87.4 72.7 6.5 FASTST M M 3 MAX(MPH)
MISC ----> 35 30 60 40
================================================================================
NOTES:
# LAST OF SEVERAL OCCURRENCES
COLUMN 17 PEAK WIND IN M.P.H.
PRELIMINARY LOCAL CLIMATOLOGICAL DATA (WS FORM: F-6) , PAGE 2
STATION: CRAIG EXEC ARPT
MONTH: SEPTEMBER
YEAR: 2022
LATITUDE: 30 19 N
LONGITUDE: 81 31 W
[TEMPERATURE DATA] [PRECIPITATION DATA] SYMBOLS USED IN COLUMN 16
AVERAGE MONTHLY: 80.0 TOTAL FOR MONTH: 8.39 1 = FOG OR MIST
DPTR FM NORMAL: 1.2 DPTR FM NORMAL: 1.09 2 = FOG REDUCING VISIBILITY
HIGHEST: 95 ON 7 GRTST 24HR 2.00 ON 31- 1 TO 1/4 MILE OR LESS
LOWEST: 61 ON 30 3 = THUNDER
SNOW, ICE PELLETS, HAIL 4 = ICE PELLETS
TOTAL MONTH: 0.0 INCH 5 = HAIL
GRTST 24HR 0.0 6 = FREEZING RAIN OR DRIZZLE
GRTST DEPTH: 0 7 = DUSTSTORM OR SANDSTORM:
VSBY 1/2 MILE OR LESS
8 = SMOKE OR HAZE
[NO. OF DAYS WITH] [WEATHER - DAYS WITH] 9 = BLOWING SNOW
X = TORNADO
MAX 32 OR BELOW: 0 0.01 INCH OR MORE: 16
MAX 90 OR ABOVE: 8 0.10 INCH OR MORE: 11
MIN 32 OR BELOW: 0 0.50 INCH OR MORE: 6
MIN 0 OR BELOW: 0 1.00 INCH OR MORE: 4
[HDD (BASE 65) ]
TOTAL THIS MO. 0 CLEAR (SCALE 0-3) 17
DPTR FM NORMAL 0 PTCLDY (SCALE 4-7) 10
TOTAL FM JUL 1 0 CLOUDY (SCALE 8-10) 3
DPTR FM NORMAL 0
[CDD (BASE 65) ]
TOTAL THIS MO. 459
DPTR FM NORMAL 45 [PRESSURE DATA]
TOTAL FM JAN 1 2915 HIGHEST SLP 30.13 ON 17
DPTR FM NORMAL 478 LOWEST SLP 29.69 ON 30
[REMARKS]
#FINAL-09-22#